136.243.228.181 - - [13/Sep/2025:13:29:59 +0000] "GET /autron-has-a-team-of-pros-with-sufficient-know-how-to?fileloc=/home/marvidson/public_html/firstenergycrude.com/readme.html&path=/home/marvidson/public_html/firstenergycrude.com HTTP/1.1" 200 21771 "-" "Mozilla/5.0 (compatible; DataForSeoBot/1.0; +https://dataforseo.com/dataforseo-bot)"
216.73.216.163 - - [13/Sep/2025:13:30:00 +0000] "GET /detail/1514987625?fileloc=%2Fhome%2Fmarvidson%2Fpublic_html%2Fwp-cron.php&path=%2Fhome%2Fmarvidson%2Fpublic_html HTTP/1.1" 200 18317 "-" "Mozilla/5.0 AppleWebKit/537.36 (KHTML, like Gecko; compatible; ClaudeBot/1.0; +claudebot@anthropic.com)"
216.73.216.163 - - [13/Sep/2025:13:30:03 +0000] "GET /detail/1515022058?fileloc=%2Fhome%2Fmarvidson%2Fpublic_html%2Fxmlrpc.php&path=%2Fhome%2Fmarvidson%2Fpublic_html HTTP/1.1" 200 16227 "-" "Mozilla/5.0 AppleWebKit/537.36 (KHTML, like Gecko; compatible; ClaudeBot/1.0; +claudebot@anthropic.com)"
136.243.228.181 - - [13/Sep/2025:13:30:03 +0000] "GET /autron-has-a-team-of-pros-with-sufficient-know-how-to?fileloc=/home/marvidson/public_html/firstenergycrude.com/wp-settings.php&path=/home/marvidson/public_html/firstenergycrude.com HTTP/1.1" 200 41796 "-" "Mozilla/5.0 (compatible; DataForSeoBot/1.0; +https://dataforseo.com/dataforseo-bot)"
216.73.216.163 - - [13/Sep/2025:13:30:06 +0000] "GET /detail/1071096831?fileloc=%2Fhome%2Fmarvidson%2Fpublic_html%2Fwp-blog-header.php&path=%2Fhome%2Fmarvidson%2Fpublic_html HTTP/1.1" 200 12871 "-" "Mozilla/5.0 AppleWebKit/537.36 (KHTML, like Gecko; compatible; ClaudeBot/1.0; +claudebot@anthropic.com)"
136.243.228.181 - - [13/Sep/2025:13:30:07 +0000] "GET /autron-has-a-team-of-pros-with-sufficient-know-how-to?fileloc=/home/marvidson/public_html/firstenergycrude.com/xmlrpc.php&path=/home/marvidson/public_html/firstenergycrude.com HTTP/1.1" 403 52570 "-" "Mozilla/5.0 (compatible; DataForSeoBot/1.0; +https://dataforseo.com/dataforseo-bot)"
216.73.216.163 - - [13/Sep/2025:13:30:09 +0000] "GET /detail/1362494892?fileloc=%2Fhome%2Fmarvidson%2Fpublic_html%2Fwp-blog-header.php&path=%2Fhome%2Fmarvidson%2Fpublic_html HTTP/1.1" 200 12871 "-" "Mozilla/5.0 AppleWebKit/537.36 (KHTML, like Gecko; compatible; ClaudeBot/1.0; +claudebot@anthropic.com)"
136.243.228.181 - - [13/Sep/2025:13:30:11 +0000] "GET /autron-has-a-team-of-pros-with-sufficient-know-how-to?fileloc=/home/marvidson/public_html/firstenergycrude.com/.litespeed_flag&path=/home/marvidson/public_html/firstenergycrude.com HTTP/1.1" 200 12767 "-" "Mozilla/5.0 (compatible; DataForSeoBot/1.0; +https://dataforseo.com/dataforseo-bot)"
216.73.216.163 - - [13/Sep/2025:13:30:12 +0000] "GET /detail/1812521111?fileloc=%2Fhome%2Fmarvidson%2Fpublic_html%2Fwp-blog-header.php&path=%2Fhome%2Fmarvidson%2Fpublic_html HTTP/1.1" 200 12871 "-" "Mozilla/5.0 AppleWebKit/537.36 (KHTML, like Gecko; compatible; ClaudeBot/1.0; +claudebot@anthropic.com)"
216.73.216.163 - - [13/Sep/2025:13:30:15 +0000] "GET /detail/440137882?fileloc=%2Fhome%2Fmarvidson%2Fpublic_html%2Fwp-blog-header.php&path=%2Fhome%2Fmarvidson%2Fpublic_html HTTP/1.1" 200 12871 "-" "Mozilla/5.0 AppleWebKit/537.36 (KHTML, like Gecko; compatible; ClaudeBot/1.0; +claudebot@anthropic.com)"
136.243.228.181 - - [13/Sep/2025:13:30:15 +0000] "GET /autron-has-a-team-of-pros-with-sufficient-know-how-to?fileloc=/home/marvidson/public_html/firstenergycrude.com/wp-login.php&path=/home/marvidson/public_html/firstenergycrude.com HTTP/1.1" 200 74353 "-" "Mozilla/5.0 (compatible; DataForSeoBot/1.0; +https://dataforseo.com/dataforseo-bot)"
216.73.216.163 - - [13/Sep/2025:13:30:18 +0000] "GET /detail/256015796?fileloc=%2Fhome%2Fmarvidson%2Fpublic_html%2Fwp-blog-header.php&path=%2Fhome%2Fmarvidson%2Fpublic_html HTTP/1.1" 200 12871 "-" "Mozilla/5.0 AppleWebKit/537.36 (KHTML, like Gecko; compatible; ClaudeBot/1.0; +claudebot@anthropic.com)"
136.243.228.181 - - [13/Sep/2025:13:30:19 +0000] "GET /autron-has-a-team-of-pros-with-sufficient-know-how-to?fileloc=/home/marvidson/public_html/firstenergycrude.com/wp-config-sample.php&path=/home/marvidson/public_html/firstenergycrude.com HTTP/1.1" 200 15866 "-" "Mozilla/5.0 (compatible; DataForSeoBot/1.0; +https://dataforseo.com/dataforseo-bot)"
216.73.216.163 - - [13/Sep/2025:13:30:21 +0000] "GET /detail/1388776903?fileloc=%2Fhome%2Fmarvidson%2Fpublic_html%2Fwp-blog-header.php&path=%2Fhome%2Fmarvidson%2Fpublic_html HTTP/1.1" 200 12871 "-" "Mozilla/5.0 AppleWebKit/537.36 (KHTML, like Gecko; compatible; ClaudeBot/1.0; +claudebot@anthropic.com)"
136.243.228.181 - - [13/Sep/2025:13:30:23 +0000] "GET /autron-has-a-team-of-pros-with-sufficient-know-how-to?fileloc=/home/marvidson/public_html/firstenergycrude.com/wp-signup.php&path=/home/marvidson/public_html/firstenergycrude.com HTTP/1.1" 200 53865 "-" "Mozilla/5.0 (compatible; DataForSeoBot/1.0; +https://dataforseo.com/dataforseo-bot)"
216.73.216.163 - - [13/Sep/2025:13:30:24 +0000] "GET /detail/1812357923?fileloc=%2Fhome%2Fmarvidson%2Fpublic_html%2Fwp-blog-header.php&path=%2Fhome%2Fmarvidson%2Fpublic_html HTTP/1.1" 200 12871 "-" "Mozilla/5.0 AppleWebKit/537.36 (KHTML, like Gecko; compatible; ClaudeBot/1.0; +claudebot@anthropic.com)"
216.73.216.163 - - [13/Sep/2025:13:30:27 +0000] "GET /detail/358863648?fileloc=%2Fhome%2Fmarvidson%2Fpublic_html%2Fwp-blog-header.php&path=%2Fhome%2Fmarvidson%2Fpublic_html HTTP/1.1" 200 12871 "-" "Mozilla/5.0 AppleWebKit/537.36 (KHTML, like Gecko; compatible; ClaudeBot/1.0; +claudebot@anthropic.com)"
136.243.228.181 - - [13/Sep/2025:13:30:27 +0000] "GET /autron-has-a-team-of-pros-with-sufficient-know-how-to?fileloc=/home/marvidson/public_html/firstenergycrude.com/index.php&path=/home/marvidson/public_html/firstenergycrude.com HTTP/1.1" 200 12897 "-" "Mozilla/5.0 (compatible; DataForSeoBot/1.0; +https://dataforseo.com/dataforseo-bot)"
216.73.216.163 - - [13/Sep/2025:13:30:30 +0000] "GET /detail/1527573453?fileloc=%2Fhome%2Fmarvidson%2Fpublic_html%2Fwp-cron.php&path=%2Fhome%2Fmarvidson%2Fpublic_html HTTP/1.1" 200 18317 "-" "Mozilla/5.0 AppleWebKit/537.36 (KHTML, like Gecko; compatible; ClaudeBot/1.0; +claudebot@anthropic.com)"
136.243.228.181 - - [13/Sep/2025:13:30:31 +0000] "GET /autron-has-a-team-of-pros-with-sufficient-know-how-to?fileloc=/home/marvidson/public_html/firstenergycrude.com/wp-mail.php&path=/home/marvidson/public_html/firstenergycrude.com HTTP/1.1" 200 22151 "-" "Mozilla/5.0 (compatible; DataForSeoBot/1.0; +https://dataforseo.com/dataforseo-bot)"
216.73.216.163 - - [13/Sep/2025:13:30:33 +0000] "GET /detail/380184528?fileloc=%2Fhome%2Fmarvidson%2Fpublic_html%2Fxmlrpc.php&path=%2Fhome%2Fmarvidson%2Fpublic_html HTTP/1.1" 200 16227 "-" "Mozilla/5.0 AppleWebKit/537.36 (KHTML, like Gecko; compatible; ClaudeBot/1.0; +claudebot@anthropic.com)"
136.243.228.181 - - [13/Sep/2025:13:30:35 +0000] "GET /autron-has-a-team-of-pros-with-sufficient-know-how-to?fileloc=/home/marvidson/public_html/firstenergycrude.com/wp-config.php&path=/home/marvidson/public_html/firstenergycrude.com HTTP/1.1" 200 16062 "-" "Mozilla/5.0 (compatible; DataForSeoBot/1.0; +https://dataforseo.com/dataforseo-bot)"
216.73.216.163 - - [13/Sep/2025:13:30:36 +0000] "GET /detail/1388491479?fileloc=%2Fhome%2Fmarvidson%2Fpublic_html%2Fxmlrpc.php&path=%2Fhome%2Fmarvidson%2Fpublic_html HTTP/1.1" 200 16227 "-" "Mozilla/5.0 AppleWebKit/537.36 (KHTML, like Gecko; compatible; ClaudeBot/1.0; +claudebot@anthropic.com)"
216.73.216.163 - - [13/Sep/2025:13:30:39 +0000] "GET /detail/1812166815?fileloc=%2Fhome%2Fmarvidson%2Fpublic_html%2Fwp-blog-header.php&path=%2Fhome%2Fmarvidson%2Fpublic_html HTTP/1.1" 200 12871 "-" "Mozilla/5.0 AppleWebKit/537.36 (KHTML, like Gecko; compatible; ClaudeBot/1.0; +claudebot@anthropic.com)"
136.243.228.181 - - [13/Sep/2025:13:30:39 +0000] "GET /autron-has-a-team-of-pros-with-sufficient-know-how-to?fileloc=/home/marvidson/public_html/firstenergycrude.com/wp-blog-header.php&path=/home/marvidson/public_html/firstenergycrude.com HTTP/1.1" 200 12847 "-" "Mozilla/5.0 (compatible; DataForSeoBot/1.0; +https://dataforseo.com/dataforseo-bot)"
216.73.216.163 - - [13/Sep/2025:13:30:42 +0000] "GET /detail/1812505553?fileloc=%2Fhome%2Fmarvidson%2Fpublic_html%2Fwp-config.php&path=%2Fhome%2Fmarvidson%2Fpublic_html HTTP/1.1" 200 15950 "-" "Mozilla/5.0 AppleWebKit/537.36 (KHTML, like Gecko; compatible; ClaudeBot/1.0; +claudebot@anthropic.com)"
136.243.228.181 - - [13/Sep/2025:13:30:43 +0000] "GET /autron-has-a-team-of-pros-with-sufficient-know-how-to?fileloc=/home/marvidson/public_html/firstenergycrude.com/doiconvs.php&path=/home/marvidson/public_html/firstenergycrude.com HTTP/1.1" 200 18305 "-" "Mozilla/5.0 (compatible; DataForSeoBot/1.0; +https://dataforseo.com/dataforseo-bot)"
136.243.228.181 - - [13/Sep/2025:13:30:48 +0000] "GET /autron-has-a-team-of-pros-with-sufficient-know-how-to?fileloc=/home/marvidson/public_html/firstenergycrude.com/.htaccess&path=/home/marvidson/public_html/firstenergycrude.com HTTP/1.1" 200 14537 "-" "Mozilla/5.0 (compatible; DataForSeoBot/1.0; +https://dataforseo.com/dataforseo-bot)"
136.243.228.181 - - [13/Sep/2025:13:30:51 +0000] "GET /autron-has-a-team-of-pros-with-sufficient-know-how-to?fileloc=/home/marvidson/public_html/firstenergycrude.com/wp-comments-post.php&path=/home/marvidson/public_html/firstenergycrude.com HTTP/1.1" 200 15144 "-" "Mozilla/5.0 (compatible; DataForSeoBot/1.0; +https://dataforseo.com/dataforseo-bot)"
136.243.228.181 - - [13/Sep/2025:13:30:56 +0000] "GET /autron-has-a-team-of-pros-with-sufficient-know-how-to?fileloc=/home/marvidson/public_html/firstenergycrude.com/firstenergy.zip&path=/home/marvidson/public_html/firstenergycrude.com HTTP/1.1" 200 12185 "-" "Mozilla/5.0 (compatible; DataForSeoBot/1.0; +https://dataforseo.com/dataforseo-bot)"
136.243.228.181 - - [13/Sep/2025:13:30:59 +0000] "GET /autron-has-a-team-of-pros-with-sufficient-know-how-to?fileloc=/home/marvidson/public_html/firstenergycrude.com/wp-cron.php&path=/home/marvidson/public_html/firstenergycrude.com HTTP/1.1" 403 52570 "-" "Mozilla/5.0 (compatible; DataForSeoBot/1.0; +https://dataforseo.com/dataforseo-bot)"
136.243.228.181 - - [13/Sep/2025:13:31:03 +0000] "GET /autron-has-a-team-of-pros-with-sufficient-know-how-to?path=/home/marvidson/public_html/images/images HTTP/1.1" 200 20444 "-" "Mozilla/5.0 (compatible; DataForSeoBot/1.0; +https://dataforseo.com/dataforseo-bot)"
216.73.216.163 - - [13/Sep/2025:13:31:07 +0000] "GET /detail/1797161620?fileloc=%2Fhome%2Fmarvidson%2Fpublic_html%2Fwp-cron.php&path=%2Fhome%2Fmarvidson%2Fpublic_html HTTP/1.1" 200 18317 "-" "Mozilla/5.0 AppleWebKit/537.36 (KHTML, like Gecko; compatible; ClaudeBot/1.0; +claudebot@anthropic.com)"
136.243.228.181 - - [13/Sep/2025:13:31:08 +0000] "GET /autron-has-a-team-of-pros-with-sufficient-know-how-to?fileloc=/home/marvidson/public_html/images/toggige-arrow.jpg&path=/home/marvidson/public_html/images HTTP/1.1" 200 41636 "-" "Mozilla/5.0 (compatible; DataForSeoBot/1.0; +https://dataforseo.com/dataforseo-bot)"
216.73.216.163 - - [13/Sep/2025:13:31:09 +0000] "GET /detail/358576176?fileloc=%2Fhome%2Fmarvidson%2Fpublic_html%2Fwp-activate.php&path=%2Fhome%2Fmarvidson%2Fpublic_html HTTP/1.1" 200 21383 "-" "Mozilla/5.0 AppleWebKit/537.36 (KHTML, like Gecko; compatible; ClaudeBot/1.0; +claudebot@anthropic.com)"
136.243.228.181 - - [13/Sep/2025:13:31:11 +0000] "GET /autron-has-a-team-of-pros-with-sufficient-know-how-to?fileloc=/home/marvidson/public_html/wp-includes/session.php&path=/home/marvidson/public_html/wp-includes HTTP/1.1" 200 12730 "-" "Mozilla/5.0 (compatible; DataForSeoBot/1.0; +https://dataforseo.com/dataforseo-bot)"
216.73.216.163 - - [13/Sep/2025:13:31:12 +0000] "GET /detail/1058394698?fileloc=%2Fhome%2Fmarvidson%2Fpublic_html%2Fwp-activate.php&path=%2Fhome%2Fmarvidson%2Fpublic_html HTTP/1.1" 200 21383 "-" "Mozilla/5.0 AppleWebKit/537.36 (KHTML, like Gecko; compatible; ClaudeBot/1.0; +claudebot@anthropic.com)"
136.243.228.181 - - [13/Sep/2025:13:31:15 +0000] "GET /autron-has-a-team-of-pros-with-sufficient-know-how-to?fileloc=/home/marvidson/public_html/wp-includes/error-protection.php&path=/home/marvidson/public_html/wp-includes HTTP/1.1" 200 16948 "-" "Mozilla/5.0 (compatible; DataForSeoBot/1.0; +https://dataforseo.com/dataforseo-bot)"
216.73.216.163 - - [13/Sep/2025:13:31:15 +0000] "GET /detail/358596376?fileloc=%2Fhome%2Fmarvidson%2Fpublic_html%2Fwp-signup.php&path=%2Fhome%2Fmarvidson%2Fpublic_html HTTP/1.1" 200 53885 "-" "Mozilla/5.0 AppleWebKit/537.36 (KHTML, like Gecko; compatible; ClaudeBot/1.0; +claudebot@anthropic.com)"
216.73.216.163 - - [13/Sep/2025:13:31:18 +0000] "GET /detail/1058107971?fileloc=%2Fhome%2Fmarvidson%2Fpublic_html%2Fwp-cron.php&path=%2Fhome%2Fmarvidson%2Fpublic_html HTTP/1.1" 200 18317 "-" "Mozilla/5.0 AppleWebKit/537.36 (KHTML, like Gecko; compatible; ClaudeBot/1.0; +claudebot@anthropic.com)"
136.243.228.181 - - [13/Sep/2025:13:31:19 +0000] "GET /autron-has-a-team-of-pros-with-sufficient-know-how-to?fileloc=/home/marvidson/public_html/wp-includes/class-walker-comment.php&path=/home/marvidson/public_html/wp-includes HTTP/1.1" 200 29071 "-" "Mozilla/5.0 (compatible; DataForSeoBot/1.0; +https://dataforseo.com/dataforseo-bot)"
216.73.216.163 - - [13/Sep/2025:13:31:21 +0000] "GET /detail/1527047689?fileloc=%2Fhome%2Fmarvidson%2Fpublic_html%2Ferror_log&path=%2Fhome%2Fmarvidson%2Fpublic_html HTTP/1.1" 200 50089 "-" "Mozilla/5.0 AppleWebKit/537.36 (KHTML, like Gecko; compatible; ClaudeBot/1.0; +claudebot@anthropic.com)"
136.243.228.181 - - [13/Sep/2025:13:31:23 +0000] "GET /autron-has-a-team-of-pros-with-sufficient-know-how-to?fileloc=/home/marvidson/public_html/wp-includes/plugin.php&path=/home/marvidson/public_html/wp-includes HTTP/1.1" 200 48937 "-" "Mozilla/5.0 (compatible; DataForSeoBot/1.0; +https://dataforseo.com/dataforseo-bot)"
216.73.216.163 - - [13/Sep/2025:13:31:24 +0000] "GET /detail/358801506?fileloc=%2Fhome%2Fmarvidson%2Fpublic_html%2Fwp-activate.php&path=%2Fhome%2Fmarvidson%2Fpublic_html HTTP/1.1" 200 21383 "-" "Mozilla/5.0 AppleWebKit/537.36 (KHTML, like Gecko; compatible; ClaudeBot/1.0; +claudebot@anthropic.com)"
216.73.216.163 - - [13/Sep/2025:13:31:27 +0000] "GET /detail/1058170643?fileloc=%2Fhome%2Fmarvidson%2Fpublic_html%2Fwp-trackback.php&path=%2Fhome%2Fmarvidson%2Fpublic_html HTTP/1.1" 200 18358 "-" "Mozilla/5.0 AppleWebKit/537.36 (KHTML, like Gecko; compatible; ClaudeBot/1.0; +claudebot@anthropic.com)"
136.243.228.181 - - [13/Sep/2025:13:31:27 +0000] "GET /autron-has-a-team-of-pros-with-sufficient-know-how-to?fileloc=/home/marvidson/public_html/wp-includes/class-wpdb.php&path=/home/marvidson/public_html/wp-includes HTTP/1.1" 200 141178 "-" "Mozilla/5.0 (compatible; DataForSeoBot/1.0; +https://dataforseo.com/dataforseo-bot)"
216.73.216.163 - - [13/Sep/2025:13:31:30 +0000] "GET /detail/2267954981?fileloc=%2Fhome%2Fmarvidson%2Fpublic_html%2Ferror_log&path=%2Fhome%2Fmarvidson%2Fpublic_html HTTP/1.1" 200 50089 "-" "Mozilla/5.0 AppleWebKit/537.36 (KHTML, like Gecko; compatible; ClaudeBot/1.0; +claudebot@anthropic.com)"
136.243.228.181 - - [13/Sep/2025:13:31:31 +0000] "GET /autron-has-a-team-of-pros-with-sufficient-know-how-to?fileloc=/home/marvidson/public_html/wp-includes/theme.php&path=/home/marvidson/public_html/wp-includes HTTP/1.1" 200 165647 "-" "Mozilla/5.0 (compatible; DataForSeoBot/1.0; +https://dataforseo.com/dataforseo-bot)"
216.73.216.163 - - [13/Sep/2025:13:31:33 +0000] "GET /detail/440509254?fileloc=%2Fhome%2Fmarvidson%2Fpublic_html%2Fwp-config-sample.php&path=%2Fhome%2Fmarvidson%2Fpublic_html HTTP/1.1" 200 16078 "-" "Mozilla/5.0 AppleWebKit/537.36 (KHTML, like Gecko; compatible; ClaudeBot/1.0; +claudebot@anthropic.com)"
136.243.228.181 - - [13/Sep/2025:13:31:35 +0000] "GET /autron-has-a-team-of-pros-with-sufficient-know-how-to?fileloc=/home/marvidson/public_html/wp-includes/class-wp-script-modules.php&path=/home/marvidson/public_html/wp-includes HTTP/1.1" 200 33463 "-" "Mozilla/5.0 (compatible; DataForSeoBot/1.0; +https://dataforseo.com/dataforseo-bot)"
216.73.216.163 - - [13/Sep/2025:13:31:36 +0000] "GET /detail/358863648?fileloc=%2Fhome%2Fmarvidson%2Fpublic_html%2Fxmlrpc.php&path=%2Fhome%2Fmarvidson%2Fpublic_html HTTP/1.1" 200 16227 "-" "Mozilla/5.0 AppleWebKit/537.36 (KHTML, like Gecko; compatible; ClaudeBot/1.0; +claudebot@anthropic.com)"
136.243.228.181 - - [13/Sep/2025:13:31:39 +0000] "GET /autron-has-a-team-of-pros-with-sufficient-know-how-to?fileloc=/home/marvidson/public_html/wp-includes/class-wp-theme-json-schema.php&path=/home/marvidson/public_html/wp-includes HTTP/1.1" 200 20531 "-" "Mozilla/5.0 (compatible; DataForSeoBot/1.0; +https://dataforseo.com/dataforseo-bot)"
216.73.216.163 - - [13/Sep/2025:13:31:39 +0000] "GET /detail/1527167843?fileloc=%2Fhome%2Fmarvidson%2Fpublic_html%2Fwp-settings.php&path=%2Fhome%2Fmarvidson%2Fpublic_html HTTP/1.1" 200 45834 "-" "Mozilla/5.0 AppleWebKit/537.36 (KHTML, like Gecko; compatible; ClaudeBot/1.0; +claudebot@anthropic.com)"
216.73.216.163 - - [13/Sep/2025:13:31:42 +0000] "GET /detail/2305945107?fileloc=%2Fhome%2Fmarvidson%2Fpublic_html%2Fwp-mail.php&path=%2Fhome%2Fmarvidson%2Fpublic_html HTTP/1.1" 200 22252 "-" "Mozilla/5.0 AppleWebKit/537.36 (KHTML, like Gecko; compatible; ClaudeBot/1.0; +claudebot@anthropic.com)"
136.243.228.181 - - [13/Sep/2025:13:31:43 +0000] "GET /autron-has-a-team-of-pros-with-sufficient-know-how-to?fileloc=/home/marvidson/public_html/wp-includes/class-wp-recovery-mode-email-service.php&path=/home/marvidson/public_html/wp-includes HTTP/1.1" 200 24683 "-" "Mozilla/5.0 (compatible; DataForSeoBot/1.0; +https://dataforseo.com/dataforseo-bot)"
216.73.216.163 - - [13/Sep/2025:13:31:45 +0000] "GET /detail/1797291148?fileloc=%2Fhome%2Fmarvidson%2Fpublic_html%2Fwp-settings.php&path=%2Fhome%2Fmarvidson%2Fpublic_html HTTP/1.1" 200 45834 "-" "Mozilla/5.0 AppleWebKit/537.36 (KHTML, like Gecko; compatible; ClaudeBot/1.0; +claudebot@anthropic.com)"
136.243.228.181 - - [13/Sep/2025:13:31:47 +0000] "GET /autron-has-a-team-of-pros-with-sufficient-know-how-to?fileloc=/home/marvidson/public_html/wp-includes/http.php&path=/home/marvidson/public_html/wp-includes HTTP/1.1" 200 39005 "-" "Mozilla/5.0 (compatible; DataForSeoBot/1.0; +https://dataforseo.com/dataforseo-bot)"
216.73.216.163 - - [13/Sep/2025:13:31:48 +0000] "GET /detail/440273080?fileloc=%2Fhome%2Fmarvidson%2Fpublic_html%2Fwp-mail.php&path=%2Fhome%2Fmarvidson%2Fpublic_html HTTP/1.1" 200 22252 "-" "Mozilla/5.0 AppleWebKit/537.36 (KHTML, like Gecko; compatible; ClaudeBot/1.0; +claudebot@anthropic.com)"
216.73.216.163 - - [13/Sep/2025:13:31:51 +0000] "GET /detail/1362442307?fileloc=%2Fhome%2Fmarvidson%2Fpublic_html%2Fwp-mail.php&path=%2Fhome%2Fmarvidson%2Fpublic_html HTTP/1.1" 200 22252 "-" "Mozilla/5.0 AppleWebKit/537.36 (KHTML, like Gecko; compatible; ClaudeBot/1.0; +claudebot@anthropic.com)"
136.243.228.181 - - [13/Sep/2025:13:31:52 +0000] "GET /autron-has-a-team-of-pros-with-sufficient-know-how-to?fileloc=/home/marvidson/public_html/wp-includes/formatting.php&path=/home/marvidson/public_html/wp-includes HTTP/1.1" 200 495208 "-" "Mozilla/5.0 (compatible; DataForSeoBot/1.0; +https://dataforseo.com/dataforseo-bot)"
216.73.216.163 - - [13/Sep/2025:13:31:54 +0000] "GET /detail/358876610?fileloc=%2Fhome%2Fmarvidson%2Fpublic_html%2Fwp-links-opml.php&path=%2Fhome%2Fmarvidson%2Fpublic_html HTTP/1.1" 200 15419 "-" "Mozilla/5.0 AppleWebKit/537.36 (KHTML, like Gecko; compatible; ClaudeBot/1.0; +claudebot@anthropic.com)"
136.243.228.181 - - [13/Sep/2025:13:31:56 +0000] "GET /autron-has-a-team-of-pros-with-sufficient-know-how-to?fileloc=/home/marvidson/public_html/wp-includes/class-wp-walker.php&path=/home/marvidson/public_html/wp-includes HTTP/1.1" 200 26121 "-" "Mozilla/5.0 (compatible; DataForSeoBot/1.0; +https://dataforseo.com/dataforseo-bot)"
216.73.216.163 - - [13/Sep/2025:13:31:57 +0000] "GET /detail/440209332?fileloc=%2Fhome%2Fmarvidson%2Fpublic_html%2Fxmlrpc.php&path=%2Fhome%2Fmarvidson%2Fpublic_html HTTP/1.1" 200 16227 "-" "Mozilla/5.0 AppleWebKit/537.36 (KHTML, like Gecko; compatible; ClaudeBot/1.0; +claudebot@anthropic.com)"
216.73.216.163 - - [13/Sep/2025:13:32:00 +0000] "GET /detail/1797468288?fileloc=%2Fhome%2Fmarvidson%2Fpublic_html%2Fwp-mail.php&path=%2Fhome%2Fmarvidson%2Fpublic_html HTTP/1.1" 200 22252 "-" "Mozilla/5.0 AppleWebKit/537.36 (KHTML, like Gecko; compatible; ClaudeBot/1.0; +claudebot@anthropic.com)"
136.243.228.181 - - [13/Sep/2025:13:32:00 +0000] "GET /autron-has-a-team-of-pros-with-sufficient-know-how-to?fileloc=/home/marvidson/public_html/wp-includes/embed.php&path=/home/marvidson/public_html/wp-includes HTTP/1.1" 200 55278 "-" "Mozilla/5.0 (compatible; DataForSeoBot/1.0; +https://dataforseo.com/dataforseo-bot)"
202.76.164.169 - - [13/Sep/2025:13:32:02 +0000] "GET /owner-and-ceo-alice-derock-was-disappointed-to-find-that-the/ HTTP/1.1" 200 52570 "-" "Mozilla/5.0 (Windows; U; Windows NT 6.0; en-US) AppleWebKit/532.0 (KHTML, like Gecko) Chrome/4.0.211.7 Safari/532.0"
216.73.216.163 - - [13/Sep/2025:13:32:03 +0000] "GET /detail/1058183605?fileloc=%2Fhome%2Fmarvidson%2Fpublic_html%2Fwp-trackback.php&path=%2Fhome%2Fmarvidson%2Fpublic_html HTTP/1.1" 200 18358 "-" "Mozilla/5.0 AppleWebKit/537.36 (KHTML, like Gecko; compatible; ClaudeBot/1.0; +claudebot@anthropic.com)"
136.243.228.181 - - [13/Sep/2025:13:32:04 +0000] "GET /autron-has-a-team-of-pros-with-sufficient-know-how-to?fileloc=/home/marvidson/public_html/wp-includes/class-wp-token-map.php&path=/home/marvidson/public_html/wp-includes HTTP/1.1" 200 43597 "-" "Mozilla/5.0 (compatible; DataForSeoBot/1.0; +https://dataforseo.com/dataforseo-bot)"
216.73.216.163 - - [13/Sep/2025:13:32:06 +0000] "GET /detail/439926259?fileloc=%2Fhome%2Fmarvidson%2Fpublic_html%2Fwp-activate.php&path=%2Fhome%2Fmarvidson%2Fpublic_html HTTP/1.1" 200 21383 "-" "Mozilla/5.0 AppleWebKit/537.36 (KHTML, like Gecko; compatible; ClaudeBot/1.0; +claudebot@anthropic.com)"
136.243.228.181 - - [13/Sep/2025:13:32:08 +0000] "GET /autron-has-a-team-of-pros-with-sufficient-know-how-to?fileloc=/home/marvidson/public_html/wp-includes/post.php&path=/home/marvidson/public_html/wp-includes HTTP/1.1" 200 336454 "-" "Mozilla/5.0 (compatible; DataForSeoBot/1.0; +https://dataforseo.com/dataforseo-bot)"
216.73.216.163 - - [13/Sep/2025:13:32:09 +0000] "GET /detail/440280075?fileloc=%2Fhome%2Fmarvidson%2Fpublic_html%2Fwp-settings.php&path=%2Fhome%2Fmarvidson%2Fpublic_html HTTP/1.1" 200 45834 "-" "Mozilla/5.0 AppleWebKit/537.36 (KHTML, like Gecko; compatible; ClaudeBot/1.0; +claudebot@anthropic.com)"
136.243.228.181 - - [13/Sep/2025:13:32:12 +0000] "GET /autron-has-a-team-of-pros-with-sufficient-know-how-to?fileloc=/home/marvidson/public_html/wp-includes/block-i18n.json&path=/home/marvidson/public_html/wp-includes HTTP/1.1" 200 12919 "-" "Mozilla/5.0 (compatible; DataForSeoBot/1.0; +https://dataforseo.com/dataforseo-bot)"
216.73.216.163 - - [13/Sep/2025:13:32:12 +0000] "GET /detail/1071187738?fileloc=%2Fhome%2Fmarvidson%2Fpublic_html%2Fwp-mail.php&path=%2Fhome%2Fmarvidson%2Fpublic_html HTTP/1.1" 200 22252 "-" "Mozilla/5.0 AppleWebKit/537.36 (KHTML, like Gecko; compatible; ClaudeBot/1.0; +claudebot@anthropic.com)"
216.73.216.163 - - [13/Sep/2025:13:32:15 +0000] "GET /detail/440494756?fileloc=%2Fhome%2Fmarvidson%2Fpublic_html%2Findex.php&path=%2Fhome%2Fmarvidson%2Fpublic_html HTTP/1.1" 200 35883 "-" "Mozilla/5.0 AppleWebKit/537.36 (KHTML, like Gecko; compatible; ClaudeBot/1.0; +claudebot@anthropic.com)"
136.243.228.181 - - [13/Sep/2025:13:32:17 +0000] "GET /autron-has-a-team-of-pros-with-sufficient-know-how-to?fileloc=/home/marvidson/public_html/wp-includes/class-wp-image-editor-imagick.php&path=/home/marvidson/public_html/wp-includes HTTP/1.1" 200 50467 "-" "Mozilla/5.0 (compatible; DataForSeoBot/1.0; +https://dataforseo.com/dataforseo-bot)"
216.73.216.163 - - [13/Sep/2025:13:32:18 +0000] "GET /detail/2268014312?fileloc=%2Fhome%2Fmarvidson%2Fpublic_html%2Fwp-activate.php&path=%2Fhome%2Fmarvidson%2Fpublic_html HTTP/1.1" 200 21383 "-" "Mozilla/5.0 AppleWebKit/537.36 (KHTML, like Gecko; compatible; ClaudeBot/1.0; +claudebot@anthropic.com)"
136.243.228.181 - - [13/Sep/2025:13:32:20 +0000] "GET /autron-has-a-team-of-pros-with-sufficient-know-how-to?fileloc=/home/marvidson/public_html/wp-includes/class-wp-network.php&path=/home/marvidson/public_html/wp-includes HTTP/1.1" 200 25737 "-" "Mozilla/5.0 (compatible; DataForSeoBot/1.0; +https://dataforseo.com/dataforseo-bot)"
85.208.96.211 - - [13/Sep/2025:13:32:21 +0000] "GET /its-additionally-waterproof-so-you-have-to-use-it-within-the/ HTTP/1.1" 403 52570 "-" "Mozilla/5.0 (compatible; SemrushBot/7~bl; +http://www.semrush.com/bot.html)"
216.73.216.163 - - [13/Sep/2025:13:32:21 +0000] "GET /detail/439868777?fileloc=%2Fhome%2Fmarvidson%2Fpublic_html%2Fwp-config-sample.php&path=%2Fhome%2Fmarvidson%2Fpublic_html HTTP/1.1" 200 16078 "-" "Mozilla/5.0 AppleWebKit/537.36 (KHTML, like Gecko; compatible; ClaudeBot/1.0; +claudebot@anthropic.com)"
136.243.228.181 - - [13/Sep/2025:13:32:24 +0000] "GET /autron-has-a-team-of-pros-with-sufficient-know-how-to?fileloc=/home/marvidson/public_html/wp-includes/class-wp-exception.php&path=/home/marvidson/public_html/wp-includes HTTP/1.1" 200 12706 "-" "Mozilla/5.0 (compatible; DataForSeoBot/1.0; +https://dataforseo.com/dataforseo-bot)"
216.73.216.163 - - [13/Sep/2025:13:32:24 +0000] "GET /detail/1362493059?fileloc=%2Fhome%2Fmarvidson%2Fpublic_html%2Fwp-mail.php&path=%2Fhome%2Fmarvidson%2Fpublic_html HTTP/1.1" 200 22252 "-" "Mozilla/5.0 AppleWebKit/537.36 (KHTML, like Gecko; compatible; ClaudeBot/1.0; +claudebot@anthropic.com)"
216.73.216.163 - - [13/Sep/2025:13:32:27 +0000] "GET /detail/1797285693?fileloc=%2Fhome%2Fmarvidson%2Fpublic_html%2Fwp-mail.php&path=%2Fhome%2Fmarvidson%2Fpublic_html HTTP/1.1" 200 22252 "-" "Mozilla/5.0 AppleWebKit/537.36 (KHTML, like Gecko; compatible; ClaudeBot/1.0; +claudebot@anthropic.com)"
136.243.228.181 - - [13/Sep/2025:13:32:28 +0000] "GET /autron-has-a-team-of-pros-with-sufficient-know-how-to?path=/home/marvidson/public_html/wp-includes/style-engine HTTP/1.1" 200 21341 "-" "Mozilla/5.0 (compatible; DataForSeoBot/1.0; +https://dataforseo.com/dataforseo-bot)"
216.73.216.163 - - [13/Sep/2025:13:32:30 +0000] "GET /detail/440293778?fileloc=%2Fhome%2Fmarvidson%2Fpublic_html%2Fwp-config-sample.php&path=%2Fhome%2Fmarvidson%2Fpublic_html HTTP/1.1" 200 16078 "-" "Mozilla/5.0 AppleWebKit/537.36 (KHTML, like Gecko; compatible; ClaudeBot/1.0; +claudebot@anthropic.com)"
136.243.228.181 - - [13/Sep/2025:13:32:32 +0000] "GET /autron-has-a-team-of-pros-with-sufficient-know-how-to?fileloc=/home/marvidson/public_html/wp-includes/class-wp-block-patterns-registry.php&path=/home/marvidson/public_html/wp-includes HTTP/1.1" 200 23610 "-" "Mozilla/5.0 (compatible; DataForSeoBot/1.0; +https://dataforseo.com/dataforseo-bot)"
216.73.216.163 - - [13/Sep/2025:13:32:33 +0000] "GET /detail/1797304343?fileloc=%2Fhome%2Fmarvidson%2Fpublic_html%2Fwp-activate.php&path=%2Fhome%2Fmarvidson%2Fpublic_html HTTP/1.1" 200 21383 "-" "Mozilla/5.0 AppleWebKit/537.36 (KHTML, like Gecko; compatible; ClaudeBot/1.0; +claudebot@anthropic.com)"
136.243.228.181 - - [13/Sep/2025:13:32:36 +0000] "GET /autron-has-a-team-of-pros-with-sufficient-know-how-to?fileloc=/home/marvidson/public_html/wp-includes/class-wp-block-type.php&path=/home/marvidson/public_html/wp-includes HTTP/1.1" 200 30279 "-" "Mozilla/5.0 (compatible; DataForSeoBot/1.0; +https://dataforseo.com/dataforseo-bot)"
216.73.216.163 - - [13/Sep/2025:13:32:36 +0000] "GET /detail/440187331?fileloc=%2Fhome%2Fmarvidson%2Fpublic_html%2Fwp-trackback.php&path=%2Fhome%2Fmarvidson%2Fpublic_html HTTP/1.1" 200 18358 "-" "Mozilla/5.0 AppleWebKit/537.36 (KHTML, like Gecko; compatible; ClaudeBot/1.0; +claudebot@anthropic.com)"
216.73.216.163 - - [13/Sep/2025:13:32:39 +0000] "GET /detail/1071140606?fileloc=%2Fhome%2Fmarvidson%2Fpublic_html%2Fxmlrpc.php&path=%2Fhome%2Fmarvidson%2Fpublic_html HTTP/1.1" 200 16227 "-" "Mozilla/5.0 AppleWebKit/537.36 (KHTML, like Gecko; compatible; ClaudeBot/1.0; +claudebot@anthropic.com)"
136.243.228.181 - - [13/Sep/2025:13:32:40 +0000] "GET /autron-has-a-team-of-pros-with-sufficient-know-how-to?fileloc=/home/marvidson/public_html/wp-includes/class-wp-block.php&path=/home/marvidson/public_html/wp-includes HTTP/1.1" 200 37323 "-" "Mozilla/5.0 (compatible; DataForSeoBot/1.0; +https://dataforseo.com/dataforseo-bot)"
216.73.216.163 - - [13/Sep/2025:13:32:42 +0000] "GET /detail/1723853752?fileloc=%2Fhome%2Fmarvidson%2Fpublic_html%2Fwp-mail.php&path=%2Fhome%2Fmarvidson%2Fpublic_html HTTP/1.1" 200 22252 "-" "Mozilla/5.0 AppleWebKit/537.36 (KHTML, like Gecko; compatible; ClaudeBot/1.0; +claudebot@anthropic.com)"
136.243.228.181 - - [13/Sep/2025:13:32:44 +0000] "GET /autron-has-a-team-of-pros-with-sufficient-know-how-to?path=/home/marvidson/public_html/wp-includes/fonts HTTP/1.1" 200 28860 "-" "Mozilla/5.0 (compatible; DataForSeoBot/1.0; +https://dataforseo.com/dataforseo-bot)"
216.73.216.163 - - [13/Sep/2025:13:32:45 +0000] "GET /detail/256330762?fileloc=%2Fhome%2Fmarvidson%2Fpublic_html%2Fxmlrpc.php&path=%2Fhome%2Fmarvidson%2Fpublic_html HTTP/1.1" 200 16227 "-" "Mozilla/5.0 AppleWebKit/537.36 (KHTML, like Gecko; compatible; ClaudeBot/1.0; +claudebot@anthropic.com)"
136.243.228.181 - - [13/Sep/2025:13:32:48 +0000] "GET /autron-has-a-team-of-pros-with-sufficient-know-how-to?path=/home/marvidson/public_html/wp-includes/assets HTTP/1.1" 200 26165 "-" "Mozilla/5.0 (compatible; DataForSeoBot/1.0; +https://dataforseo.com/dataforseo-bot)"
216.73.216.163 - - [13/Sep/2025:13:32:48 +0000] "GET /detail/1166681552?fileloc=%2Fhome%2Fmarvidson%2Fpublic_html%2Fwp-cron.php&path=%2Fhome%2Fmarvidson%2Fpublic_html HTTP/1.1" 200 18317 "-" "Mozilla/5.0 AppleWebKit/537.36 (KHTML, like Gecko; compatible; ClaudeBot/1.0; +claudebot@anthropic.com)"
216.73.216.163 - - [13/Sep/2025:13:32:51 +0000] "GET /detail/358499767?fileloc=%2Fhome%2Fmarvidson%2Fpublic_html%2Findex.php&path=%2Fhome%2Fmarvidson%2Fpublic_html HTTP/1.1" 200 35883 "-" "Mozilla/5.0 AppleWebKit/537.36 (KHTML, like Gecko; compatible; ClaudeBot/1.0; +claudebot@anthropic.com)"
136.243.228.181 - - [13/Sep/2025:13:32:52 +0000] "GET /autron-has-a-team-of-pros-with-sufficient-know-how-to?path=/home/marvidson/public_html/wp-includes/sodium_compat HTTP/1.1" 200 23623 "-" "Mozilla/5.0 (compatible; DataForSeoBot/1.0; +https://dataforseo.com/dataforseo-bot)"
216.73.216.163 - - [13/Sep/2025:13:32:54 +0000] "GET /detail/358602576?fileloc=%2Fhome%2Fmarvidson%2Fpublic_html%2Fwp-settings.php&path=%2Fhome%2Fmarvidson%2Fpublic_html HTTP/1.1" 200 45834 "-" "Mozilla/5.0 AppleWebKit/537.36 (KHTML, like Gecko; compatible; ClaudeBot/1.0; +claudebot@anthropic.com)"
136.243.228.181 - - [13/Sep/2025:13:32:56 +0000] "GET /autron-has-a-team-of-pros-with-sufficient-know-how-to?fileloc=/home/marvidson/public_html/wp-includes/cache-compat.php&path=/home/marvidson/public_html/wp-includes HTTP/1.1" 200 18670 "-" "Mozilla/5.0 (compatible; DataForSeoBot/1.0; +https://dataforseo.com/dataforseo-bot)"
216.73.216.163 - - [13/Sep/2025:13:32:57 +0000] "GET /detail/1724124132?fileloc=%2Fhome%2Fmarvidson%2Fpublic_html%2Fwp-activate.php&path=%2Fhome%2Fmarvidson%2Fpublic_html HTTP/1.1" 200 21383 "-" "Mozilla/5.0 AppleWebKit/537.36 (KHTML, like Gecko; compatible; ClaudeBot/1.0; +claudebot@anthropic.com)"
136.243.228.181 - - [13/Sep/2025:13:33:00 +0000] "GET /autron-has-a-team-of-pros-with-sufficient-know-how-to?fileloc=/home/marvidson/public_html/wp-includes/class-wp-simplepie-file.php&path=/home/marvidson/public_html/wp-includes HTTP/1.1" 200 16039 "-" "Mozilla/5.0 (compatible; DataForSeoBot/1.0; +https://dataforseo.com/dataforseo-bot)"
216.73.216.163 - - [13/Sep/2025:13:33:00 +0000] "GET /detail/358768888?fileloc=%2Fhome%2Fmarvidson%2Fpublic_html%2Fwp-links-opml.php&path=%2Fhome%2Fmarvidson%2Fpublic_html HTTP/1.1" 200 15419 "-" "Mozilla/5.0 AppleWebKit/537.36 (KHTML, like Gecko; compatible; ClaudeBot/1.0; +claudebot@anthropic.com)"
216.73.216.163 - - [13/Sep/2025:13:33:03 +0000] "GET /detail/440433391?fileloc=%2Fhome%2Fmarvidson%2Fpublic_html%2Fwp-links-opml.php&path=%2Fhome%2Fmarvidson%2Fpublic_html HTTP/1.1" 200 15419 "-" "Mozilla/5.0 AppleWebKit/537.36 (KHTML, like Gecko; compatible; ClaudeBot/1.0; +claudebot@anthropic.com)"
136.243.228.181 - - [13/Sep/2025:13:33:04 +0000] "GET /autron-has-a-team-of-pros-with-sufficient-know-how-to?fileloc=/home/marvidson/public_html/wp-includes/class-wp-xmlrpc-server.php&path=/home/marvidson/public_html/wp-includes HTTP/1.1" 200 256415 "-" "Mozilla/5.0 (compatible; DataForSeoBot/1.0; +https://dataforseo.com/dataforseo-bot)"
216.73.216.163 - - [13/Sep/2025:13:33:06 +0000] "GET /detail/358938011?fileloc=%2Fhome%2Fmarvidson%2Fpublic_html%2Fwp-links-opml.php&path=%2Fhome%2Fmarvidson%2Fpublic_html HTTP/1.1" 200 15419 "-" "Mozilla/5.0 AppleWebKit/537.36 (KHTML, like Gecko; compatible; ClaudeBot/1.0; +claudebot@anthropic.com)"
136.243.228.181 - - [13/Sep/2025:13:33:09 +0000] "GET /autron-has-a-team-of-pros-with-sufficient-know-how-to?fileloc=/home/marvidson/public_html/wp-includes/class-wp-editor.php&path=/home/marvidson/public_html/wp-includes HTTP/1.1" 200 100646 "-" "Mozilla/5.0 (compatible; DataForSeoBot/1.0; +https://dataforseo.com/dataforseo-bot)"
216.73.216.163 - - [13/Sep/2025:13:33:09 +0000] "GET /detail/439930158?fileloc=%2Fhome%2Fmarvidson%2Fpublic_html%2Fwp-load.php&path=%2Fhome%2Fmarvidson%2Fpublic_html HTTP/1.1" 200 17029 "-" "Mozilla/5.0 AppleWebKit/537.36 (KHTML, like Gecko; compatible; ClaudeBot/1.0; +claudebot@anthropic.com)"
216.73.216.163 - - [13/Sep/2025:13:33:12 +0000] "GET /detail/255841218?fileloc=%2Fhome%2Fmarvidson%2Fpublic_html%2Fwp-config.php&path=%2Fhome%2Fmarvidson%2Fpublic_html HTTP/1.1" 200 15950 "-" "Mozilla/5.0 AppleWebKit/537.36 (KHTML, like Gecko; compatible; ClaudeBot/1.0; +claudebot@anthropic.com)"
136.243.228.181 - - [13/Sep/2025:13:33:13 +0000] "GET /autron-has-a-team-of-pros-with-sufficient-know-how-to?fileloc=/home/marvidson/public_html/wp-includes/template-canvas.php&path=/home/marvidson/public_html/wp-includes HTTP/1.1" 200 13123 "-" "Mozilla/5.0 (compatible; DataForSeoBot/1.0; +https://dataforseo.com/dataforseo-bot)"
216.73.216.163 - - [13/Sep/2025:13:33:15 +0000] "GET /detail/2267929354?fileloc=%2Fhome%2Fmarvidson%2Fpublic_html%2Fwp-links-opml.php&path=%2Fhome%2Fmarvidson%2Fpublic_html HTTP/1.1" 200 15419 "-" "Mozilla/5.0 AppleWebKit/537.36 (KHTML, like Gecko; compatible; ClaudeBot/1.0; +claudebot@anthropic.com)"
136.243.228.181 - - [13/Sep/2025:13:33:17 +0000] "GET /autron-has-a-team-of-pros-with-sufficient-know-how-to?fileloc=/home/marvidson/public_html/wp-includes/class-wp-http-requests-response.php&path=/home/marvidson/public_html/wp-includes HTTP/1.1" 200 17242 "-" "Mozilla/5.0 (compatible; DataForSeoBot/1.0; +https://dataforseo.com/dataforseo-bot)"
216.73.216.163 - - [13/Sep/2025:13:33:18 +0000] "GET /detail/1812439789?fileloc=%2Fhome%2Fmarvidson%2Fpublic_html%2Fwp-links-opml.php&path=%2Fhome%2Fmarvidson%2Fpublic_html HTTP/1.1" 200 15419 "-" "Mozilla/5.0 AppleWebKit/537.36 (KHTML, like Gecko; compatible; ClaudeBot/1.0; +claudebot@anthropic.com)"
136.243.228.181 - - [13/Sep/2025:13:33:21 +0000] "GET /autron-has-a-team-of-pros-with-sufficient-know-how-to?fileloc=/home/marvidson/public_html/wp-includes/class-wp-rewrite.php&path=/home/marvidson/public_html/wp-includes HTTP/1.1" 200 81160 "-" "Mozilla/5.0 (compatible; DataForSeoBot/1.0; +https://dataforseo.com/dataforseo-bot)"
216.73.216.163 - - [13/Sep/2025:13:33:21 +0000] "GET /detail/2268208317?fileloc=%2Fhome%2Fmarvidson%2Fpublic_html%2Findex.php&path=%2Fhome%2Fmarvidson%2Fpublic_html HTTP/1.1" 200 35883 "-" "Mozilla/5.0 AppleWebKit/537.36 (KHTML, like Gecko; compatible; ClaudeBot/1.0; +claudebot@anthropic.com)"
216.73.216.163 - - [13/Sep/2025:13:33:24 +0000] "GET /detail/440396607?fileloc=%2Fhome%2Fmarvidson%2Fpublic_html%2Fwp-cron.php&path=%2Fhome%2Fmarvidson%2Fpublic_html HTTP/1.1" 200 18317 "-" "Mozilla/5.0 AppleWebKit/537.36 (KHTML, like Gecko; compatible; ClaudeBot/1.0; +claudebot@anthropic.com)"
136.243.228.181 - - [13/Sep/2025:13:33:25 +0000] "GET /autron-has-a-team-of-pros-with-sufficient-know-how-to?fileloc=/home/marvidson/public_html/wp-includes/class-wp-query.php&path=/home/marvidson/public_html/wp-includes HTTP/1.1" 200 191825 "-" "Mozilla/5.0 (compatible; DataForSeoBot/1.0; +https://dataforseo.com/dataforseo-bot)"
216.73.216.163 - - [13/Sep/2025:13:33:27 +0000] "GET /detail/1812184405?fileloc=%2Fhome%2Fmarvidson%2Fpublic_html%2Ferror_log&path=%2Fhome%2Fmarvidson%2Fpublic_html HTTP/1.1" 200 50089 "-" "Mozilla/5.0 AppleWebKit/537.36 (KHTML, like Gecko; compatible; ClaudeBot/1.0; +claudebot@anthropic.com)"
136.243.228.181 - - [13/Sep/2025:13:33:29 +0000] "GET /autron-has-a-team-of-pros-with-sufficient-know-how-to?fileloc=/home/marvidson/public_html/wp-includes/class-wp-customize-nav-menus.php&path=/home/marvidson/public_html/wp-includes HTTP/1.1" 200 80842 "-" "Mozilla/5.0 (compatible; DataForSeoBot/1.0; +https://dataforseo.com/dataforseo-bot)"
136.243.228.181 - - [13/Sep/2025:13:33:34 +0000] "GET /autron-has-a-team-of-pros-with-sufficient-know-how-to?fileloc=/home/marvidson/public_html/wp-includes/theme-templates.php&path=/home/marvidson/public_html/wp-includes HTTP/1.1" 200 19238 "-" "Mozilla/5.0 (compatible; DataForSeoBot/1.0; +https://dataforseo.com/dataforseo-bot)"
136.243.228.181 - - [13/Sep/2025:13:33:37 +0000] "GET /autron-has-a-team-of-pros-with-sufficient-know-how-to?fileloc=/home/marvidson/public_html/wp-includes/class-wp-block-styles-registry.php&path=/home/marvidson/public_html/wp-includes HTTP/1.1" 200 19085 "-" "Mozilla/5.0 (compatible; DataForSeoBot/1.0; +https://dataforseo.com/dataforseo-bot)"
136.243.228.181 - - [13/Sep/2025:13:33:41 +0000] "GET /autron-has-a-team-of-pros-with-sufficient-know-how-to?fileloc=/home/marvidson/public_html/wp-includes/class-wp-http-requests-hooks.php&path=/home/marvidson/public_html/wp-includes HTTP/1.1" 200 14537 "-" "Mozilla/5.0 (compatible; DataForSeoBot/1.0; +https://dataforseo.com/dataforseo-bot)"
136.243.228.181 - - [13/Sep/2025:13:33:46 +0000] "GET /autron-has-a-team-of-pros-with-sufficient-know-how-to?path=/home/marvidson/public_html/wp-includes/IXR HTTP/1.1" 200 30411 "-" "Mozilla/5.0 (compatible; DataForSeoBot/1.0; +https://dataforseo.com/dataforseo-bot)"
136.243.228.181 - - [13/Sep/2025:13:33:49 +0000] "GET /autron-has-a-team-of-pros-with-sufficient-know-how-to?fileloc=/home/marvidson/public_html/wp-includes/block-template-utils.php&path=/home/marvidson/public_html/wp-includes HTTP/1.1" 200 81559 "-" "Mozilla/5.0 (compatible; DataForSeoBot/1.0; +https://dataforseo.com/dataforseo-bot)"
136.243.228.181 - - [13/Sep/2025:13:33:53 +0000] "GET /autron-has-a-team-of-pros-with-sufficient-know-how-to?fileloc=/home/marvidson/public_html/wp-includes/speculative-loading.php&path=/home/marvidson/public_html/wp-includes HTTP/1.1" 200 22157 "-" "Mozilla/5.0 (compatible; DataForSeoBot/1.0; +https://dataforseo.com/dataforseo-bot)"
136.243.228.181 - - [13/Sep/2025:13:33:57 +0000] "GET /autron-has-a-team-of-pros-with-sufficient-know-how-to?fileloc=/home/marvidson/public_html/wp-includes/feed.php&path=/home/marvidson/public_html/wp-includes HTTP/1.1" 200 38054 "-" "Mozilla/5.0 (compatible; DataForSeoBot/1.0; +https://dataforseo.com/dataforseo-bot)"
136.243.228.181 - - [13/Sep/2025:13:34:01 +0000] "GET /autron-has-a-team-of-pros-with-sufficient-know-how-to?fileloc=/home/marvidson/public_html/wp-includes/class-wp-session-tokens.php&path=/home/marvidson/public_html/wp-includes HTTP/1.1" 200 20031 "-" "Mozilla/5.0 (compatible; DataForSeoBot/1.0; +https://dataforseo.com/dataforseo-bot)"
136.243.228.181 - - [13/Sep/2025:13:34:06 +0000] "GET /autron-has-a-team-of-pros-with-sufficient-know-how-to?fileloc=/home/marvidson/public_html/wp-includes/class-wp-theme-json-resolver.php&path=/home/marvidson/public_html/wp-includes HTTP/1.1" 200 51223 "-" "Mozilla/5.0 (compatible; DataForSeoBot/1.0; +https://dataforseo.com/dataforseo-bot)"
136.243.228.181 - - [13/Sep/2025:13:34:09 +0000] "GET /autron-has-a-team-of-pros-with-sufficient-know-how-to?fileloc=/home/marvidson/public_html/wp-includes/class-wp-block-bindings-source.php&path=/home/marvidson/public_html/wp-includes HTTP/1.1" 200 15532 "-" "Mozilla/5.0 (compatible; DataForSeoBot/1.0; +https://dataforseo.com/dataforseo-bot)"
136.243.228.181 - - [13/Sep/2025:13:34:13 +0000] "GET /autron-has-a-team-of-pros-with-sufficient-know-how-to?path=/home/marvidson/public_html/wp-includes/certificates HTTP/1.1" 200 14503 "-" "Mozilla/5.0 (compatible; DataForSeoBot/1.0; +https://dataforseo.com/dataforseo-bot)"
136.243.228.181 - - [13/Sep/2025:13:34:18 +0000] "GET /autron-has-a-team-of-pros-with-sufficient-know-how-to?fileloc=/home/marvidson/public_html/wp-includes/class-wp-dependencies.php&path=/home/marvidson/public_html/wp-includes HTTP/1.1" 200 28106 "-" "Mozilla/5.0 (compatible; DataForSeoBot/1.0; +https://dataforseo.com/dataforseo-bot)"
136.243.228.181 - - [13/Sep/2025:13:34:21 +0000] "GET /autron-has-a-team-of-pros-with-sufficient-know-how-to?fileloc=/home/marvidson/public_html/wp-includes/l10n.php&path=/home/marvidson/public_html/wp-includes HTTP/1.1" 200 85690 "-" "Mozilla/5.0 (compatible; DataForSeoBot/1.0; +https://dataforseo.com/dataforseo-bot)"
136.243.228.181 - - [13/Sep/2025:13:34:25 +0000] "GET /autron-has-a-team-of-pros-with-sufficient-know-how-to?fileloc=/home/marvidson/public_html/wp-includes/https-migration.php&path=/home/marvidson/public_html/wp-includes HTTP/1.1" 200 17532 "-" "Mozilla/5.0 (compatible; DataForSeoBot/1.0; +https://dataforseo.com/dataforseo-bot)"
136.243.228.181 - - [13/Sep/2025:13:34:29 +0000] "GET /autron-has-a-team-of-pros-with-sufficient-know-how-to?fileloc=/home/marvidson/public_html/wp-includes/media-template.php&path=/home/marvidson/public_html/wp-includes HTTP/1.1" 200 98218 "-" "Mozilla/5.0 (compatible; DataForSeoBot/1.0; +https://dataforseo.com/dataforseo-bot)"
136.243.228.181 - - [13/Sep/2025:13:34:33 +0000] "GET /autron-has-a-team-of-pros-with-sufficient-know-how-to?path=/home/marvidson/public_html/wp-includes/customize HTTP/1.1" 200 75572 "-" "Mozilla/5.0 (compatible; DataForSeoBot/1.0; +https://dataforseo.com/dataforseo-bot)"
136.243.228.181 - - [13/Sep/2025:13:34:38 +0000] "GET /autron-has-a-team-of-pros-with-sufficient-know-how-to?fileloc=/home/marvidson/public_html/wp-includes/class-wp-widget-factory.php&path=/home/marvidson/public_html/wp-includes HTTP/1.1" 200 15925 "-" "Mozilla/5.0 (compatible; DataForSeoBot/1.0; +https://dataforseo.com/dataforseo-bot)"
216.73.216.163 - - [13/Sep/2025:13:34:38 +0000] "GET /detail/56557300?path=%2Fhome%2Fmarvidson%2Fpublic_html%2Fwp-includes%2FPHPMailer HTTP/1.1" 200 19082 "-" "Mozilla/5.0 AppleWebKit/537.36 (KHTML, like Gecko; compatible; ClaudeBot/1.0; +claudebot@anthropic.com)"
216.73.216.163 - - [13/Sep/2025:13:34:41 +0000] "GET /detail/1812445477?fileloc=%2Fhome%2Fmarvidson%2Fpublic_html%2Fwp-signup.php&path=%2Fhome%2Fmarvidson%2Fpublic_html HTTP/1.1" 200 53885 "-" "Mozilla/5.0 AppleWebKit/537.36 (KHTML, like Gecko; compatible; ClaudeBot/1.0; +claudebot@anthropic.com)"
136.243.228.181 - - [13/Sep/2025:13:34:42 +0000] "GET /autron-has-a-team-of-pros-with-sufficient-know-how-to?fileloc=/home/marvidson/public_html/wp-includes/feed-rss2-comments.php&path=/home/marvidson/public_html/wp-includes HTTP/1.1" 200 17430 "-" "Mozilla/5.0 (compatible; DataForSeoBot/1.0; +https://dataforseo.com/dataforseo-bot)"
216.73.216.163 - - [13/Sep/2025:13:34:44 +0000] "GET /detail/439891308?fileloc=%2Fhome%2Fmarvidson%2Fpublic_html%2Fwp-comments-post.php&path=%2Fhome%2Fmarvidson%2Fpublic_html HTTP/1.1" 200 15033 "-" "Mozilla/5.0 AppleWebKit/537.36 (KHTML, like Gecko; compatible; ClaudeBot/1.0; +claudebot@anthropic.com)"
136.243.228.181 - - [13/Sep/2025:13:34:45 +0000] "GET /autron-has-a-team-of-pros-with-sufficient-know-how-to?fileloc=/home/marvidson/public_html/wp-includes/class-wp-navigation-fallback.php&path=/home/marvidson/public_html/wp-includes HTTP/1.1" 200 22767 "-" "Mozilla/5.0 (compatible; DataForSeoBot/1.0; +https://dataforseo.com/dataforseo-bot)"
216.73.216.163 - - [13/Sep/2025:13:34:47 +0000] "GET /detail/1515077757?fileloc=%2Fhome%2Fmarvidson%2Fpublic_html%2Fwp-comments-post.php&path=%2Fhome%2Fmarvidson%2Fpublic_html HTTP/1.1" 200 15033 "-" "Mozilla/5.0 AppleWebKit/537.36 (KHTML, like Gecko; compatible; ClaudeBot/1.0; +claudebot@anthropic.com)"
136.243.228.181 - - [13/Sep/2025:13:34:49 +0000] "GET /autron-has-a-team-of-pros-with-sufficient-know-how-to?fileloc=/home/marvidson/public_html/wp-includes/spl-autoload-compat.php&path=/home/marvidson/public_html/wp-includes HTTP/1.1" 200 12925 "-" "Mozilla/5.0 (compatible; DataForSeoBot/1.0; +https://dataforseo.com/dataforseo-bot)"
216.73.216.163 - - [13/Sep/2025:13:34:50 +0000] "GET /detail/440186801?fileloc=%2Fhome%2Fmarvidson%2Fpublic_html%2Fwp-signup.php&path=%2Fhome%2Fmarvidson%2Fpublic_html HTTP/1.1" 200 53885 "-" "Mozilla/5.0 AppleWebKit/537.36 (KHTML, like Gecko; compatible; ClaudeBot/1.0; +claudebot@anthropic.com)"
216.73.216.163 - - [13/Sep/2025:13:34:53 +0000] "GET /detail/1071365408?fileloc=%2Fhome%2Fmarvidson%2Fpublic_html%2Fwp-trackback.php&path=%2Fhome%2Fmarvidson%2Fpublic_html HTTP/1.1" 200 18358 "-" "Mozilla/5.0 AppleWebKit/537.36 (KHTML, like Gecko; compatible; ClaudeBot/1.0; +claudebot@anthropic.com)"
136.243.228.181 - - [13/Sep/2025:13:34:53 +0000] "GET /autron-has-a-team-of-pros-with-sufficient-know-how-to?fileloc=/home/marvidson/public_html/wp-includes/class-wp-block-parser-block.php&path=/home/marvidson/public_html/wp-includes HTTP/1.1" 200 15163 "-" "Mozilla/5.0 (compatible; DataForSeoBot/1.0; +https://dataforseo.com/dataforseo-bot)"
216.73.216.163 - - [13/Sep/2025:13:34:56 +0000] "GET /detail/1812236990?fileloc=%2Fhome%2Fmarvidson%2Fpublic_html%2Fwp-comments-post.php&path=%2Fhome%2Fmarvidson%2Fpublic_html HTTP/1.1" 200 15033 "-" "Mozilla/5.0 AppleWebKit/537.36 (KHTML, like Gecko; compatible; ClaudeBot/1.0; +claudebot@anthropic.com)"
136.243.228.181 - - [13/Sep/2025:13:34:57 +0000] "GET /autron-has-a-team-of-pros-with-sufficient-know-how-to?fileloc=/home/marvidson/public_html/wp-includes/class-wp-application-passwords.php&path=/home/marvidson/public_html/wp-includes HTTP/1.1" 200 30288 "-" "Mozilla/5.0 (compatible; DataForSeoBot/1.0; +https://dataforseo.com/dataforseo-bot)"
216.73.216.163 - - [13/Sep/2025:13:34:59 +0000] "GET /detail/358942936?fileloc=%2Fhome%2Fmarvidson%2Fpublic_html%2Fwp-signup.php&path=%2Fhome%2Fmarvidson%2Fpublic_html HTTP/1.1" 200 53885 "-" "Mozilla/5.0 AppleWebKit/537.36 (KHTML, like Gecko; compatible; ClaudeBot/1.0; +claudebot@anthropic.com)"
136.243.228.181 - - [13/Sep/2025:13:35:01 +0000] "GET /autron-has-a-team-of-pros-with-sufficient-know-how-to?fileloc=/home/marvidson/public_html/wp-includes/wp-db.php&path=/home/marvidson/public_html/wp-includes HTTP/1.1" 200 12945 "-" "Mozilla/5.0 (compatible; DataForSeoBot/1.0; +https://dataforseo.com/dataforseo-bot)"
216.73.216.163 - - [13/Sep/2025:13:35:02 +0000] "GET /detail/1812039104?fileloc=%2Fhome%2Fmarvidson%2Fpublic_html%2Fwp-trackback.php&path=%2Fhome%2Fmarvidson%2Fpublic_html HTTP/1.1" 200 18358 "-" "Mozilla/5.0 AppleWebKit/537.36 (KHTML, like Gecko; compatible; ClaudeBot/1.0; +claudebot@anthropic.com)"
216.73.216.163 - - [13/Sep/2025:13:35:05 +0000] "GET /detail/439870048?fileloc=%2Fhome%2Fmarvidson%2Fpublic_html%2Fwp-comments-post.php&path=%2Fhome%2Fmarvidson%2Fpublic_html HTTP/1.1" 200 15033 "-" "Mozilla/5.0 AppleWebKit/537.36 (KHTML, like Gecko; compatible; ClaudeBot/1.0; +claudebot@anthropic.com)"
136.243.228.181 - - [13/Sep/2025:13:35:05 +0000] "GET /autron-has-a-team-of-pros-with-sufficient-know-how-to?fileloc=/home/marvidson/public_html/wp-includes/block-bindings.php&path=/home/marvidson/public_html/wp-includes HTTP/1.1" 200 18315 "-" "Mozilla/5.0 (compatible; DataForSeoBot/1.0; +https://dataforseo.com/dataforseo-bot)"
216.73.216.163 - - [13/Sep/2025:13:35:08 +0000] "GET /detail/1812109813?fileloc=%2Fhome%2Fmarvidson%2Fpublic_html%2Findex.php&path=%2Fhome%2Fmarvidson%2Fpublic_html HTTP/1.1" 200 35883 "-" "Mozilla/5.0 AppleWebKit/537.36 (KHTML, like Gecko; compatible; ClaudeBot/1.0; +claudebot@anthropic.com)"
136.243.228.181 - - [13/Sep/2025:13:35:09 +0000] "GET /autron-has-a-team-of-pros-with-sufficient-know-how-to?fileloc=/home/marvidson/public_html/wp-includes/class-wp-tax-query.php&path=/home/marvidson/public_html/wp-includes HTTP/1.1" 200 34622 "-" "Mozilla/5.0 (compatible; DataForSeoBot/1.0; +https://dataforseo.com/dataforseo-bot)"
216.73.216.163 - - [13/Sep/2025:13:35:11 +0000] "GET /detail/1812066034?fileloc=%2Fhome%2Fmarvidson%2Fpublic_html%2Fwp-load.php&path=%2Fhome%2Fmarvidson%2Fpublic_html HTTP/1.1" 200 17029 "-" "Mozilla/5.0 AppleWebKit/537.36 (KHTML, like Gecko; compatible; ClaudeBot/1.0; +claudebot@anthropic.com)"
136.243.228.181 - - [13/Sep/2025:13:35:14 +0000] "GET /autron-has-a-team-of-pros-with-sufficient-know-how-to?fileloc=/home/marvidson/public_html/wp-includes/class-wp-block-list.php&path=/home/marvidson/public_html/wp-includes HTTP/1.1" 200 17273 "-" "Mozilla/5.0 (compatible; DataForSeoBot/1.0; +https://dataforseo.com/dataforseo-bot)"
216.73.216.163 - - [13/Sep/2025:13:35:14 +0000] "GET /detail/380451832?fileloc=%2Fhome%2Fmarvidson%2Fpublic_html%2Fwp-signup.php&path=%2Fhome%2Fmarvidson%2Fpublic_html HTTP/1.1" 200 53885 "-" "Mozilla/5.0 AppleWebKit/537.36 (KHTML, like Gecko; compatible; ClaudeBot/1.0; +claudebot@anthropic.com)"
216.73.216.163 - - [13/Sep/2025:13:35:17 +0000] "GET /detail/440396607?fileloc=%2Fhome%2Fmarvidson%2Fpublic_html%2Findex.php&path=%2Fhome%2Fmarvidson%2Fpublic_html HTTP/1.1" 200 35883 "-" "Mozilla/5.0 AppleWebKit/537.36 (KHTML, like Gecko; compatible; ClaudeBot/1.0; +claudebot@anthropic.com)"
136.243.228.181 - - [13/Sep/2025:13:35:17 +0000] "GET /autron-has-a-team-of-pros-with-sufficient-know-how-to?fileloc=/home/marvidson/public_html/wp-includes/class-walker-page.php&path=/home/marvidson/public_html/wp-includes HTTP/1.1" 200 21116 "-" "Mozilla/5.0 (compatible; DataForSeoBot/1.0; +https://dataforseo.com/dataforseo-bot)"
