216.73.216.163 - - [13/Sep/2025:13:25:11 +0000] "GET /im-a-full-time-author-and-intercourse-educator-who-has-tested?fileloc=%2F%2Frun%2Frestartsrv_httpd&path=%2F%2Frun HTTP/1.1" 200 12231 "-" "Mozilla/5.0 AppleWebKit/537.36 (KHTML, like Gecko; compatible; ClaudeBot/1.0; +claudebot@anthropic.com)"
136.243.228.181 - - [13/Sep/2025:13:25:14 +0000] "GET /autron-has-a-team-of-pros-with-sufficient-know-how-to?fileloc=/home/marvidson/public_html/wp-admin/theme-editor.php&path=/home/marvidson/public_html/wp-admin HTTP/1.1" 200 33232 "-" "Mozilla/5.0 (compatible; DataForSeoBot/1.0; +https://dataforseo.com/dataforseo-bot)"
216.73.216.163 - - [13/Sep/2025:13:25:14 +0000] "GET /she-had-recently-warned-followers-on-social-media-to-not-throw/feed?fileloc=%2F%2Frun%2Fagetty.reload&path=%2F%2Frun HTTP/1.1" 200 12228 "-" "Mozilla/5.0 AppleWebKit/537.36 (KHTML, like Gecko; compatible; ClaudeBot/1.0; +claudebot@anthropic.com)"
136.243.228.181 - - [13/Sep/2025:13:25:17 +0000] "GET /autron-has-a-team-of-pros-with-sufficient-know-how-to?fileloc=/home/marvidson/public_html/wp-admin/user-edit.php&path=/home/marvidson/public_html/wp-admin HTTP/1.1" 200 64125 "-" "Mozilla/5.0 (compatible; DataForSeoBot/1.0; +https://dataforseo.com/dataforseo-bot)"
216.73.216.163 - - [13/Sep/2025:13:25:17 +0000] "GET /she-had-recently-warned-followers-on-social-media-to-not-throw/feed?path=%2F%2Fproc%2F3575755 HTTP/1.1" 200 82778 "-" "Mozilla/5.0 AppleWebKit/537.36 (KHTML, like Gecko; compatible; ClaudeBot/1.0; +claudebot@anthropic.com)"
216.73.216.163 - - [13/Sep/2025:13:25:20 +0000] "GET /whether-youre-looking-for-your-self-or-with-a-companion/feed?fileloc=%2F%2Fetc%2Fos-release&path=%2F%2Fetc HTTP/1.1" 200 12980 "-" "Mozilla/5.0 AppleWebKit/537.36 (KHTML, like Gecko; compatible; ClaudeBot/1.0; +claudebot@anthropic.com)"
136.243.228.181 - - [13/Sep/2025:13:25:21 +0000] "GET /autron-has-a-team-of-pros-with-sufficient-know-how-to?fileloc=/home/marvidson/public_html/wp-admin/admin-header.php&path=/home/marvidson/public_html/wp-admin HTTP/1.1" 200 23123 "-" "Mozilla/5.0 (compatible; DataForSeoBot/1.0; +https://dataforseo.com/dataforseo-bot)"
216.73.216.163 - - [13/Sep/2025:13:25:23 +0000] "GET /she-had-recently-warned-followers-on-social-media-to-not-throw/feed?fileloc=%2F%2Frun%2Frestartsrv_p0f&path=%2F%2Frun HTTP/1.1" 200 12229 "-" "Mozilla/5.0 AppleWebKit/537.36 (KHTML, like Gecko; compatible; ClaudeBot/1.0; +claudebot@anthropic.com)"
136.243.228.181 - - [13/Sep/2025:13:25:25 +0000] "GET /autron-has-a-team-of-pros-with-sufficient-know-how-to?fileloc=/home/marvidson/public_html/wp-admin/site-editor.php&path=/home/marvidson/public_html/wp-admin HTTP/1.1" 200 27657 "-" "Mozilla/5.0 (compatible; DataForSeoBot/1.0; +https://dataforseo.com/dataforseo-bot)"
216.73.216.163 - - [13/Sep/2025:13:25:26 +0000] "GET /whether-youre-looking-for-your-self-or-with-a-companion/feed?fileloc=%2F%2Fetc%2Fat.deny&path=%2F%2Fetc HTTP/1.1" 200 12223 "-" "Mozilla/5.0 AppleWebKit/537.36 (KHTML, like Gecko; compatible; ClaudeBot/1.0; +claudebot@anthropic.com)"
136.243.228.181 - - [13/Sep/2025:13:25:29 +0000] "GET /autron-has-a-team-of-pros-with-sufficient-know-how-to?fileloc=/home/marvidson/public_html/wp-admin/upgrade.php&path=/home/marvidson/public_html/wp-admin HTTP/1.1" 200 20248 "-" "Mozilla/5.0 (compatible; DataForSeoBot/1.0; +https://dataforseo.com/dataforseo-bot)"
216.73.216.163 - - [13/Sep/2025:13:25:29 +0000] "GET /such-websites-are-suitable-for-end-consumers-who-hope-to/feed?fileloc=%2F%2Fproc%2Ffb&path=%2F%2Fproc HTTP/1.1" 200 12237 "-" "Mozilla/5.0 AppleWebKit/537.36 (KHTML, like Gecko; compatible; ClaudeBot/1.0; +claudebot@anthropic.com)"
216.73.216.163 - - [13/Sep/2025:13:25:32 +0000] "GET /whether-youre-looking-for-your-self-or-with-a-companion/feed?fileloc=%2F%2Fetc%2Flocaldomains&path=%2F%2Fetc HTTP/1.1" 200 12227 "-" "Mozilla/5.0 AppleWebKit/537.36 (KHTML, like Gecko; compatible; ClaudeBot/1.0; +claudebot@anthropic.com)"
136.243.228.181 - - [13/Sep/2025:13:25:33 +0000] "GET /autron-has-a-team-of-pros-with-sufficient-know-how-to?fileloc=/home/marvidson/public_html/wp-admin/admin-footer.php&path=/home/marvidson/public_html/wp-admin HTTP/1.1" 200 15842 "-" "Mozilla/5.0 (compatible; DataForSeoBot/1.0; +https://dataforseo.com/dataforseo-bot)"
216.73.216.163 - - [13/Sep/2025:13:25:35 +0000] "GET /she-had-recently-warned-followers-on-social-media-to-not-throw/feed?fileloc=%2F%2Fproc%2Fcmdline&path=%2F%2Fproc HTTP/1.1" 200 12393 "-" "Mozilla/5.0 AppleWebKit/537.36 (KHTML, like Gecko; compatible; ClaudeBot/1.0; +claudebot@anthropic.com)"
136.243.228.181 - - [13/Sep/2025:13:25:37 +0000] "GET /autron-has-a-team-of-pros-with-sufficient-know-how-to?fileloc=/home/marvidson/public_html/wp-admin/upload.php&path=/home/marvidson/public_html/wp-admin HTTP/1.1" 200 31745 "-" "Mozilla/5.0 (compatible; DataForSeoBot/1.0; +https://dataforseo.com/dataforseo-bot)"
216.73.216.163 - - [13/Sep/2025:13:25:38 +0000] "GET /she-had-recently-warned-followers-on-social-media-to-not-throw/feed?fileloc=%2F%2Frun%2Fauditd.pid&path=%2F%2Frun HTTP/1.1" 200 12229 "-" "Mozilla/5.0 AppleWebKit/537.36 (KHTML, like Gecko; compatible; ClaudeBot/1.0; +claudebot@anthropic.com)"
216.73.216.163 - - [13/Sep/2025:13:25:41 +0000] "GET /she-had-recently-warned-followers-on-social-media-to-not-throw/feed?fileloc=%2F%2Frun%2Frestartsrv_dnsadmin&path=%2F%2Frun HTTP/1.1" 200 12234 "-" "Mozilla/5.0 AppleWebKit/537.36 (KHTML, like Gecko; compatible; ClaudeBot/1.0; +claudebot@anthropic.com)"
136.243.228.181 - - [13/Sep/2025:13:25:42 +0000] "GET /autron-has-a-team-of-pros-with-sufficient-know-how-to?fileloc=/home/marvidson/public_html/wp-admin/options.php&path=/home/marvidson/public_html/wp-admin HTTP/1.1" 200 29552 "-" "Mozilla/5.0 (compatible; DataForSeoBot/1.0; +https://dataforseo.com/dataforseo-bot)"
216.73.216.163 - - [13/Sep/2025:13:25:44 +0000] "GET /im-a-full-time-author-and-intercourse-educator-who-has-tested?fileloc=%2F%2Frun%2Frestartsrv_queueprocd&path=%2F%2Frun HTTP/1.1" 200 12236 "-" "Mozilla/5.0 AppleWebKit/537.36 (KHTML, like Gecko; compatible; ClaudeBot/1.0; +claudebot@anthropic.com)"
136.243.228.181 - - [13/Sep/2025:13:25:46 +0000] "GET /autron-has-a-team-of-pros-with-sufficient-know-how-to?fileloc=/home/marvidson/public_html/wp-admin/options-writing.php&path=/home/marvidson/public_html/wp-admin HTTP/1.1" 200 25164 "-" "Mozilla/5.0 (compatible; DataForSeoBot/1.0; +https://dataforseo.com/dataforseo-bot)"
216.73.216.163 - - [13/Sep/2025:13:25:47 +0000] "GET /she-had-recently-warned-followers-on-social-media-to-not-throw/feed?path=%2F%2Fproc%2F3575942 HTTP/1.1" 200 82778 "-" "Mozilla/5.0 AppleWebKit/537.36 (KHTML, like Gecko; compatible; ClaudeBot/1.0; +claudebot@anthropic.com)"
216.73.216.163 - - [13/Sep/2025:13:25:50 +0000] "GET /such-websites-are-suitable-for-end-consumers-who-hope-to/feed?fileloc=%2F%2Fproc%2Fcrypto&path=%2F%2Fproc HTTP/1.1" 200 32380 "-" "Mozilla/5.0 AppleWebKit/537.36 (KHTML, like Gecko; compatible; ClaudeBot/1.0; +claudebot@anthropic.com)"
136.243.228.181 - - [13/Sep/2025:13:25:50 +0000] "GET /autron-has-a-team-of-pros-with-sufficient-know-how-to?fileloc=/home/marvidson/public_html/wp-admin/options-discussion.php&path=/home/marvidson/public_html/wp-admin HTTP/1.1" 200 34001 "-" "Mozilla/5.0 (compatible; DataForSeoBot/1.0; +https://dataforseo.com/dataforseo-bot)"
216.73.216.163 - - [13/Sep/2025:13:25:53 +0000] "GET /she-had-recently-warned-followers-on-social-media-to-not-throw/feed?fileloc=%2F%2Fproc%2Fdiskstats&path=%2F%2Fproc HTTP/1.1" 200 12837 "-" "Mozilla/5.0 AppleWebKit/537.36 (KHTML, like Gecko; compatible; ClaudeBot/1.0; +claudebot@anthropic.com)"
136.243.228.181 - - [13/Sep/2025:13:25:54 +0000] "GET /autron-has-a-team-of-pros-with-sufficient-know-how-to?fileloc=/home/marvidson/public_html/wp-admin/edit-form-blocks.php&path=/home/marvidson/public_html/wp-admin HTTP/1.1" 200 29478 "-" "Mozilla/5.0 (compatible; DataForSeoBot/1.0; +https://dataforseo.com/dataforseo-bot)"
216.73.216.163 - - [13/Sep/2025:13:25:56 +0000] "GET /she-had-recently-warned-followers-on-social-media-to-not-throw/feed?fileloc=%2F%2Fproc%2Fvmstat&path=%2F%2Fproc HTTP/1.1" 200 15638 "-" "Mozilla/5.0 AppleWebKit/537.36 (KHTML, like Gecko; compatible; ClaudeBot/1.0; +claudebot@anthropic.com)"
136.243.228.181 - - [13/Sep/2025:13:25:58 +0000] "GET /autron-has-a-team-of-pros-with-sufficient-know-how-to?fileloc=/home/marvidson/public_html/wp-admin/export-personal-data.php&path=/home/marvidson/public_html/wp-admin HTTP/1.1" 200 22709 "-" "Mozilla/5.0 (compatible; DataForSeoBot/1.0; +https://dataforseo.com/dataforseo-bot)"
216.73.216.163 - - [13/Sep/2025:13:25:59 +0000] "GET /such-websites-are-suitable-for-end-consumers-who-hope-to/feed?fileloc=%2F%2Fproc%2Fswaps&path=%2F%2Fproc HTTP/1.1" 200 12262 "-" "Mozilla/5.0 AppleWebKit/537.36 (KHTML, like Gecko; compatible; ClaudeBot/1.0; +claudebot@anthropic.com)"
216.73.216.163 - - [13/Sep/2025:13:26:02 +0000] "GET /such-websites-are-suitable-for-end-consumers-who-hope-to/feed?fileloc=%2F%2Fproc%2Fpartitions&path=%2F%2Fproc HTTP/1.1" 200 12465 "-" "Mozilla/5.0 AppleWebKit/537.36 (KHTML, like Gecko; compatible; ClaudeBot/1.0; +claudebot@anthropic.com)"
136.243.228.181 - - [13/Sep/2025:13:26:02 +0000] "GET /autron-has-a-team-of-pros-with-sufficient-know-how-to?fileloc=/home/marvidson/public_html/wp-admin/about.php&path=/home/marvidson/public_html/wp-admin HTTP/1.1" 200 36357 "-" "Mozilla/5.0 (compatible; DataForSeoBot/1.0; +https://dataforseo.com/dataforseo-bot)"
216.73.216.163 - - [13/Sep/2025:13:26:05 +0000] "GET /whether-youre-looking-for-your-self-or-with-a-companion/feed?fileloc=%2F%2Fetc%2Fipaddrpool&path=%2F%2Fetc HTTP/1.1" 200 12225 "-" "Mozilla/5.0 AppleWebKit/537.36 (KHTML, like Gecko; compatible; ClaudeBot/1.0; +claudebot@anthropic.com)"
136.243.228.181 - - [13/Sep/2025:13:26:06 +0000] "GET /autron-has-a-team-of-pros-with-sufficient-know-how-to?fileloc=/home/marvidson/public_html/wp-admin/network.php&path=/home/marvidson/public_html/wp-admin HTTP/1.1" 200 19126 "-" "Mozilla/5.0 (compatible; DataForSeoBot/1.0; +https://dataforseo.com/dataforseo-bot)"
216.73.216.163 - - [13/Sep/2025:13:26:08 +0000] "GET /such-websites-are-suitable-for-end-consumers-who-hope-to/feed?fileloc=%2F%2Fproc%2Fschedstat&path=%2F%2Fproc HTTP/1.1" 200 13123 "-" "Mozilla/5.0 AppleWebKit/537.36 (KHTML, like Gecko; compatible; ClaudeBot/1.0; +claudebot@anthropic.com)"
136.243.228.181 - - [13/Sep/2025:13:26:10 +0000] "GET /autron-has-a-team-of-pros-with-sufficient-know-how-to?fileloc=/home/marvidson/public_html/wp-admin/ms-edit.php&path=/home/marvidson/public_html/wp-admin HTTP/1.1" 200 12659 "-" "Mozilla/5.0 (compatible; DataForSeoBot/1.0; +https://dataforseo.com/dataforseo-bot)"
216.73.216.163 - - [13/Sep/2025:13:26:11 +0000] "GET /she-had-recently-warned-followers-on-social-media-to-not-throw/feed?fileloc=%2F%2Frun%2Fcrond.pid&path=%2F%2Frun HTTP/1.1" 200 12229 "-" "Mozilla/5.0 AppleWebKit/537.36 (KHTML, like Gecko; compatible; ClaudeBot/1.0; +claudebot@anthropic.com)"
136.243.228.181 - - [13/Sep/2025:13:26:14 +0000] "GET /autron-has-a-team-of-pros-with-sufficient-know-how-to?fileloc=/home/marvidson/public_html/wp-admin/ms-sites.php&path=/home/marvidson/public_html/wp-admin HTTP/1.1" 200 12669 "-" "Mozilla/5.0 (compatible; DataForSeoBot/1.0; +https://dataforseo.com/dataforseo-bot)"
216.73.216.163 - - [13/Sep/2025:13:26:14 +0000] "GET /whether-youre-looking-for-your-self-or-with-a-companion/feed?fileloc=%2F%2Fetc%2Fwgetrc&path=%2F%2Fetc HTTP/1.1" 200 17272 "-" "Mozilla/5.0 AppleWebKit/537.36 (KHTML, like Gecko; compatible; ClaudeBot/1.0; +claudebot@anthropic.com)"
216.73.216.163 - - [13/Sep/2025:13:26:17 +0000] "GET /although-the-we-connect-app-came-second-to-lovense-remote HTTP/1.1" 200 52570 "-" "Mozilla/5.0 AppleWebKit/537.36 (KHTML, like Gecko; compatible; ClaudeBot/1.0; +claudebot@anthropic.com)"
136.243.228.181 - - [13/Sep/2025:13:26:18 +0000] "GET /autron-has-a-team-of-pros-with-sufficient-know-how-to?fileloc=/home/marvidson/public_html/wp-admin/options-media.php&path=/home/marvidson/public_html/wp-admin HTTP/1.1" 200 21879 "-" "Mozilla/5.0 (compatible; DataForSeoBot/1.0; +https://dataforseo.com/dataforseo-bot)"
216.73.216.163 - - [13/Sep/2025:13:26:20 +0000] "GET /im-a-full-time-author-and-intercourse-educator-who-has-tested?fileloc=%2F%2Frun%2Fcpanellogd.pid&path=%2F%2Frun HTTP/1.1" 200 12233 "-" "Mozilla/5.0 AppleWebKit/537.36 (KHTML, like Gecko; compatible; ClaudeBot/1.0; +claudebot@anthropic.com)"
136.243.228.181 - - [13/Sep/2025:13:26:22 +0000] "GET /autron-has-a-team-of-pros-with-sufficient-know-how-to?fileloc=/home/marvidson/public_html/wp-admin/my-sites.php&path=/home/marvidson/public_html/wp-admin HTTP/1.1" 200 18678 "-" "Mozilla/5.0 (compatible; DataForSeoBot/1.0; +https://dataforseo.com/dataforseo-bot)"
216.73.216.163 - - [13/Sep/2025:13:26:23 +0000] "GET /she-had-recently-warned-followers-on-social-media-to-not-throw/feed?fileloc=%2F%2Frun%2Fpure-authd.pid&path=%2F%2Frun HTTP/1.1" 200 12237 "-" "Mozilla/5.0 AppleWebKit/537.36 (KHTML, like Gecko; compatible; ClaudeBot/1.0; +claudebot@anthropic.com)"
136.243.228.181 - - [13/Sep/2025:13:26:26 +0000] "GET /autron-has-a-team-of-pros-with-sufficient-know-how-to?fileloc=/home/marvidson/public_html/wp-admin/custom-background.php&path=/home/marvidson/public_html/wp-admin HTTP/1.1" 200 12997 "-" "Mozilla/5.0 (compatible; DataForSeoBot/1.0; +https://dataforseo.com/dataforseo-bot)"
216.73.216.163 - - [13/Sep/2025:13:26:26 +0000] "GET /she-had-recently-warned-followers-on-social-media-to-not-throw/feed?path=%2F%2Fproc%2F2082 HTTP/1.1" 200 82193 "-" "Mozilla/5.0 AppleWebKit/537.36 (KHTML, like Gecko; compatible; ClaudeBot/1.0; +claudebot@anthropic.com)"
216.73.216.163 - - [13/Sep/2025:13:26:29 +0000] "GET /she-had-recently-warned-followers-on-social-media-to-not-throw/feed?path=%2F%2Fproc%2F4143153 HTTP/1.1" 200 82778 "-" "Mozilla/5.0 AppleWebKit/537.36 (KHTML, like Gecko; compatible; ClaudeBot/1.0; +claudebot@anthropic.com)"
136.243.228.181 - - [13/Sep/2025:13:26:30 +0000] "GET /autron-has-a-team-of-pros-with-sufficient-know-how-to?fileloc=/home/marvidson/public_html/wp-admin/link-add.php&path=/home/marvidson/public_html/wp-admin HTTP/1.1" 200 13538 "-" "Mozilla/5.0 (compatible; DataForSeoBot/1.0; +https://dataforseo.com/dataforseo-bot)"
216.73.216.163 - - [13/Sep/2025:13:26:32 +0000] "GET /detail/2267963560 HTTP/1.1" 200 52570 "-" "Mozilla/5.0 AppleWebKit/537.36 (KHTML, like Gecko; compatible; ClaudeBot/1.0; +claudebot@anthropic.com)"
136.243.228.181 - - [13/Sep/2025:13:26:34 +0000] "GET /autron-has-a-team-of-pros-with-sufficient-know-how-to?fileloc=/home/marvidson/public_html/wp-admin/link.php&path=/home/marvidson/public_html/wp-admin HTTP/1.1" 200 15843 "-" "Mozilla/5.0 (compatible; DataForSeoBot/1.0; +https://dataforseo.com/dataforseo-bot)"
216.73.216.163 - - [13/Sep/2025:13:26:35 +0000] "GET /detail/358706449 HTTP/1.1" 200 52570 "-" "Mozilla/5.0 AppleWebKit/537.36 (KHTML, like Gecko; compatible; ClaudeBot/1.0; +claudebot@anthropic.com)"
85.208.96.195 - - [13/Sep/2025:13:26:38 +0000] "GET /i-paid-via-western-union-and-figured-i-roll-the-dice-and-give/ HTTP/1.1" 403 52570 "-" "Mozilla/5.0 (compatible; SemrushBot/7~bl; +http://www.semrush.com/bot.html)"
136.243.228.181 - - [13/Sep/2025:13:26:38 +0000] "GET /autron-has-a-team-of-pros-with-sufficient-know-how-to?fileloc=/home/marvidson/public_html/wp-admin/plugins.php&path=/home/marvidson/public_html/wp-admin HTTP/1.1" 200 49251 "-" "Mozilla/5.0 (compatible; DataForSeoBot/1.0; +https://dataforseo.com/dataforseo-bot)"
216.73.216.163 - - [13/Sep/2025:13:26:38 +0000] "GET /detail/440089178 HTTP/1.1" 200 52570 "-" "Mozilla/5.0 AppleWebKit/537.36 (KHTML, like Gecko; compatible; ClaudeBot/1.0; +claudebot@anthropic.com)"
216.73.216.163 - - [13/Sep/2025:13:26:41 +0000] "GET /detail/440018473 HTTP/1.1" 200 52570 "-" "Mozilla/5.0 AppleWebKit/537.36 (KHTML, like Gecko; compatible; ClaudeBot/1.0; +claudebot@anthropic.com)"
136.243.228.181 - - [13/Sep/2025:13:26:43 +0000] "GET /autron-has-a-team-of-pros-with-sufficient-know-how-to?fileloc=/home/marvidson/public_html/wp-admin/options-general.php&path=/home/marvidson/public_html/wp-admin HTTP/1.1" 200 41530 "-" "Mozilla/5.0 (compatible; DataForSeoBot/1.0; +https://dataforseo.com/dataforseo-bot)"
216.73.216.163 - - [13/Sep/2025:13:26:44 +0000] "GET /detail/1527098971 HTTP/1.1" 200 52570 "-" "Mozilla/5.0 AppleWebKit/537.36 (KHTML, like Gecko; compatible; ClaudeBot/1.0; +claudebot@anthropic.com)"
136.243.228.181 - - [13/Sep/2025:13:26:47 +0000] "GET /autron-has-a-team-of-pros-with-sufficient-know-how-to?fileloc=/home/marvidson/public_html/wp-admin/plugin-editor.php&path=/home/marvidson/public_html/wp-admin HTTP/1.1" 200 30291 "-" "Mozilla/5.0 (compatible; DataForSeoBot/1.0; +https://dataforseo.com/dataforseo-bot)"
216.73.216.163 - - [13/Sep/2025:13:26:47 +0000] "GET /detail/1527209817 HTTP/1.1" 200 52570 "-" "Mozilla/5.0 AppleWebKit/537.36 (KHTML, like Gecko; compatible; ClaudeBot/1.0; +claudebot@anthropic.com)"
216.73.216.163 - - [13/Sep/2025:13:26:50 +0000] "GET /detail/2268335462 HTTP/1.1" 200 52570 "-" "Mozilla/5.0 AppleWebKit/537.36 (KHTML, like Gecko; compatible; ClaudeBot/1.0; +claudebot@anthropic.com)"
136.243.228.181 - - [13/Sep/2025:13:26:50 +0000] "GET /autron-has-a-team-of-pros-with-sufficient-know-how-to?fileloc=/home/marvidson/public_html/wp-admin/theme-install.php&path=/home/marvidson/public_html/wp-admin HTTP/1.1" 200 43699 "-" "Mozilla/5.0 (compatible; DataForSeoBot/1.0; +https://dataforseo.com/dataforseo-bot)"
216.73.216.163 - - [13/Sep/2025:13:26:53 +0000] "GET /detail/2267674482 HTTP/1.1" 200 52570 "-" "Mozilla/5.0 AppleWebKit/537.36 (KHTML, like Gecko; compatible; ClaudeBot/1.0; +claudebot@anthropic.com)"
136.243.228.181 - - [13/Sep/2025:13:26:54 +0000] "GET /autron-has-a-team-of-pros-with-sufficient-know-how-to?path=/home/marvidson/public_html/wp-admin/user HTTP/1.1" 200 29726 "-" "Mozilla/5.0 (compatible; DataForSeoBot/1.0; +https://dataforseo.com/dataforseo-bot)"
216.73.216.163 - - [13/Sep/2025:13:26:56 +0000] "GET /detail/358892415 HTTP/1.1" 200 52570 "-" "Mozilla/5.0 AppleWebKit/537.36 (KHTML, like Gecko; compatible; ClaudeBot/1.0; +claudebot@anthropic.com)"
136.243.228.181 - - [13/Sep/2025:13:26:58 +0000] "GET /autron-has-a-team-of-pros-with-sufficient-know-how-to?fileloc=/home/marvidson/public_html/wp-admin/widgets-form-blocks.php&path=/home/marvidson/public_html/wp-admin HTTP/1.1" 200 18227 "-" "Mozilla/5.0 (compatible; DataForSeoBot/1.0; +https://dataforseo.com/dataforseo-bot)"
216.73.216.163 - - [13/Sep/2025:13:26:59 +0000] "GET /detail/2268162705 HTTP/1.1" 200 52570 "-" "Mozilla/5.0 AppleWebKit/537.36 (KHTML, like Gecko; compatible; ClaudeBot/1.0; +claudebot@anthropic.com)"
136.243.228.181 - - [13/Sep/2025:13:27:02 +0000] "GET /autron-has-a-team-of-pros-with-sufficient-know-how-to?fileloc=/home/marvidson/public_html/wp-admin/edit.php&path=/home/marvidson/public_html/wp-admin HTTP/1.1" 200 37305 "-" "Mozilla/5.0 (compatible; DataForSeoBot/1.0; +https://dataforseo.com/dataforseo-bot)"
216.73.216.163 - - [13/Sep/2025:13:27:02 +0000] "GET /detail/1527053889 HTTP/1.1" 200 52570 "-" "Mozilla/5.0 AppleWebKit/537.36 (KHTML, like Gecko; compatible; ClaudeBot/1.0; +claudebot@anthropic.com)"
216.73.216.163 - - [13/Sep/2025:13:27:05 +0000] "GET /detail/2268212712 HTTP/1.1" 200 52570 "-" "Mozilla/5.0 AppleWebKit/537.36 (KHTML, like Gecko; compatible; ClaudeBot/1.0; +claudebot@anthropic.com)"
136.243.228.181 - - [13/Sep/2025:13:27:06 +0000] "GET /autron-has-a-team-of-pros-with-sufficient-know-how-to?fileloc=/home/marvidson/public_html/wp-admin/edit-link-form.php&path=/home/marvidson/public_html/wp-admin HTTP/1.1" 200 21223 "-" "Mozilla/5.0 (compatible; DataForSeoBot/1.0; +https://dataforseo.com/dataforseo-bot)"
57.141.4.28 - - [13/Sep/2025:13:27:07 +0000] "GET /detail/1013780667 HTTP/1.1" 200 52570 "-" "meta-externalagent/1.1 (+https://developers.facebook.com/docs/sharing/webmasters/crawler)"
57.141.4.55 - - [13/Sep/2025:13:27:08 +0000] "GET /detail/2311125135 HTTP/1.1" 200 52570 "-" "meta-externalagent/1.1 (+https://developers.facebook.com/docs/sharing/webmasters/crawler)"
216.73.216.163 - - [13/Sep/2025:13:27:08 +0000] "GET /detail/358739611 HTTP/1.1" 200 52570 "-" "Mozilla/5.0 AppleWebKit/537.36 (KHTML, like Gecko; compatible; ClaudeBot/1.0; +claudebot@anthropic.com)"
57.141.4.10 - - [13/Sep/2025:13:27:09 +0000] "GET /detail/1013736342 HTTP/1.1" 200 52570 "-" "meta-externalagent/1.1 (+https://developers.facebook.com/docs/sharing/webmasters/crawler)"
136.243.228.181 - - [13/Sep/2025:13:27:11 +0000] "GET /autron-has-a-team-of-pros-with-sufficient-know-how-to?fileloc=/home/marvidson/public_html/wp-admin/options-head.php&path=/home/marvidson/public_html/wp-admin HTTP/1.1" 200 13187 "-" "Mozilla/5.0 (compatible; DataForSeoBot/1.0; +https://dataforseo.com/dataforseo-bot)"
216.73.216.163 - - [13/Sep/2025:13:27:11 +0000] "GET /detail/1526996158 HTTP/1.1" 200 52570 "-" "Mozilla/5.0 AppleWebKit/537.36 (KHTML, like Gecko; compatible; ClaudeBot/1.0; +claudebot@anthropic.com)"
216.73.216.163 - - [13/Sep/2025:13:27:14 +0000] "GET /detail/358775353 HTTP/1.1" 200 52570 "-" "Mozilla/5.0 AppleWebKit/537.36 (KHTML, like Gecko; compatible; ClaudeBot/1.0; +claudebot@anthropic.com)"
136.243.228.181 - - [13/Sep/2025:13:27:15 +0000] "GET /autron-has-a-team-of-pros-with-sufficient-know-how-to?fileloc=/home/marvidson/public_html/wp-admin/async-upload.php&path=/home/marvidson/public_html/wp-admin HTTP/1.1" 200 18640 "-" "Mozilla/5.0 (compatible; DataForSeoBot/1.0; +https://dataforseo.com/dataforseo-bot)"
216.73.216.163 - - [13/Sep/2025:13:27:17 +0000] "GET /detail/358622533 HTTP/1.1" 200 52570 "-" "Mozilla/5.0 AppleWebKit/537.36 (KHTML, like Gecko; compatible; ClaudeBot/1.0; +claudebot@anthropic.com)"
136.243.228.181 - - [13/Sep/2025:13:27:19 +0000] "GET /autron-has-a-team-of-pros-with-sufficient-know-how-to?fileloc=/home/marvidson/public_html/wp-admin/themes.php&path=/home/marvidson/public_html/wp-admin HTTP/1.1" 200 75986 "-" "Mozilla/5.0 (compatible; DataForSeoBot/1.0; +https://dataforseo.com/dataforseo-bot)"
216.73.216.163 - - [13/Sep/2025:13:27:20 +0000] "GET /detail/1527556622 HTTP/1.1" 200 52570 "-" "Mozilla/5.0 AppleWebKit/537.36 (KHTML, like Gecko; compatible; ClaudeBot/1.0; +claudebot@anthropic.com)"
216.73.216.163 - - [13/Sep/2025:13:27:23 +0000] "GET /detail/358934887 HTTP/1.1" 200 52570 "-" "Mozilla/5.0 AppleWebKit/537.36 (KHTML, like Gecko; compatible; ClaudeBot/1.0; +claudebot@anthropic.com)"
136.243.228.181 - - [13/Sep/2025:13:27:23 +0000] "GET /autron-has-a-team-of-pros-with-sufficient-know-how-to?fileloc=/home/marvidson/public_html/wp-admin/term.php&path=/home/marvidson/public_html/wp-admin HTTP/1.1" 200 15091 "-" "Mozilla/5.0 (compatible; DataForSeoBot/1.0; +https://dataforseo.com/dataforseo-bot)"
216.73.216.163 - - [13/Sep/2025:13:27:26 +0000] "GET /detail/358585516 HTTP/1.1" 200 52570 "-" "Mozilla/5.0 AppleWebKit/537.36 (KHTML, like Gecko; compatible; ClaudeBot/1.0; +claudebot@anthropic.com)"
136.243.228.181 - - [13/Sep/2025:13:27:28 +0000] "GET /autron-has-a-team-of-pros-with-sufficient-know-how-to?fileloc=/home/marvidson/public_html/wp-admin/load-styles.php&path=/home/marvidson/public_html/wp-admin HTTP/1.1" 200 16042 "-" "Mozilla/5.0 (compatible; DataForSeoBot/1.0; +https://dataforseo.com/dataforseo-bot)"
216.73.216.163 - - [13/Sep/2025:13:27:29 +0000] "GET /detail/358973207 HTTP/1.1" 200 52570 "-" "Mozilla/5.0 AppleWebKit/537.36 (KHTML, like Gecko; compatible; ClaudeBot/1.0; +claudebot@anthropic.com)"
136.243.228.181 - - [13/Sep/2025:13:27:31 +0000] "GET /autron-has-a-team-of-pros-with-sufficient-know-how-to?fileloc=/home/marvidson/public_html/wp-admin/widgets-form.php&path=/home/marvidson/public_html/wp-admin HTTP/1.1" 200 37276 "-" "Mozilla/5.0 (compatible; DataForSeoBot/1.0; +https://dataforseo.com/dataforseo-bot)"
216.73.216.163 - - [13/Sep/2025:13:27:32 +0000] "GET /detail/1362455512 HTTP/1.1" 200 52570 "-" "Mozilla/5.0 AppleWebKit/537.36 (KHTML, like Gecko; compatible; ClaudeBot/1.0; +claudebot@anthropic.com)"
216.73.216.163 - - [13/Sep/2025:13:27:35 +0000] "GET /detail/1527353578 HTTP/1.1" 200 52570 "-" "Mozilla/5.0 AppleWebKit/537.36 (KHTML, like Gecko; compatible; ClaudeBot/1.0; +claudebot@anthropic.com)"
136.243.228.181 - - [13/Sep/2025:13:27:35 +0000] "GET /autron-has-a-team-of-pros-with-sufficient-know-how-to?fileloc=/home/marvidson/public_html/wp-admin/privacy-policy-guide.php&path=/home/marvidson/public_html/wp-admin HTTP/1.1" 200 17164 "-" "Mozilla/5.0 (compatible; DataForSeoBot/1.0; +https://dataforseo.com/dataforseo-bot)"
57.141.4.82 - - [13/Sep/2025:13:27:38 +0000] "GET /detail/1667603616 HTTP/1.1" 200 52570 "-" "meta-externalagent/1.1 (+https://developers.facebook.com/docs/sharing/webmasters/crawler)"
57.141.4.10 - - [13/Sep/2025:13:27:38 +0000] "GET /detail/1667828416 HTTP/1.1" 200 52570 "-" "meta-externalagent/1.1 (+https://developers.facebook.com/docs/sharing/webmasters/crawler)"
216.73.216.163 - - [13/Sep/2025:13:27:38 +0000] "GET /detail/358991094 HTTP/1.1" 200 52570 "-" "Mozilla/5.0 AppleWebKit/537.36 (KHTML, like Gecko; compatible; ClaudeBot/1.0; +claudebot@anthropic.com)"
136.243.228.181 - - [13/Sep/2025:13:27:40 +0000] "GET /autron-has-a-team-of-pros-with-sufficient-know-how-to?fileloc=/home/marvidson/public_html/wp-admin/link-parse-opml.php&path=/home/marvidson/public_html/wp-admin HTTP/1.1" 200 15438 "-" "Mozilla/5.0 (compatible; DataForSeoBot/1.0; +https://dataforseo.com/dataforseo-bot)"
216.73.216.163 - - [13/Sep/2025:13:27:41 +0000] "GET /detail/1526973627 HTTP/1.1" 200 52570 "-" "Mozilla/5.0 AppleWebKit/537.36 (KHTML, like Gecko; compatible; ClaudeBot/1.0; +claudebot@anthropic.com)"
136.243.228.181 - - [13/Sep/2025:13:27:43 +0000] "GET /autron-has-a-team-of-pros-with-sufficient-know-how-to?fileloc=/home/marvidson/public_html/wp-admin/admin-ajax.php&path=/home/marvidson/public_html/wp-admin HTTP/1.1" 200 19048 "-" "Mozilla/5.0 (compatible; DataForSeoBot/1.0; +https://dataforseo.com/dataforseo-bot)"
216.73.216.163 - - [13/Sep/2025:13:27:44 +0000] "GET /detail/2267936084 HTTP/1.1" 200 52570 "-" "Mozilla/5.0 AppleWebKit/537.36 (KHTML, like Gecko; compatible; ClaudeBot/1.0; +claudebot@anthropic.com)"
216.73.216.163 - - [13/Sep/2025:13:27:47 +0000] "GET /detail/1527584066 HTTP/1.1" 200 52570 "-" "Mozilla/5.0 AppleWebKit/537.36 (KHTML, like Gecko; compatible; ClaudeBot/1.0; +claudebot@anthropic.com)"
216.73.216.163 - - [13/Sep/2025:13:27:50 +0000] "GET /detail/1362441777 HTTP/1.1" 200 52570 "-" "Mozilla/5.0 AppleWebKit/537.36 (KHTML, like Gecko; compatible; ClaudeBot/1.0; +claudebot@anthropic.com)"
136.243.228.181 - - [13/Sep/2025:13:27:51 +0000] "GET /autron-has-a-team-of-pros-with-sufficient-know-how-to?fileloc=/home/marvidson/public_html/wp-admin/setup-config.php&path=/home/marvidson/public_html/wp-admin HTTP/1.1" 200 35104 "-" "Mozilla/5.0 (compatible; DataForSeoBot/1.0; +https://dataforseo.com/dataforseo-bot)"
216.73.216.163 - - [13/Sep/2025:13:27:53 +0000] "GET /detail/2268093287 HTTP/1.1" 200 52570 "-" "Mozilla/5.0 AppleWebKit/537.36 (KHTML, like Gecko; compatible; ClaudeBot/1.0; +claudebot@anthropic.com)"
136.243.228.181 - - [13/Sep/2025:13:27:53 +0000] "GET /autron-has-a-team-of-pros-with-sufficient-know-how-to?fileloc=/home/marvidson/public_html/wp-admin/admin-functions.php&path=/home/marvidson/public_html/wp-admin HTTP/1.1" 200 12985 "-" "Mozilla/5.0 (compatible; DataForSeoBot/1.0; +https://dataforseo.com/dataforseo-bot)"
216.73.216.163 - - [13/Sep/2025:13:27:56 +0000] "GET /detail/2268264757 HTTP/1.1" 200 52570 "-" "Mozilla/5.0 AppleWebKit/537.36 (KHTML, like Gecko; compatible; ClaudeBot/1.0; +claudebot@anthropic.com)"
136.243.228.181 - - [13/Sep/2025:13:27:57 +0000] "GET /autron-has-a-team-of-pros-with-sufficient-know-how-to?fileloc=/home/marvidson/public_html/wp-admin/authorize-application.php&path=/home/marvidson/public_html/wp-admin HTTP/1.1" 200 24965 "-" "Mozilla/5.0 (compatible; DataForSeoBot/1.0; +https://dataforseo.com/dataforseo-bot)"
216.73.216.163 - - [13/Sep/2025:13:27:59 +0000] "GET /detail/358730287 HTTP/1.1" 200 52570 "-" "Mozilla/5.0 AppleWebKit/537.36 (KHTML, like Gecko; compatible; ClaudeBot/1.0; +claudebot@anthropic.com)"
136.243.228.181 - - [13/Sep/2025:13:28:01 +0000] "GET /autron-has-a-team-of-pros-with-sufficient-know-how-to?fileloc=/home/marvidson/public_html/wp-admin/post-new.php&path=/home/marvidson/public_html/wp-admin HTTP/1.1" 200 15574 "-" "Mozilla/5.0 (compatible; DataForSeoBot/1.0; +https://dataforseo.com/dataforseo-bot)"
216.73.216.163 - - [13/Sep/2025:13:28:02 +0000] "GET /detail/2267713862 HTTP/1.1" 200 52570 "-" "Mozilla/5.0 AppleWebKit/537.36 (KHTML, like Gecko; compatible; ClaudeBot/1.0; +claudebot@anthropic.com)"
216.73.216.163 - - [13/Sep/2025:13:28:05 +0000] "GET /detail/358457295 HTTP/1.1" 200 52570 "-" "Mozilla/5.0 AppleWebKit/537.36 (KHTML, like Gecko; compatible; ClaudeBot/1.0; +claudebot@anthropic.com)"
136.243.228.181 - - [13/Sep/2025:13:28:06 +0000] "GET /autron-has-a-team-of-pros-with-sufficient-know-how-to?path=/home/marvidson/public_html/wp-admin/maint HTTP/1.1" 200 14426 "-" "Mozilla/5.0 (compatible; DataForSeoBot/1.0; +https://dataforseo.com/dataforseo-bot)"
216.73.216.163 - - [13/Sep/2025:13:28:08 +0000] "GET /detail/358924270 HTTP/1.1" 200 52570 "-" "Mozilla/5.0 AppleWebKit/537.36 (KHTML, like Gecko; compatible; ClaudeBot/1.0; +claudebot@anthropic.com)"
136.243.228.181 - - [13/Sep/2025:13:28:09 +0000] "GET /autron-has-a-team-of-pros-with-sufficient-know-how-to?fileloc=/home/marvidson/public_html/wp-admin/media.php&path=/home/marvidson/public_html/wp-admin HTTP/1.1" 200 13394 "-" "Mozilla/5.0 (compatible; DataForSeoBot/1.0; +https://dataforseo.com/dataforseo-bot)"
216.73.216.163 - - [13/Sep/2025:13:28:11 +0000] "GET /detail/1527319372 HTTP/1.1" 200 52570 "-" "Mozilla/5.0 AppleWebKit/537.36 (KHTML, like Gecko; compatible; ClaudeBot/1.0; +claudebot@anthropic.com)"
136.243.228.181 - - [13/Sep/2025:13:28:13 +0000] "GET /autron-has-a-team-of-pros-with-sufficient-know-how-to?fileloc=/home/marvidson/public_html/wp-admin/profile.php&path=/home/marvidson/public_html/wp-admin HTTP/1.1" 200 12736 "-" "Mozilla/5.0 (compatible; DataForSeoBot/1.0; +https://dataforseo.com/dataforseo-bot)"
216.73.216.163 - - [13/Sep/2025:13:28:14 +0000] "GET /detail/358979439 HTTP/1.1" 200 52570 "-" "Mozilla/5.0 AppleWebKit/537.36 (KHTML, like Gecko; compatible; ClaudeBot/1.0; +claudebot@anthropic.com)"
216.73.216.163 - - [13/Sep/2025:13:28:17 +0000] "GET /detail/358991873 HTTP/1.1" 200 52570 "-" "Mozilla/5.0 AppleWebKit/537.36 (KHTML, like Gecko; compatible; ClaudeBot/1.0; +claudebot@anthropic.com)"
136.243.228.181 - - [13/Sep/2025:13:28:17 +0000] "GET /autron-has-a-team-of-pros-with-sufficient-know-how-to?fileloc=/home/marvidson/public_html/wp-admin/press-this.php&path=/home/marvidson/public_html/wp-admin HTTP/1.1" 200 15351 "-" "Mozilla/5.0 (compatible; DataForSeoBot/1.0; +https://dataforseo.com/dataforseo-bot)"
216.73.216.163 - - [13/Sep/2025:13:28:20 +0000] "GET /detail/1527460029 HTTP/1.1" 200 52570 "-" "Mozilla/5.0 AppleWebKit/537.36 (KHTML, like Gecko; compatible; ClaudeBot/1.0; +claudebot@anthropic.com)"
130.51.20.151 - - [13/Sep/2025:13:28:21 +0000] "GET /optimisez-vos-gains-grace-aux-probabilites-au-posido-casino/ HTTP/1.1" 200 52570 "https://marvidsonandgoldman.com/" "Mozilla/5.0 (X11; Linux x86_64) AppleWebKit/537.36 (KHTML, like Gecko) Chrome/114.0.0.0 Safari/537.36 OPR/89.0.4447.51"
136.243.228.181 - - [13/Sep/2025:13:28:21 +0000] "GET /autron-has-a-team-of-pros-with-sufficient-know-how-to?fileloc=/home/marvidson/public_html/wp-admin/custom-header.php&path=/home/marvidson/public_html/wp-admin HTTP/1.1" 200 13003 "-" "Mozilla/5.0 (compatible; DataForSeoBot/1.0; +https://dataforseo.com/dataforseo-bot)"
216.73.216.163 - - [13/Sep/2025:13:28:23 +0000] "GET /detail/1527187796 HTTP/1.1" 200 52570 "-" "Mozilla/5.0 AppleWebKit/537.36 (KHTML, like Gecko; compatible; ClaudeBot/1.0; +claudebot@anthropic.com)"
136.243.228.181 - - [13/Sep/2025:13:28:25 +0000] "GET /autron-has-a-team-of-pros-with-sufficient-know-how-to?fileloc=/home/marvidson/public_html/wp-admin/media-upload.php&path=/home/marvidson/public_html/wp-admin HTTP/1.1" 200 16740 "-" "Mozilla/5.0 (compatible; DataForSeoBot/1.0; +https://dataforseo.com/dataforseo-bot)"
216.73.216.163 - - [13/Sep/2025:13:28:26 +0000] "GET /detail/358489929 HTTP/1.1" 200 52570 "-" "Mozilla/5.0 AppleWebKit/537.36 (KHTML, like Gecko; compatible; ClaudeBot/1.0; +claudebot@anthropic.com)"
216.73.216.163 - - [13/Sep/2025:13:28:29 +0000] "GET /detail/358439177 HTTP/1.1" 200 52570 "-" "Mozilla/5.0 AppleWebKit/537.36 (KHTML, like Gecko; compatible; ClaudeBot/1.0; +claudebot@anthropic.com)"
136.243.228.181 - - [13/Sep/2025:13:28:29 +0000] "GET /autron-has-a-team-of-pros-with-sufficient-know-how-to?fileloc=/home/marvidson/public_html/wp-admin/credits.php&path=/home/marvidson/public_html/wp-admin HTTP/1.1" 200 18159 "-" "Mozilla/5.0 (compatible; DataForSeoBot/1.0; +https://dataforseo.com/dataforseo-bot)"
216.73.216.163 - - [13/Sep/2025:13:28:32 +0000] "GET /detail/1527483321 HTTP/1.1" 200 52570 "-" "Mozilla/5.0 AppleWebKit/537.36 (KHTML, like Gecko; compatible; ClaudeBot/1.0; +claudebot@anthropic.com)"
138.201.160.9 - - [13/Sep/2025:13:28:33 +0000] "GET /alles-uber-gewinnchancen-im-jackpotpiraten-casino/ HTTP/1.1" 200 52570 "https://marvidsonandgoldman.com/" "Mozilla/5.0 (Macintosh; Intel Mac OS X 12_5) AppleWebKit/537.36 (KHTML, like Gecko) Chrome/114.0.0.0 Safari/537.36 Vivaldi/5.3.2679.68"
136.243.228.181 - - [13/Sep/2025:13:28:34 +0000] "GET /autron-has-a-team-of-pros-with-sufficient-know-how-to?fileloc=/home/marvidson/public_html/wp-admin/tools.php&path=/home/marvidson/public_html/wp-admin HTTP/1.1" 200 16748 "-" "Mozilla/5.0 (compatible; DataForSeoBot/1.0; +https://dataforseo.com/dataforseo-bot)"
216.73.216.163 - - [13/Sep/2025:13:28:36 +0000] "GET /detail/255754194?fileloc=%2Fhome%2Fmarvidson%2Fpublic_html%2Fwp-blog-header.php&path=%2Fhome%2Fmarvidson%2Fpublic_html HTTP/1.1" 200 12871 "-" "Mozilla/5.0 AppleWebKit/537.36 (KHTML, like Gecko; compatible; ClaudeBot/1.0; +claudebot@anthropic.com)"
136.243.228.181 - - [13/Sep/2025:13:28:38 +0000] "GET /autron-has-a-team-of-pros-with-sufficient-know-how-to?fileloc=/home/marvidson/public_html/wp-admin/index.php&path=/home/marvidson/public_html/wp-admin HTTP/1.1" 200 22309 "-" "Mozilla/5.0 (compatible; DataForSeoBot/1.0; +https://dataforseo.com/dataforseo-bot)"
216.73.216.163 - - [13/Sep/2025:13:28:39 +0000] "GET /detail/440438549?fileloc=%2Fhome%2Fmarvidson%2Fpublic_html%2Fwp-blog-header.php&path=%2Fhome%2Fmarvidson%2Fpublic_html HTTP/1.1" 200 12871 "-" "Mozilla/5.0 AppleWebKit/537.36 (KHTML, like Gecko; compatible; ClaudeBot/1.0; +claudebot@anthropic.com)"
138.201.160.9 - - [13/Sep/2025:13:28:39 +0000] "GET /alles-uber-gewinnchancen-im-jackpotpiraten-casino/?fileloc=/home/marvidson/public_html/fa9a7ba3d8e48b74b57af9e70aa419ab&path=/home/marvidson/public_html HTTP/1.1" 200 12432 "https://marvidsonandgoldman.com/alles-uber-gewinnchancen-im-jackpotpiraten-casino/" "Mozilla/5.0 (Macintosh; Intel Mac OS X 12_5) AppleWebKit/537.36 (KHTML, like Gecko) Chrome/114.0.0.0 Safari/537.36 Vivaldi/5.3.2679.68"
216.73.216.163 - - [13/Sep/2025:13:28:42 +0000] "GET /detail/1812505553?fileloc=%2Fhome%2Fmarvidson%2Fpublic_html%2Fwp-cron.php&path=%2Fhome%2Fmarvidson%2Fpublic_html HTTP/1.1" 200 18317 "-" "Mozilla/5.0 AppleWebKit/537.36 (KHTML, like Gecko; compatible; ClaudeBot/1.0; +claudebot@anthropic.com)"
136.243.228.181 - - [13/Sep/2025:13:28:42 +0000] "GET /autron-has-a-team-of-pros-with-sufficient-know-how-to?fileloc=/home/marvidson/public_html/wp-admin/site-health-info.php&path=/home/marvidson/public_html/wp-admin HTTP/1.1" 200 17720 "-" "Mozilla/5.0 (compatible; DataForSeoBot/1.0; +https://dataforseo.com/dataforseo-bot)"
216.73.216.163 - - [13/Sep/2025:13:28:45 +0000] "GET /detail/256294490?fileloc=%2Fhome%2Fmarvidson%2Fpublic_html%2Ferror_log&path=%2Fhome%2Fmarvidson%2Fpublic_html HTTP/1.1" 200 50089 "-" "Mozilla/5.0 AppleWebKit/537.36 (KHTML, like Gecko; compatible; ClaudeBot/1.0; +claudebot@anthropic.com)"
216.73.216.163 - - [13/Sep/2025:13:28:48 +0000] "GET /detail/440492955?fileloc=%2Fhome%2Fmarvidson%2Fpublic_html%2Fwp-blog-header.php&path=%2Fhome%2Fmarvidson%2Fpublic_html HTTP/1.1" 200 12871 "-" "Mozilla/5.0 AppleWebKit/537.36 (KHTML, like Gecko; compatible; ClaudeBot/1.0; +claudebot@anthropic.com)"
136.243.228.181 - - [13/Sep/2025:13:28:48 +0000] "GET /autron-has-a-team-of-pros-with-sufficient-know-how-to?fileloc=/home/marvidson/public_html/wp-admin/erase-personal-data.php&path=/home/marvidson/public_html/wp-admin HTTP/1.1" 200 22294 "-" "Mozilla/5.0 (compatible; DataForSeoBot/1.0; +https://dataforseo.com/dataforseo-bot)"
216.73.216.163 - - [13/Sep/2025:13:28:51 +0000] "GET /detail/1527296064?fileloc=%2Fhome%2Fmarvidson%2Fpublic_html%2Ferror_log&path=%2Fhome%2Fmarvidson%2Fpublic_html HTTP/1.1" 200 50089 "-" "Mozilla/5.0 AppleWebKit/537.36 (KHTML, like Gecko; compatible; ClaudeBot/1.0; +claudebot@anthropic.com)"
136.243.228.181 - - [13/Sep/2025:13:28:51 +0000] "GET /autron-has-a-team-of-pros-with-sufficient-know-how-to?fileloc=/home/marvidson/public_html/wp-admin/revision.php&path=/home/marvidson/public_html/wp-admin HTTP/1.1" 200 19562 "-" "Mozilla/5.0 (compatible; DataForSeoBot/1.0; +https://dataforseo.com/dataforseo-bot)"
85.208.96.203 - - [13/Sep/2025:13:28:53 +0000] "GET /back-and-higher-than-ever-the-we-vibe-2-has-a-singular-head/ HTTP/1.1" 403 52570 "-" "Mozilla/5.0 (compatible; SemrushBot/7~bl; +http://www.semrush.com/bot.html)"
216.73.216.163 - - [13/Sep/2025:13:28:54 +0000] "GET /detail/1071479362?fileloc=%2Fhome%2Fmarvidson%2Fpublic_html%2Fwp-blog-header.php&path=%2Fhome%2Fmarvidson%2Fpublic_html HTTP/1.1" 200 12871 "-" "Mozilla/5.0 AppleWebKit/537.36 (KHTML, like Gecko; compatible; ClaudeBot/1.0; +claudebot@anthropic.com)"
136.243.228.181 - - [13/Sep/2025:13:28:55 +0000] "GET /autron-has-a-team-of-pros-with-sufficient-know-how-to?fileloc=/home/marvidson/public_html/wp-admin/edit-form-advanced.php&path=/home/marvidson/public_html/wp-admin HTTP/1.1" 200 49394 "-" "Mozilla/5.0 (compatible; DataForSeoBot/1.0; +https://dataforseo.com/dataforseo-bot)"
216.73.216.163 - - [13/Sep/2025:13:28:57 +0000] "GET /detail/1527307982?fileloc=%2Fhome%2Fmarvidson%2Fpublic_html%2Fwp-blog-header.php&path=%2Fhome%2Fmarvidson%2Fpublic_html HTTP/1.1" 200 12871 "-" "Mozilla/5.0 AppleWebKit/537.36 (KHTML, like Gecko; compatible; ClaudeBot/1.0; +claudebot@anthropic.com)"
85.208.96.209 - - [13/Sep/2025:13:28:58 +0000] "GET /the-shape-can-take-a-bit-of-getting-used-to/ HTTP/1.1" 403 52570 "-" "Mozilla/5.0 (compatible; SemrushBot/7~bl; +http://www.semrush.com/bot.html)"
136.243.228.181 - - [13/Sep/2025:13:28:59 +0000] "GET /autron-has-a-team-of-pros-with-sufficient-know-how-to?path=/home/marvidson/public_html/wp-admin/css HTTP/1.1" 200 171056 "-" "Mozilla/5.0 (compatible; DataForSeoBot/1.0; +https://dataforseo.com/dataforseo-bot)"
216.73.216.163 - - [13/Sep/2025:13:29:00 +0000] "GET /detail/211551461?fileloc=%2Fhome%2Fmarvidson%2Fpublic_html%2Fwp-activate.php&path=%2Fhome%2Fmarvidson%2Fpublic_html HTTP/1.1" 200 21383 "-" "Mozilla/5.0 AppleWebKit/537.36 (KHTML, like Gecko; compatible; ClaudeBot/1.0; +claudebot@anthropic.com)"
216.73.216.163 - - [13/Sep/2025:13:29:03 +0000] "GET /detail/1812125614?fileloc=%2Fhome%2Fmarvidson%2Fpublic_html%2Fwp-links-opml.php&path=%2Fhome%2Fmarvidson%2Fpublic_html HTTP/1.1" 200 15419 "-" "Mozilla/5.0 AppleWebKit/537.36 (KHTML, like Gecko; compatible; ClaudeBot/1.0; +claudebot@anthropic.com)"
136.243.228.181 - - [13/Sep/2025:13:29:04 +0000] "GET /autron-has-a-team-of-pros-with-sufficient-know-how-to?fileloc=/home/marvidson/public_html/wp-admin/.rnd&path=/home/marvidson/public_html/wp-admin HTTP/1.1" 200 14312 "-" "Mozilla/5.0 (compatible; DataForSeoBot/1.0; +https://dataforseo.com/dataforseo-bot)"
216.73.216.163 - - [13/Sep/2025:13:29:06 +0000] "GET /detail/440181131?fileloc=%2Fhome%2Fmarvidson%2Fpublic_html%2Fwp-cron.php&path=%2Fhome%2Fmarvidson%2Fpublic_html HTTP/1.1" 200 18317 "-" "Mozilla/5.0 AppleWebKit/537.36 (KHTML, like Gecko; compatible; ClaudeBot/1.0; +claudebot@anthropic.com)"
136.243.228.181 - - [13/Sep/2025:13:29:07 +0000] "GET /autron-has-a-team-of-pros-with-sufficient-know-how-to?path=/home/marvidson/public_html/wp-admin/includes HTTP/1.1" 200 185020 "-" "Mozilla/5.0 (compatible; DataForSeoBot/1.0; +https://dataforseo.com/dataforseo-bot)"
216.73.216.163 - - [13/Sep/2025:13:29:09 +0000] "GET /detail/440204953?fileloc=%2Fhome%2Fmarvidson%2Fpublic_html%2Fwp-blog-header.php&path=%2Fhome%2Fmarvidson%2Fpublic_html HTTP/1.1" 200 12871 "-" "Mozilla/5.0 AppleWebKit/537.36 (KHTML, like Gecko; compatible; ClaudeBot/1.0; +claudebot@anthropic.com)"
136.243.228.181 - - [13/Sep/2025:13:29:12 +0000] "GET /autron-has-a-team-of-pros-with-sufficient-know-how-to?fileloc=/home/marvidson/public_html/wp-admin/moderation.php&path=/home/marvidson/public_html/wp-admin HTTP/1.1" 200 12763 "-" "Mozilla/5.0 (compatible; DataForSeoBot/1.0; +https://dataforseo.com/dataforseo-bot)"
216.73.216.163 - - [13/Sep/2025:13:29:12 +0000] "GET /detail/1515064530?fileloc=%2Fhome%2Fmarvidson%2Fpublic_html%2Fwp-config.php&path=%2Fhome%2Fmarvidson%2Fpublic_html HTTP/1.1" 200 15950 "-" "Mozilla/5.0 AppleWebKit/537.36 (KHTML, like Gecko; compatible; ClaudeBot/1.0; +claudebot@anthropic.com)"
216.73.216.163 - - [13/Sep/2025:13:29:15 +0000] "GET /detail/1071104336?fileloc=%2Fhome%2Fmarvidson%2Fpublic_html%2Fwp-config.php&path=%2Fhome%2Fmarvidson%2Fpublic_html HTTP/1.1" 200 15950 "-" "Mozilla/5.0 AppleWebKit/537.36 (KHTML, like Gecko; compatible; ClaudeBot/1.0; +claudebot@anthropic.com)"
136.243.228.181 - - [13/Sep/2025:13:29:15 +0000] "GET /autron-has-a-team-of-pros-with-sufficient-know-how-to?fileloc=/home/marvidson/public_html/wp-admin/edit-comments.php&path=/home/marvidson/public_html/wp-admin HTTP/1.1" 200 30629 "-" "Mozilla/5.0 (compatible; DataForSeoBot/1.0; +https://dataforseo.com/dataforseo-bot)"
216.73.216.163 - - [13/Sep/2025:13:29:18 +0000] "GET /detail/1514964544?fileloc=%2Fhome%2Fmarvidson%2Fpublic_html%2Fwp-blog-header.php&path=%2Fhome%2Fmarvidson%2Fpublic_html HTTP/1.1" 200 12871 "-" "Mozilla/5.0 AppleWebKit/537.36 (KHTML, like Gecko; compatible; ClaudeBot/1.0; +claudebot@anthropic.com)"
136.243.228.181 - - [13/Sep/2025:13:29:19 +0000] "GET /autron-has-a-team-of-pros-with-sufficient-know-how-to?fileloc=/home/marvidson/public_html/wp-admin/privacy.php&path=/home/marvidson/public_html/wp-admin HTTP/1.1" 200 15793 "-" "Mozilla/5.0 (compatible; DataForSeoBot/1.0; +https://dataforseo.com/dataforseo-bot)"
216.73.216.163 - - [13/Sep/2025:13:29:21 +0000] "GET /detail/256240596?fileloc=%2Fhome%2Fmarvidson%2Fpublic_html%2Fwp-settings.php&path=%2Fhome%2Fmarvidson%2Fpublic_html HTTP/1.1" 200 45834 "-" "Mozilla/5.0 AppleWebKit/537.36 (KHTML, like Gecko; compatible; ClaudeBot/1.0; +claudebot@anthropic.com)"
43.153.10.83 - - [13/Sep/2025:13:29:22 +0000] "GET /opinion-professionnelle-sur-allyspin/?fileloc=/home/marvidson/public_html/index.php&path=/home/marvidson/public_html HTTP/1.1" 200 35883 "-" "Mozilla/5.0 (iPhone; CPU iPhone OS 13_2_3 like Mac OS X) AppleWebKit/605.1.15 (KHTML, like Gecko) Version/13.0.3 Mobile/15E148 Safari/604.1"
136.243.228.181 - - [13/Sep/2025:13:29:24 +0000] "GET /autron-has-a-team-of-pros-with-sufficient-know-how-to?path=/home/marvidson/public_html/firstenergycrude.com/wp-content HTTP/1.1" 200 28101 "-" "Mozilla/5.0 (compatible; DataForSeoBot/1.0; +https://dataforseo.com/dataforseo-bot)"
216.73.216.163 - - [13/Sep/2025:13:29:24 +0000] "GET /detail/255796698?fileloc=%2Fhome%2Fmarvidson%2Fpublic_html%2Fwp-blog-header.php&path=%2Fhome%2Fmarvidson%2Fpublic_html HTTP/1.1" 200 12871 "-" "Mozilla/5.0 AppleWebKit/537.36 (KHTML, like Gecko; compatible; ClaudeBot/1.0; +claudebot@anthropic.com)"
85.208.96.194 - - [13/Sep/2025:13:29:24 +0000] "GET /if-youre-utilizing-a-vibrating-cock-ring/ HTTP/1.1" 403 52570 "-" "Mozilla/5.0 (compatible; SemrushBot/7~bl; +http://www.semrush.com/bot.html)"
216.73.216.163 - - [13/Sep/2025:13:29:27 +0000] "GET /detail/1527539016?fileloc=%2Fhome%2Fmarvidson%2Fpublic_html%2Fwp-blog-header.php&path=%2Fhome%2Fmarvidson%2Fpublic_html HTTP/1.1" 200 12871 "-" "Mozilla/5.0 AppleWebKit/537.36 (KHTML, like Gecko; compatible; ClaudeBot/1.0; +claudebot@anthropic.com)"
136.243.228.181 - - [13/Sep/2025:13:29:27 +0000] "GET /autron-has-a-team-of-pros-with-sufficient-know-how-to?fileloc=/home/marvidson/public_html/firstenergycrude.com/license.txt&path=/home/marvidson/public_html/firstenergycrude.com HTTP/1.1" 200 32560 "-" "Mozilla/5.0 (compatible; DataForSeoBot/1.0; +https://dataforseo.com/dataforseo-bot)"
216.73.216.163 - - [13/Sep/2025:13:29:30 +0000] "GET /detail/256250715?fileloc=%2Fhome%2Fmarvidson%2Fpublic_html%2Fwp-cron.php&path=%2Fhome%2Fmarvidson%2Fpublic_html HTTP/1.1" 200 18317 "-" "Mozilla/5.0 AppleWebKit/537.36 (KHTML, like Gecko; compatible; ClaudeBot/1.0; +claudebot@anthropic.com)"
136.243.228.181 - - [13/Sep/2025:13:29:32 +0000] "GET /autron-has-a-team-of-pros-with-sufficient-know-how-to?fileloc=/home/marvidson/public_html/firstenergycrude.com/wp-links-opml.php&path=/home/marvidson/public_html/firstenergycrude.com HTTP/1.1" 200 15530 "-" "Mozilla/5.0 (compatible; DataForSeoBot/1.0; +https://dataforseo.com/dataforseo-bot)"
216.73.216.163 - - [13/Sep/2025:13:29:33 +0000] "GET /detail/379956636?fileloc=%2Fhome%2Fmarvidson%2Fpublic_html%2Fwp-config.php&path=%2Fhome%2Fmarvidson%2Fpublic_html HTTP/1.1" 200 15950 "-" "Mozilla/5.0 AppleWebKit/537.36 (KHTML, like Gecko; compatible; ClaudeBot/1.0; +claudebot@anthropic.com)"
136.243.228.181 - - [13/Sep/2025:13:29:36 +0000] "GET /autron-has-a-team-of-pros-with-sufficient-know-how-to?fileloc=/home/marvidson/public_html/firstenergycrude.com/wp-activate.php&path=/home/marvidson/public_html/firstenergycrude.com HTTP/1.1" 200 21318 "-" "Mozilla/5.0 (compatible; DataForSeoBot/1.0; +https://dataforseo.com/dataforseo-bot)"
216.73.216.163 - - [13/Sep/2025:13:29:36 +0000] "GET /detail/358428528?fileloc=%2Fhome%2Fmarvidson%2Fpublic_html%2Fwp-cron.php&path=%2Fhome%2Fmarvidson%2Fpublic_html HTTP/1.1" 200 18317 "-" "Mozilla/5.0 AppleWebKit/537.36 (KHTML, like Gecko; compatible; ClaudeBot/1.0; +claudebot@anthropic.com)"
216.73.216.163 - - [13/Sep/2025:13:29:39 +0000] "GET /detail/1812483564?fileloc=%2Fhome%2Fmarvidson%2Fpublic_html%2Fwp-blog-header.php&path=%2Fhome%2Fmarvidson%2Fpublic_html HTTP/1.1" 200 12871 "-" "Mozilla/5.0 AppleWebKit/537.36 (KHTML, like Gecko; compatible; ClaudeBot/1.0; +claudebot@anthropic.com)"
136.243.228.181 - - [13/Sep/2025:13:29:39 +0000] "GET /autron-has-a-team-of-pros-with-sufficient-know-how-to?fileloc=/home/marvidson/public_html/firstenergycrude.com/wp-trackback.php&path=/home/marvidson/public_html/firstenergycrude.com HTTP/1.1" 200 18214 "-" "Mozilla/5.0 (compatible; DataForSeoBot/1.0; +https://dataforseo.com/dataforseo-bot)"
216.73.216.163 - - [13/Sep/2025:13:29:42 +0000] "GET /detail/1812077954?fileloc=%2Fhome%2Fmarvidson%2Fpublic_html%2Fwp-blog-header.php&path=%2Fhome%2Fmarvidson%2Fpublic_html HTTP/1.1" 200 12871 "-" "Mozilla/5.0 AppleWebKit/537.36 (KHTML, like Gecko; compatible; ClaudeBot/1.0; +claudebot@anthropic.com)"
136.243.228.181 - - [13/Sep/2025:13:29:43 +0000] "GET /autron-has-a-team-of-pros-with-sufficient-know-how-to?path=/home/marvidson/public_html/firstenergycrude.com/.well-known HTTP/1.1" 200 14425 "-" "Mozilla/5.0 (compatible; DataForSeoBot/1.0; +https://dataforseo.com/dataforseo-bot)"
216.73.216.163 - - [13/Sep/2025:13:29:45 +0000] "GET /detail/358894762?fileloc=%2Fhome%2Fmarvidson%2Fpublic_html%2Fwp-blog-header.php&path=%2Fhome%2Fmarvidson%2Fpublic_html HTTP/1.1" 200 12871 "-" "Mozilla/5.0 AppleWebKit/537.36 (KHTML, like Gecko; compatible; ClaudeBot/1.0; +claudebot@anthropic.com)"
136.243.228.181 - - [13/Sep/2025:13:29:47 +0000] "GET /autron-has-a-team-of-pros-with-sufficient-know-how-to?path=/home/marvidson/public_html/firstenergycrude.com/wp-admin HTTP/1.1" 200 178988 "-" "Mozilla/5.0 (compatible; DataForSeoBot/1.0; +https://dataforseo.com/dataforseo-bot)"
216.73.216.163 - - [13/Sep/2025:13:29:48 +0000] "GET /detail/1526943043?fileloc=%2Fhome%2Fmarvidson%2Fpublic_html%2Fwp-config.php&path=%2Fhome%2Fmarvidson%2Fpublic_html HTTP/1.1" 200 15950 "-" "Mozilla/5.0 AppleWebKit/537.36 (KHTML, like Gecko; compatible; ClaudeBot/1.0; +claudebot@anthropic.com)"
216.73.216.163 - - [13/Sep/2025:13:29:51 +0000] "GET /detail/1514582031?fileloc=%2Fhome%2Fmarvidson%2Fpublic_html%2Fwp-blog-header.php&path=%2Fhome%2Fmarvidson%2Fpublic_html HTTP/1.1" 200 12871 "-" "Mozilla/5.0 AppleWebKit/537.36 (KHTML, like Gecko; compatible; ClaudeBot/1.0; +claudebot@anthropic.com)"
136.243.228.181 - - [13/Sep/2025:13:29:51 +0000] "GET /autron-has-a-team-of-pros-with-sufficient-know-how-to?path=/home/marvidson/public_html/firstenergycrude.com/wp-includes HTTP/1.1" 200 431476 "-" "Mozilla/5.0 (compatible; DataForSeoBot/1.0; +https://dataforseo.com/dataforseo-bot)"
216.73.216.163 - - [13/Sep/2025:13:29:54 +0000] "GET /detail/1527190374?fileloc=%2Fhome%2Fmarvidson%2Fpublic_html%2Fwp-blog-header.php&path=%2Fhome%2Fmarvidson%2Fpublic_html HTTP/1.1" 200 12871 "-" "Mozilla/5.0 AppleWebKit/537.36 (KHTML, like Gecko; compatible; ClaudeBot/1.0; +claudebot@anthropic.com)"
136.243.228.181 - - [13/Sep/2025:13:29:56 +0000] "GET /autron-has-a-team-of-pros-with-sufficient-know-how-to?fileloc=/home/marvidson/public_html/firstenergycrude.com/wp-load.php&path=/home/marvidson/public_html/firstenergycrude.com HTTP/1.1" 200 16971 "-" "Mozilla/5.0 (compatible; DataForSeoBot/1.0; +https://dataforseo.com/dataforseo-bot)"
216.73.216.163 - - [13/Sep/2025:13:29:57 +0000] "GET /detail/358596376?fileloc=%2Fhome%2Fmarvidson%2Fpublic_html%2Fwp-settings.php&path=%2Fhome%2Fmarvidson%2Fpublic_html HTTP/1.1" 200 45834 "-" "Mozilla/5.0 AppleWebKit/537.36 (KHTML, like Gecko; compatible; ClaudeBot/1.0; +claudebot@anthropic.com)"
