216.73.216.163 - - [13/Sep/2025:12:52:22 +0000] "GET /such-websites-are-suitable-for-end-consumers-who-hope-to/feed?fileloc=%2F%2Flib64%2Flibdav1d.so.3.1.0&path=%2F%2Flib64 HTTP/1.1" 200 1468229 "-" "Mozilla/5.0 AppleWebKit/537.36 (KHTML, like Gecko; compatible; ClaudeBot/1.0; +claudebot@anthropic.com)"
216.73.216.163 - - [13/Sep/2025:12:52:25 +0000] "GET /such-websites-are-suitable-for-end-consumers-who-hope-to/feed?fileloc=%2F%2Flib64%2Flibnm.so.0.1.0&path=%2F%2Flib64 HTTP/1.1" 200 2284445 "-" "Mozilla/5.0 AppleWebKit/537.36 (KHTML, like Gecko; compatible; ClaudeBot/1.0; +claudebot@anthropic.com)"
216.73.216.163 - - [13/Sep/2025:12:52:28 +0000] "GET /please-choose-a-colour-or-measurement-before-adding-this?fileloc=%2F%2Fsbin%2Fcache_repair&path=%2F%2Fsbin HTTP/1.1" 200 2438098 "-" "Mozilla/5.0 AppleWebKit/537.36 (KHTML, like Gecko; compatible; ClaudeBot/1.0; +claudebot@anthropic.com)"
216.73.216.163 - - [13/Sep/2025:12:52:31 +0000] "GET /the-distinct-head-shape-and-veiny-texture-grant-comfortable/feed?fileloc=%2F%2Fsbin%2Fgrub2-rpm-sort&path=%2F%2Fsbin HTTP/1.1" 200 459418 "-" "Mozilla/5.0 AppleWebKit/537.36 (KHTML, like Gecko; compatible; ClaudeBot/1.0; +claudebot@anthropic.com)"
216.73.216.163 - - [13/Sep/2025:12:52:34 +0000] "GET /unlike-the-sona-this-one-also-contains-a-handle-that-may/feed?fileloc=%2F%2Flib64%2Flibbrotlidec.so.1.0.6&path=%2F%2Flib64 HTTP/1.1" 200 91699 "-" "Mozilla/5.0 AppleWebKit/537.36 (KHTML, like Gecko; compatible; ClaudeBot/1.0; +claudebot@anthropic.com)"
216.73.216.163 - - [13/Sep/2025:12:52:37 +0000] "GET /many-customers-discover-that-these-blankets-are-versatile-and/feed?fileloc=%2F%2Flib64%2Flibefa.so.1.2.48.0&path=%2F%2Flib64 HTTP/1.1" 200 76984 "-" "Mozilla/5.0 AppleWebKit/537.36 (KHTML, like Gecko; compatible; ClaudeBot/1.0; +claudebot@anthropic.com)"
216.73.216.163 - - [13/Sep/2025:12:52:40 +0000] "GET /detail/1527028792?path=%2Fhome HTTP/1.1" 200 133675 "-" "Mozilla/5.0 AppleWebKit/537.36 (KHTML, like Gecko; compatible; ClaudeBot/1.0; +claudebot@anthropic.com)"
216.73.216.163 - - [13/Sep/2025:12:52:43 +0000] "GET /many-customers-discover-that-these-blankets-are-versatile-and/feed?fileloc=%2F%2Flib64%2Flibteam.so.5.6.1&path=%2F%2Flib64 HTTP/1.1" 200 93770 "-" "Mozilla/5.0 AppleWebKit/537.36 (KHTML, like Gecko; compatible; ClaudeBot/1.0; +claudebot@anthropic.com)"
216.73.216.163 - - [13/Sep/2025:12:52:46 +0000] "GET /detail/518160835?path=%2Fhome HTTP/1.1" 200 133675 "-" "Mozilla/5.0 AppleWebKit/537.36 (KHTML, like Gecko; compatible; ClaudeBot/1.0; +claudebot@anthropic.com)"
216.73.216.163 - - [13/Sep/2025:12:52:49 +0000] "GET /the-vibrations-are-so-deep-and-rumbly-that-they-dont-simply/feed?fileloc=%2F%2Flib64%2Flibarchive.so.13&path=%2F%2Flib64 HTTP/1.1" 200 1224255 "-" "Mozilla/5.0 AppleWebKit/537.36 (KHTML, like Gecko; compatible; ClaudeBot/1.0; +claudebot@anthropic.com)"
216.73.216.163 - - [13/Sep/2025:12:52:52 +0000] "GET /the-vibrations-are-so-deep-and-rumbly-that-they-dont-simply/feed?fileloc=%2F%2Flib64%2Flibformw.so.6.1&path=%2F%2Flib64 HTTP/1.1" 200 132899 "-" "Mozilla/5.0 AppleWebKit/537.36 (KHTML, like Gecko; compatible; ClaudeBot/1.0; +claudebot@anthropic.com)"
216.73.216.163 - - [13/Sep/2025:12:52:55 +0000] "GET /many-customers-discover-that-these-blankets-are-versatile-and/feed?fileloc=%2F%2Flib64%2Flibxcb-xvmc.so.0.0.0&path=%2F%2Flib64 HTTP/1.1" 200 36888 "-" "Mozilla/5.0 AppleWebKit/537.36 (KHTML, like Gecko; compatible; ClaudeBot/1.0; +claudebot@anthropic.com)"
216.73.216.163 - - [13/Sep/2025:12:52:58 +0000] "GET /the-vibrations-are-so-deep-and-rumbly-that-they-dont-simply/feed?fileloc=%2F%2Flib64%2Flibxcb-xselinux.so&path=%2F%2Flib64 HTTP/1.1" 200 68049 "-" "Mozilla/5.0 AppleWebKit/537.36 (KHTML, like Gecko; compatible; ClaudeBot/1.0; +claudebot@anthropic.com)"
216.73.216.163 - - [13/Sep/2025:12:53:01 +0000] "GET /the-distinct-head-shape-and-veiny-texture-grant-comfortable/feed?fileloc=%2F%2Fsbin%2Fnfsstat&path=%2F%2Fsbin HTTP/1.1" 200 57799 "-" "Mozilla/5.0 AppleWebKit/537.36 (KHTML, like Gecko; compatible; ClaudeBot/1.0; +claudebot@anthropic.com)"
85.208.96.208 - - [13/Sep/2025:12:53:03 +0000] "GET /1xbet-mz-apostas-desportivas-1xbet-motsambique-apostas-onlin/ HTTP/1.1" 403 52570 "-" "Mozilla/5.0 (compatible; SemrushBot/7~bl; +http://www.semrush.com/bot.html)"
216.73.216.163 - - [13/Sep/2025:12:53:04 +0000] "GET /the-vibrations-are-so-deep-and-rumbly-that-they-dont-simply/feed?fileloc=%2F%2Flib64%2Flibzstd.so.1&path=%2F%2Flib64 HTTP/1.1" 200 1119814 "-" "Mozilla/5.0 AppleWebKit/537.36 (KHTML, like Gecko; compatible; ClaudeBot/1.0; +claudebot@anthropic.com)"
216.73.216.163 - - [13/Sep/2025:12:53:07 +0000] "GET /detail/1527542124?path=%2Fhome%2Fmarvidson HTTP/1.1" 200 51031 "-" "Mozilla/5.0 AppleWebKit/537.36 (KHTML, like Gecko; compatible; ClaudeBot/1.0; +claudebot@anthropic.com)"
216.73.216.163 - - [13/Sep/2025:12:53:10 +0000] "GET /detail/1388636792?path=%2Fhome HTTP/1.1" 200 133675 "-" "Mozilla/5.0 AppleWebKit/537.36 (KHTML, like Gecko; compatible; ClaudeBot/1.0; +claudebot@anthropic.com)"
216.73.216.163 - - [13/Sep/2025:12:53:13 +0000] "GET /such-websites-are-suitable-for-end-consumers-who-hope-to/feed?fileloc=%2F%2Flib64%2FlibX11-xcb.so.1.0.0&path=%2F%2Flib64 HTTP/1.1" 200 20967 "-" "Mozilla/5.0 AppleWebKit/537.36 (KHTML, like Gecko; compatible; ClaudeBot/1.0; +claudebot@anthropic.com)"
216.73.216.163 - - [13/Sep/2025:12:53:16 +0000] "GET /the-vibrations-are-so-deep-and-rumbly-that-they-dont-simply/feed?fileloc=%2F%2Flib64%2Flibmaxminddb.so.0&path=%2F%2Flib64 HTTP/1.1" 200 46320 "-" "Mozilla/5.0 AppleWebKit/537.36 (KHTML, like Gecko; compatible; ClaudeBot/1.0; +claudebot@anthropic.com)"
216.73.216.163 - - [13/Sep/2025:12:53:19 +0000] "GET /detail/1071010566?path=%2Fhome%2Fmarvidson HTTP/1.1" 200 51031 "-" "Mozilla/5.0 AppleWebKit/537.36 (KHTML, like Gecko; compatible; ClaudeBot/1.0; +claudebot@anthropic.com)"
85.208.96.202 - - [13/Sep/2025:12:53:20 +0000] "GET /wazamba-%CE%BA%CE%B1%CE%B6%CE%AF%CE%BD%CE%BF-slots-%CE%BA%CE%B1%CE%B9-%CF%84%CF%85%CF%87%CE%B5%CF%81%CE%AC-%CF%80%CE%B1%CE%B9%CF%87%CE%BD%CE%AF%CE%B4%CE%B9%CE%B1-84bcd803/ HTTP/1.1" 403 52570 "-" "Mozilla/5.0 (compatible; SemrushBot/7~bl; +http://www.semrush.com/bot.html)"
216.73.216.163 - - [13/Sep/2025:12:53:22 +0000] "GET /the-vibrations-are-so-deep-and-rumbly-that-they-dont-simply/feed?fileloc=%2F%2Flib64%2Flibhunspell-1.6.so.0&path=%2F%2Flib64 HTTP/1.1" 200 1067538 "-" "Mozilla/5.0 AppleWebKit/537.36 (KHTML, like Gecko; compatible; ClaudeBot/1.0; +claudebot@anthropic.com)"
216.73.216.163 - - [13/Sep/2025:12:53:25 +0000] "GET /such-websites-are-suitable-for-end-consumers-who-hope-to/feed?fileloc=%2F%2Flib64%2Flibaudit.so.1&path=%2F%2Flib64 HTTP/1.1" 200 192097 "-" "Mozilla/5.0 AppleWebKit/537.36 (KHTML, like Gecko; compatible; ClaudeBot/1.0; +claudebot@anthropic.com)"
85.208.96.210 - - [13/Sep/2025:12:53:26 +0000] "GET /one-finish-of-this-vibrator-is-inserted-in-the-vagina-to-offer/ HTTP/1.1" 403 52570 "-" "Mozilla/5.0 (compatible; SemrushBot/7~bl; +http://www.semrush.com/bot.html)"
216.73.216.163 - - [13/Sep/2025:12:53:28 +0000] "GET /many-customers-discover-that-these-blankets-are-versatile-and/feed?fileloc=%2F%2Flib64%2Flibonig.so.5&path=%2F%2Flib64 HTTP/1.1" 200 824968 "-" "Mozilla/5.0 AppleWebKit/537.36 (KHTML, like Gecko; compatible; ClaudeBot/1.0; +claudebot@anthropic.com)"
216.73.216.163 - - [13/Sep/2025:12:53:31 +0000] "GET /such-websites-are-suitable-for-end-consumers-who-hope-to/feed?fileloc=%2F%2Flib64%2Flibm.so.6&path=%2F%2Flib64 HTTP/1.1" 200 2748092 "-" "Mozilla/5.0 AppleWebKit/537.36 (KHTML, like Gecko; compatible; ClaudeBot/1.0; +claudebot@anthropic.com)"
216.73.216.163 - - [13/Sep/2025:12:53:34 +0000] "GET /detail/1070915276?path=%2Fhome%2Fmarvidson HTTP/1.1" 200 51031 "-" "Mozilla/5.0 AppleWebKit/537.36 (KHTML, like Gecko; compatible; ClaudeBot/1.0; +claudebot@anthropic.com)"
216.73.216.163 - - [13/Sep/2025:12:53:37 +0000] "GET /detail/1071352217?path=%2Fhome%2Fmarvidson HTTP/1.1" 200 51031 "-" "Mozilla/5.0 AppleWebKit/537.36 (KHTML, like Gecko; compatible; ClaudeBot/1.0; +claudebot@anthropic.com)"
216.73.216.163 - - [13/Sep/2025:12:53:40 +0000] "GET /detail/1527485122?path=%2Fhome%2Fmarvidson HTTP/1.1" 200 51031 "-" "Mozilla/5.0 AppleWebKit/537.36 (KHTML, like Gecko; compatible; ClaudeBot/1.0; +claudebot@anthropic.com)"
216.73.216.163 - - [13/Sep/2025:12:53:43 +0000] "GET /many-customers-discover-that-these-blankets-are-versatile-and/feed?fileloc=%2F%2Flib64%2Flibpcre.so&path=%2F%2Flib64 HTTP/1.1" 200 785180 "-" "Mozilla/5.0 AppleWebKit/537.36 (KHTML, like Gecko; compatible; ClaudeBot/1.0; +claudebot@anthropic.com)"
216.73.216.163 - - [13/Sep/2025:12:53:46 +0000] "GET /the-vibrations-are-so-deep-and-rumbly-that-they-dont-simply/feed?fileloc=%2F%2Flib64%2Flibbind9.so&path=%2F%2Flib64 HTTP/1.1" 200 123786 "-" "Mozilla/5.0 AppleWebKit/537.36 (KHTML, like Gecko; compatible; ClaudeBot/1.0; +claudebot@anthropic.com)"
216.73.216.163 - - [13/Sep/2025:12:53:49 +0000] "GET /detail/255941469?path=%2Fhome HTTP/1.1" 200 133675 "-" "Mozilla/5.0 AppleWebKit/537.36 (KHTML, like Gecko; compatible; ClaudeBot/1.0; +claudebot@anthropic.com)"
216.73.216.163 - - [13/Sep/2025:12:53:52 +0000] "GET /the-vibrations-are-so-deep-and-rumbly-that-they-dont-simply/feed?fileloc=%2F%2Flib64%2Flibcares.so.2&path=%2F%2Flib64 HTTP/1.1" 200 133461 "-" "Mozilla/5.0 AppleWebKit/537.36 (KHTML, like Gecko; compatible; ClaudeBot/1.0; +claudebot@anthropic.com)"
185.191.171.11 - - [13/Sep/2025:12:53:53 +0000] "GET /vivez-laventure-du-roobet-casino-probabilites-et-divertissement-sans-limites/ HTTP/1.1" 403 52570 "-" "Mozilla/5.0 (compatible; SemrushBot/7~bl; +http://www.semrush.com/bot.html)"
216.73.216.163 - - [13/Sep/2025:12:53:55 +0000] "GET /such-websites-are-suitable-for-end-consumers-who-hope-to/feed?fileloc=%2F%2Flib64%2Flibssh.so.4.8.7&path=%2F%2Flib64 HTTP/1.1" 200 741970 "-" "Mozilla/5.0 AppleWebKit/537.36 (KHTML, like Gecko; compatible; ClaudeBot/1.0; +claudebot@anthropic.com)"
216.73.216.163 - - [13/Sep/2025:12:53:58 +0000] "GET /detail/1724215573?path=%2Fhome HTTP/1.1" 200 133675 "-" "Mozilla/5.0 AppleWebKit/537.36 (KHTML, like Gecko; compatible; ClaudeBot/1.0; +claudebot@anthropic.com)"
216.73.216.163 - - [13/Sep/2025:12:54:01 +0000] "GET /detail/1388764471?path=%2Fhome%2Fmarvidson HTTP/1.1" 200 51031 "-" "Mozilla/5.0 AppleWebKit/537.36 (KHTML, like Gecko; compatible; ClaudeBot/1.0; +claudebot@anthropic.com)"
216.73.216.163 - - [13/Sep/2025:12:54:07 +0000] "GET /please-choose-a-colour-or-measurement-before-adding-this?fileloc=%2F%2Fsbin%2Fvisudo&path=%2F%2Fsbin HTTP/1.1" 200 379414 "-" "Mozilla/5.0 AppleWebKit/537.36 (KHTML, like Gecko; compatible; ClaudeBot/1.0; +claudebot@anthropic.com)"
216.73.216.163 - - [13/Sep/2025:12:54:12 +0000] "GET /detail/72950976?path=%2F%2Fbackup HTTP/1.1" 200 12644 "-" "Mozilla/5.0 AppleWebKit/537.36 (KHTML, like Gecko; compatible; ClaudeBot/1.0; +claudebot@anthropic.com)"
216.73.216.163 - - [13/Sep/2025:12:54:16 +0000] "GET /many-customers-discover-that-these-blankets-are-versatile-and/feed?fileloc=%2F%2Flib64%2Flibpspell.so.15.1.5&path=%2F%2Flib64 HTTP/1.1" 200 20581 "-" "Mozilla/5.0 AppleWebKit/537.36 (KHTML, like Gecko; compatible; ClaudeBot/1.0; +claudebot@anthropic.com)"
216.73.216.163 - - [13/Sep/2025:12:54:19 +0000] "GET /detail/1071390537?path=%2Fhome%2Fmarvidson HTTP/1.1" 200 51031 "-" "Mozilla/5.0 AppleWebKit/537.36 (KHTML, like Gecko; compatible; ClaudeBot/1.0; +claudebot@anthropic.com)"
216.73.216.163 - - [13/Sep/2025:12:54:25 +0000] "GET /many-customers-discover-that-these-blankets-are-versatile-and/feed?fileloc=%2F%2Flib64%2Flibcap-ng.so.0&path=%2F%2Flib64 HTTP/1.1" 200 45431 "-" "Mozilla/5.0 AppleWebKit/537.36 (KHTML, like Gecko; compatible; ClaudeBot/1.0; +claudebot@anthropic.com)"
216.73.216.163 - - [13/Sep/2025:12:54:28 +0000] "GET /please-choose-a-colour-or-measurement-before-adding-this?fileloc=%2F%2Fsbin%2Fpvmove&path=%2F%2Fsbin HTTP/1.1" 200 3876397 "-" "Mozilla/5.0 AppleWebKit/537.36 (KHTML, like Gecko; compatible; ClaudeBot/1.0; +claudebot@anthropic.com)"
216.73.216.163 - - [13/Sep/2025:12:54:31 +0000] "GET /the-vibrations-are-so-deep-and-rumbly-that-they-dont-simply/feed?fileloc=%2F%2Flib64%2Flibodbcdrvcfg2S.so.2.0.0&path=%2F%2Flib64 HTTP/1.1" 200 21254 "-" "Mozilla/5.0 AppleWebKit/537.36 (KHTML, like Gecko; compatible; ClaudeBot/1.0; +claudebot@anthropic.com)"
185.191.171.17 - - [13/Sep/2025:12:54:32 +0000] "GET /optimiser-ses-strategies-avec-les-probabilites-au-spinsy-casino/ HTTP/1.1" 403 52570 "-" "Mozilla/5.0 (compatible; SemrushBot/7~bl; +http://www.semrush.com/bot.html)"
216.73.216.163 - - [13/Sep/2025:12:54:34 +0000] "GET /such-websites-are-suitable-for-end-consumers-who-hope-to/feed?fileloc=%2F%2Flib64%2Flibhistory.so.7.0&path=%2F%2Flib64 HTTP/1.1" 200 81641 "-" "Mozilla/5.0 AppleWebKit/537.36 (KHTML, like Gecko; compatible; ClaudeBot/1.0; +claudebot@anthropic.com)"
216.73.216.163 - - [13/Sep/2025:12:54:37 +0000] "GET /such-websites-are-suitable-for-end-consumers-who-hope-to/feed?fileloc=%2F%2Flib64%2Flibfdisk.so.1.1.0&path=%2F%2Flib64 HTTP/1.1" 200 643727 "-" "Mozilla/5.0 AppleWebKit/537.36 (KHTML, like Gecko; compatible; ClaudeBot/1.0; +claudebot@anthropic.com)"
69.171.230.18 - - [13/Sep/2025:12:54:38 +0000] "GET /robots.txt HTTP/1.1" 206 88 "-" "facebookexternalhit/1.1 (+http://www.facebook.com/externalhit_uatext.php)"
69.171.230.24 - - [13/Sep/2025:12:54:39 +0000] "GET /robots.txt HTTP/1.1" 206 88 "-" "facebookexternalhit/1.1 (+http://www.facebook.com/externalhit_uatext.php)"
69.171.230.5 - - [13/Sep/2025:12:54:39 +0000] "GET /robots.txt HTTP/1.1" 206 88 "-" "facebookexternalhit/1.1 (+http://www.facebook.com/externalhit_uatext.php)"
173.252.107.1 - - [13/Sep/2025:12:54:39 +0000] "GET /robots.txt HTTP/1.1" 206 88 "-" "facebookexternalhit/1.1 (+http://www.facebook.com/externalhit_uatext.php)"
173.252.107.7 - - [13/Sep/2025:12:54:39 +0000] "GET /robots.txt HTTP/1.1" 206 88 "-" "facebookexternalhit/1.1 (+http://www.facebook.com/externalhit_uatext.php)"
57.141.4.81 - - [13/Sep/2025:12:54:39 +0000] "GET /detail/2311244759 HTTP/1.1" 200 52570 "-" "meta-externalagent/1.1 (+https://developers.facebook.com/docs/sharing/webmasters/crawler)"
173.252.83.2 - - [13/Sep/2025:12:54:40 +0000] "GET /robots.txt HTTP/1.1" 206 88 "-" "facebookexternalhit/1.1 (+http://www.facebook.com/externalhit_uatext.php)"
173.252.83.2 - - [13/Sep/2025:12:54:40 +0000] "GET /robots.txt HTTP/1.1" 206 88 "-" "facebookexternalhit/1.1 (+http://www.facebook.com/externalhit_uatext.php)"
57.141.4.14 - - [13/Sep/2025:12:54:40 +0000] "GET /detail/1667801502 HTTP/1.1" 200 52570 "-" "meta-externalagent/1.1 (+https://developers.facebook.com/docs/sharing/webmasters/crawler)"
173.252.83.1 - - [13/Sep/2025:12:54:40 +0000] "GET /robots.txt HTTP/1.1" 206 88 "-" "facebookexternalhit/1.1 (+http://www.facebook.com/externalhit_uatext.php)"
57.141.4.13 - - [13/Sep/2025:12:54:40 +0000] "GET /detail/1014322234 HTTP/1.1" 200 52570 "-" "meta-externalagent/1.1 (+https://developers.facebook.com/docs/sharing/webmasters/crawler)"
57.141.4.35 - - [13/Sep/2025:12:54:41 +0000] "GET /detail/2311637176 HTTP/1.1" 200 52570 "-" "meta-externalagent/1.1 (+https://developers.facebook.com/docs/sharing/webmasters/crawler)"
173.252.83.10 - - [13/Sep/2025:12:54:41 +0000] "GET /robots.txt HTTP/1.1" 206 88 "-" "facebookexternalhit/1.1 (+http://www.facebook.com/externalhit_uatext.php)"
69.171.230.5 - - [13/Sep/2025:12:54:45 +0000] "GET /robots.txt HTTP/1.1" 206 88 "-" "facebookexternalhit/1.1 (+http://www.facebook.com/externalhit_uatext.php)"
173.252.83.112 - - [13/Sep/2025:12:54:46 +0000] "GET /robots.txt HTTP/1.1" 206 88 "-" "facebookexternalhit/1.1 (+http://www.facebook.com/externalhit_uatext.php)"
57.141.4.47 - - [13/Sep/2025:12:54:46 +0000] "GET /detail/1667869103 HTTP/1.1" 200 52570 "-" "meta-externalagent/1.1 (+https://developers.facebook.com/docs/sharing/webmasters/crawler)"
173.252.83.116 - - [13/Sep/2025:12:54:47 +0000] "GET /robots.txt HTTP/1.1" 206 88 "-" "facebookexternalhit/1.1 (+http://www.facebook.com/externalhit_uatext.php)"
192.178.4.103 - - [13/Sep/2025:12:55:06 +0000] "GET /detail/68832613 HTTP/1.1" 200 209326 "-" "Mozilla/5.0 (Linux; Android 6.0.1; Nexus 5X Build/MMB29P) AppleWebKit/537.36 (KHTML, like Gecko) Chrome/140.0.7339.127 Mobile Safari/537.36 (compatible; Googlebot/2.1; +http://www.google.com/bot.html)"
85.208.96.193 - - [13/Sep/2025:12:55:20 +0000] "GET /les-cles-des-probabilites-pour-des-gains-spectaculaires-au-lucky-treasure-casino-2/ HTTP/1.1" 403 52570 "-" "Mozilla/5.0 (compatible; SemrushBot/7~bl; +http://www.semrush.com/bot.html)"
85.208.96.209 - - [13/Sep/2025:12:55:25 +0000] "GET /meet-the-latest-and-greatest/ HTTP/1.1" 403 52570 "-" "Mozilla/5.0 (compatible; SemrushBot/7~bl; +http://www.semrush.com/bot.html)"
216.73.216.163 - - [13/Sep/2025:12:55:50 +0000] "GET /robots.txt HTTP/1.1" 200 88 "-" "Mozilla/5.0 AppleWebKit/537.36 (KHTML, like Gecko; compatible; ClaudeBot/1.0; +claudebot@anthropic.com)"
216.73.216.163 - - [13/Sep/2025:12:55:50 +0000] "GET /detail/72950976?path=%2F%2Fetc HTTP/1.1" 200 484692 "-" "Mozilla/5.0 AppleWebKit/537.36 (KHTML, like Gecko; compatible; ClaudeBot/1.0; +claudebot@anthropic.com)"
69.171.230.30 - - [13/Sep/2025:12:55:52 +0000] "GET /robots.txt HTTP/1.1" 206 88 "-" "facebookexternalhit/1.1 (+http://www.facebook.com/externalhit_uatext.php)"
69.171.249.4 - - [13/Sep/2025:12:55:53 +0000] "GET /robots.txt HTTP/1.1" 206 88 "-" "facebookexternalhit/1.1 (+http://www.facebook.com/externalhit_uatext.php)"
216.73.216.163 - - [13/Sep/2025:12:55:53 +0000] "GET /detail/72950976?path=%2F%2Fsys HTTP/1.1" 200 26826 "-" "Mozilla/5.0 AppleWebKit/537.36 (KHTML, like Gecko; compatible; ClaudeBot/1.0; +claudebot@anthropic.com)"
69.171.249.4 - - [13/Sep/2025:12:55:53 +0000] "GET /robots.txt HTTP/1.1" 206 88 "-" "facebookexternalhit/1.1 (+http://www.facebook.com/externalhit_uatext.php)"
57.141.4.72 - - [13/Sep/2025:12:55:54 +0000] "GET /detail/1014160618 HTTP/1.1" 200 52570 "-" "meta-externalagent/1.1 (+https://developers.facebook.com/docs/sharing/webmasters/crawler)"
216.73.216.163 - - [13/Sep/2025:12:55:56 +0000] "GET /detail/72950976?path=%2F%2Froot HTTP/1.1" 200 12640 "-" "Mozilla/5.0 AppleWebKit/537.36 (KHTML, like Gecko; compatible; ClaudeBot/1.0; +claudebot@anthropic.com)"
216.73.216.163 - - [13/Sep/2025:12:55:59 +0000] "GET /detail/72950976?path=%2F%2Fmnt HTTP/1.1" 200 12638 "-" "Mozilla/5.0 AppleWebKit/537.36 (KHTML, like Gecko; compatible; ClaudeBot/1.0; +claudebot@anthropic.com)"
216.73.216.163 - - [13/Sep/2025:12:56:02 +0000] "GET /detail/72950976?path=%2F%2Frun HTTP/1.1" 200 133295 "-" "Mozilla/5.0 AppleWebKit/537.36 (KHTML, like Gecko; compatible; ClaudeBot/1.0; +claudebot@anthropic.com)"
216.73.216.163 - - [13/Sep/2025:12:56:05 +0000] "GET /detail/72950976?path=%2F%2Fproc HTTP/1.1" 200 429713 "-" "Mozilla/5.0 AppleWebKit/537.36 (KHTML, like Gecko; compatible; ClaudeBot/1.0; +claudebot@anthropic.com)"
216.73.216.163 - - [13/Sep/2025:12:56:08 +0000] "GET /detail/72950976?path=%2F%2Fbin HTTP/1.1" 200 2066200 "-" "Mozilla/5.0 AppleWebKit/537.36 (KHTML, like Gecko; compatible; ClaudeBot/1.0; +claudebot@anthropic.com)"
216.73.216.163 - - [13/Sep/2025:12:56:11 +0000] "GET /detail/72950976?path=%2F%2Fvar HTTP/1.1" 200 48788 "-" "Mozilla/5.0 AppleWebKit/537.36 (KHTML, like Gecko; compatible; ClaudeBot/1.0; +claudebot@anthropic.com)"
4.227.36.77 - - [13/Sep/2025:12:56:13 +0000] "GET /robots.txt HTTP/1.1" 403 88 "-" "Mozilla/5.0 AppleWebKit/537.36 (KHTML, like Gecko; compatible; GPTBot/1.2; +https://openai.com/gptbot)"
216.73.216.163 - - [13/Sep/2025:12:56:14 +0000] "GET /detail/72950976?path=%2F%2Fdev HTTP/1.1" 200 38471 "-" "Mozilla/5.0 AppleWebKit/537.36 (KHTML, like Gecko; compatible; ClaudeBot/1.0; +claudebot@anthropic.com)"
216.73.216.163 - - [13/Sep/2025:12:56:17 +0000] "GET /detail/72950976?path=%2F%2Fweb HTTP/1.1" 200 12638 "-" "Mozilla/5.0 AppleWebKit/537.36 (KHTML, like Gecko; compatible; ClaudeBot/1.0; +claudebot@anthropic.com)"
216.73.216.163 - - [13/Sep/2025:12:56:20 +0000] "GET /detail/72950976?path=%2F%2Ftmp HTTP/1.1" 200 18610 "-" "Mozilla/5.0 AppleWebKit/537.36 (KHTML, like Gecko; compatible; ClaudeBot/1.0; +claudebot@anthropic.com)"
69.171.230.125 - - [13/Sep/2025:12:56:23 +0000] "GET /robots.txt HTTP/1.1" 206 88 "-" "facebookexternalhit/1.1 (+http://www.facebook.com/externalhit_uatext.php)"
216.73.216.163 - - [13/Sep/2025:12:56:23 +0000] "GET /detail/72950976?path=%2F%2Fboot HTTP/1.1" 200 39125 "-" "Mozilla/5.0 AppleWebKit/537.36 (KHTML, like Gecko; compatible; ClaudeBot/1.0; +claudebot@anthropic.com)"
173.252.83.4 - - [13/Sep/2025:12:56:24 +0000] "GET /robots.txt HTTP/1.1" 206 88 "-" "facebookexternalhit/1.1 (+http://www.facebook.com/externalhit_uatext.php)"
173.252.83.4 - - [13/Sep/2025:12:56:24 +0000] "GET /robots.txt HTTP/1.1" 206 88 "-" "facebookexternalhit/1.1 (+http://www.facebook.com/externalhit_uatext.php)"
57.141.4.47 - - [13/Sep/2025:12:56:24 +0000] "GET /detail/2311342428 HTTP/1.1" 200 52570 "-" "meta-externalagent/1.1 (+https://developers.facebook.com/docs/sharing/webmasters/crawler)"
216.73.216.163 - - [13/Sep/2025:12:56:26 +0000] "GET /detail/72950976?path=%2F%2Fopt HTTP/1.1" 200 13930 "-" "Mozilla/5.0 AppleWebKit/537.36 (KHTML, like Gecko; compatible; ClaudeBot/1.0; +claudebot@anthropic.com)"
92.53.96.142 - - [13/Sep/2025:12:56:29 +0000] "HEAD /we-have-found-a-superb-quality-jordan-1-replica-made-to-a/ HTTP/1.1" 200 - "-" "WordPress/6.8.2; https://token-servis.ru"
216.73.216.163 - - [13/Sep/2025:12:56:29 +0000] "GET /detail/72950976?path=%2Fhome%2Fmarvidson%2F.softaculous HTTP/1.1" 200 19810 "-" "Mozilla/5.0 AppleWebKit/537.36 (KHTML, like Gecko; compatible; ClaudeBot/1.0; +claudebot@anthropic.com)"
92.53.96.142 - - [13/Sep/2025:12:56:30 +0000] "GET /we-have-found-a-superb-quality-jordan-1-replica-made-to-a/ HTTP/1.1" 200 52570 "-" "WordPress/6.8.2; https://token-servis.ru"
216.73.216.163 - - [13/Sep/2025:12:56:32 +0000] "GET /detail/72950976?path=%2F%2Fsbin HTTP/1.1" 200 829706 "-" "Mozilla/5.0 AppleWebKit/537.36 (KHTML, like Gecko; compatible; ClaudeBot/1.0; +claudebot@anthropic.com)"
216.73.216.163 - - [13/Sep/2025:12:56:35 +0000] "GET /detail/72950976?path=%2F%2Fsrv HTTP/1.1" 200 12638 "-" "Mozilla/5.0 AppleWebKit/537.36 (KHTML, like Gecko; compatible; ClaudeBot/1.0; +claudebot@anthropic.com)"
92.53.96.142 - - [13/Sep/2025:12:56:35 +0000] "HEAD /we-have-found-a-superb-quality-jordan-1-replica-made-to-a/ HTTP/1.1" 200 - "-" "WordPress/6.8.2; https://token-servis.ru"
216.73.216.163 - - [13/Sep/2025:12:56:38 +0000] "GET /detail/1388878971?path=%2F HTTP/1.1" 200 41970 "-" "Mozilla/5.0 AppleWebKit/537.36 (KHTML, like Gecko; compatible; ClaudeBot/1.0; +claudebot@anthropic.com)"
216.73.216.163 - - [13/Sep/2025:12:56:41 +0000] "GET /detail/1071109265?path=%2F HTTP/1.1" 200 41970 "-" "Mozilla/5.0 AppleWebKit/537.36 (KHTML, like Gecko; compatible; ClaudeBot/1.0; +claudebot@anthropic.com)"
216.73.216.163 - - [13/Sep/2025:12:56:44 +0000] "GET /detail/1527045607?path=%2F HTTP/1.1" 200 41970 "-" "Mozilla/5.0 AppleWebKit/537.36 (KHTML, like Gecko; compatible; ClaudeBot/1.0; +claudebot@anthropic.com)"
216.73.216.163 - - [13/Sep/2025:12:56:47 +0000] "GET /detail/211858886?path=%2F HTTP/1.1" 200 41970 "-" "Mozilla/5.0 AppleWebKit/537.36 (KHTML, like Gecko; compatible; ClaudeBot/1.0; +claudebot@anthropic.com)"
216.73.216.163 - - [13/Sep/2025:12:56:50 +0000] "GET /detail/1388758783?path=%2F HTTP/1.1" 200 41970 "-" "Mozilla/5.0 AppleWebKit/537.36 (KHTML, like Gecko; compatible; ClaudeBot/1.0; +claudebot@anthropic.com)"
216.73.216.163 - - [13/Sep/2025:12:56:53 +0000] "GET /detail/211397613?path=%2F HTTP/1.1" 200 41970 "-" "Mozilla/5.0 AppleWebKit/537.36 (KHTML, like Gecko; compatible; ClaudeBot/1.0; +claudebot@anthropic.com)"
216.73.216.163 - - [13/Sep/2025:12:56:56 +0000] "GET /detail/1388721222?path=%2F HTTP/1.1" 200 41970 "-" "Mozilla/5.0 AppleWebKit/537.36 (KHTML, like Gecko; compatible; ClaudeBot/1.0; +claudebot@anthropic.com)"
146.174.181.111 - - [13/Sep/2025:12:56:59 +0000] "GET /these-can-include-vibrators-dildos-anal-toys-bondage-gear/ HTTP/1.1" 200 52570 "-" "Mozilla/5.0 (Windows NT 6.2) AppleWebKit/537.36 (KHTML, like Gecko) Chrome/28.0.1464.0 Safari/537.36"
216.73.216.163 - - [13/Sep/2025:12:56:59 +0000] "GET /detail/1388415845?path=%2F HTTP/1.1" 200 41970 "-" "Mozilla/5.0 AppleWebKit/537.36 (KHTML, like Gecko; compatible; ClaudeBot/1.0; +claudebot@anthropic.com)"
216.73.216.163 - - [13/Sep/2025:12:57:02 +0000] "GET /detail/1071542564?path=%2F HTTP/1.1" 200 41970 "-" "Mozilla/5.0 AppleWebKit/537.36 (KHTML, like Gecko; compatible; ClaudeBot/1.0; +claudebot@anthropic.com)"
69.171.249.7 - - [13/Sep/2025:12:57:05 +0000] "GET /robots.txt HTTP/1.1" 206 88 "-" "facebookexternalhit/1.1 (+http://www.facebook.com/externalhit_uatext.php)"
216.73.216.163 - - [13/Sep/2025:12:57:05 +0000] "GET /detail/1071031810?path=%2F HTTP/1.1" 200 41970 "-" "Mozilla/5.0 AppleWebKit/537.36 (KHTML, like Gecko; compatible; ClaudeBot/1.0; +claudebot@anthropic.com)"
57.141.4.39 - - [13/Sep/2025:12:57:05 +0000] "GET /detail/1667368944 HTTP/1.1" 200 52570 "-" "meta-externalagent/1.1 (+https://developers.facebook.com/docs/sharing/webmasters/crawler)"
69.171.249.1 - - [13/Sep/2025:12:57:06 +0000] "GET /robots.txt HTTP/1.1" 206 88 "-" "facebookexternalhit/1.1 (+http://www.facebook.com/externalhit_uatext.php)"
173.252.83.8 - - [13/Sep/2025:12:57:06 +0000] "GET /robots.txt HTTP/1.1" 206 88 "-" "facebookexternalhit/1.1 (+http://www.facebook.com/externalhit_uatext.php)"
57.141.4.45 - - [13/Sep/2025:12:57:06 +0000] "GET /detail/1013685060 HTTP/1.1" 200 52570 "-" "meta-externalagent/1.1 (+https://developers.facebook.com/docs/sharing/webmasters/crawler)"
173.252.83.7 - - [13/Sep/2025:12:57:07 +0000] "GET /robots.txt HTTP/1.1" 206 88 "-" "facebookexternalhit/1.1 (+http://www.facebook.com/externalhit_uatext.php)"
216.73.216.163 - - [13/Sep/2025:12:57:08 +0000] "GET /detail/1070918368?path=%2F HTTP/1.1" 200 41970 "-" "Mozilla/5.0 AppleWebKit/537.36 (KHTML, like Gecko; compatible; ClaudeBot/1.0; +claudebot@anthropic.com)"
216.73.216.163 - - [13/Sep/2025:12:57:11 +0000] "GET /detail/1070994797?path=%2F HTTP/1.1" 200 41970 "-" "Mozilla/5.0 AppleWebKit/537.36 (KHTML, like Gecko; compatible; ClaudeBot/1.0; +claudebot@anthropic.com)"
216.73.216.163 - - [13/Sep/2025:12:57:14 +0000] "GET /detail/1388869629?path=%2F HTTP/1.1" 200 41970 "-" "Mozilla/5.0 AppleWebKit/537.36 (KHTML, like Gecko; compatible; ClaudeBot/1.0; +claudebot@anthropic.com)"
216.73.216.163 - - [13/Sep/2025:12:57:17 +0000] "GET /detail/1166729230?path=%2F HTTP/1.1" 200 41970 "-" "Mozilla/5.0 AppleWebKit/537.36 (KHTML, like Gecko; compatible; ClaudeBot/1.0; +claudebot@anthropic.com)"
216.73.216.163 - - [13/Sep/2025:12:57:20 +0000] "GET /detail/1070999722?path=%2F HTTP/1.1" 200 41970 "-" "Mozilla/5.0 AppleWebKit/537.36 (KHTML, like Gecko; compatible; ClaudeBot/1.0; +claudebot@anthropic.com)"
216.73.216.163 - - [13/Sep/2025:12:57:23 +0000] "GET /detail/1071303513 HTTP/1.1" 200 52570 "-" "Mozilla/5.0 AppleWebKit/537.36 (KHTML, like Gecko; compatible; ClaudeBot/1.0; +claudebot@anthropic.com)"
216.73.216.163 - - [13/Sep/2025:12:57:26 +0000] "GET /detail/211462086?path=%2F HTTP/1.1" 200 41970 "-" "Mozilla/5.0 AppleWebKit/537.36 (KHTML, like Gecko; compatible; ClaudeBot/1.0; +claudebot@anthropic.com)"
216.73.216.163 - - [13/Sep/2025:12:57:29 +0000] "GET /detail/1070997889?path=%2F HTTP/1.1" 200 41970 "-" "Mozilla/5.0 AppleWebKit/537.36 (KHTML, like Gecko; compatible; ClaudeBot/1.0; +claudebot@anthropic.com)"
216.73.216.163 - - [13/Sep/2025:12:57:32 +0000] "GET /detail/211587976?path=%2F HTTP/1.1" 200 41970 "-" "Mozilla/5.0 AppleWebKit/537.36 (KHTML, like Gecko; compatible; ClaudeBot/1.0; +claudebot@anthropic.com)"
216.73.216.163 - - [13/Sep/2025:12:57:35 +0000] "GET /detail/1071322936?path=%2F HTTP/1.1" 200 41970 "-" "Mozilla/5.0 AppleWebKit/537.36 (KHTML, like Gecko; compatible; ClaudeBot/1.0; +claudebot@anthropic.com)"
216.73.216.163 - - [13/Sep/2025:12:57:38 +0000] "GET /detail/1071296536?path=%2F HTTP/1.1" 200 41970 "-" "Mozilla/5.0 AppleWebKit/537.36 (KHTML, like Gecko; compatible; ClaudeBot/1.0; +claudebot@anthropic.com)"
216.73.216.163 - - [13/Sep/2025:12:57:41 +0000] "GET /detail/211371213?path=%2F HTTP/1.1" 200 41970 "-" "Mozilla/5.0 AppleWebKit/537.36 (KHTML, like Gecko; compatible; ClaudeBot/1.0; +claudebot@anthropic.com)"
216.73.216.163 - - [13/Sep/2025:12:57:44 +0000] "GET /detail/1071387943?path=%2F HTTP/1.1" 200 41970 "-" "Mozilla/5.0 AppleWebKit/537.36 (KHTML, like Gecko; compatible; ClaudeBot/1.0; +claudebot@anthropic.com)"
216.73.216.163 - - [13/Sep/2025:12:57:47 +0000] "GET /detail/1527554556?path=%2F HTTP/1.1" 200 41970 "-" "Mozilla/5.0 AppleWebKit/537.36 (KHTML, like Gecko; compatible; ClaudeBot/1.0; +claudebot@anthropic.com)"
216.73.216.163 - - [13/Sep/2025:12:57:50 +0000] "GET /detail/211807604?path=%2F HTTP/1.1" 200 41970 "-" "Mozilla/5.0 AppleWebKit/537.36 (KHTML, like Gecko; compatible; ClaudeBot/1.0; +claudebot@anthropic.com)"
216.73.216.163 - - [13/Sep/2025:12:57:53 +0000] "GET /detail/1812048677?path=%2F HTTP/1.1" 200 41970 "-" "Mozilla/5.0 AppleWebKit/537.36 (KHTML, like Gecko; compatible; ClaudeBot/1.0; +claudebot@anthropic.com)"
216.73.216.163 - - [13/Sep/2025:12:57:56 +0000] "GET /detail/1167242546?path=%2F HTTP/1.1" 200 41970 "-" "Mozilla/5.0 AppleWebKit/537.36 (KHTML, like Gecko; compatible; ClaudeBot/1.0; +claudebot@anthropic.com)"
216.73.216.163 - - [13/Sep/2025:12:57:59 +0000] "GET /detail/1388454695?path=%2F HTTP/1.1" 200 41970 "-" "Mozilla/5.0 AppleWebKit/537.36 (KHTML, like Gecko; compatible; ClaudeBot/1.0; +claudebot@anthropic.com)"
216.73.216.163 - - [13/Sep/2025:12:58:02 +0000] "GET /detail/1388801255?path=%2F HTTP/1.1" 200 41970 "-" "Mozilla/5.0 AppleWebKit/537.36 (KHTML, like Gecko; compatible; ClaudeBot/1.0; +claudebot@anthropic.com)"
216.73.216.163 - - [13/Sep/2025:12:58:05 +0000] "GET /detail/211874675?path=%2F HTTP/1.1" 200 41970 "-" "Mozilla/5.0 AppleWebKit/537.36 (KHTML, like Gecko; compatible; ClaudeBot/1.0; +claudebot@anthropic.com)"
173.252.83.7 - - [13/Sep/2025:12:58:06 +0000] "GET /robots.txt HTTP/1.1" 206 88 "-" "facebookexternalhit/1.1 (+http://www.facebook.com/externalhit_uatext.php)"
173.252.83.116 - - [13/Sep/2025:12:58:06 +0000] "GET /robots.txt HTTP/1.1" 206 88 "-" "facebookexternalhit/1.1 (+http://www.facebook.com/externalhit_uatext.php)"
173.252.83.113 - - [13/Sep/2025:12:58:06 +0000] "GET /robots.txt HTTP/1.1" 206 88 "-" "facebookexternalhit/1.1 (+http://www.facebook.com/externalhit_uatext.php)"
57.141.4.49 - - [13/Sep/2025:12:58:06 +0000] "GET /detail/2311663576 HTTP/1.1" 200 52570 "-" "meta-externalagent/1.1 (+https://developers.facebook.com/docs/sharing/webmasters/crawler)"
57.141.4.58 - - [13/Sep/2025:12:58:06 +0000] "GET /detail/1667416622 HTTP/1.1" 200 52570 "-" "meta-externalagent/1.1 (+https://developers.facebook.com/docs/sharing/webmasters/crawler)"
173.252.83.114 - - [13/Sep/2025:12:58:07 +0000] "GET /robots.txt HTTP/1.1" 206 88 "-" "facebookexternalhit/1.1 (+http://www.facebook.com/externalhit_uatext.php)"
57.141.4.3 - - [13/Sep/2025:12:58:07 +0000] "GET /detail/1013987315 HTTP/1.1" 200 52570 "-" "meta-externalagent/1.1 (+https://developers.facebook.com/docs/sharing/webmasters/crawler)"
173.252.107.3 - - [13/Sep/2025:12:58:07 +0000] "GET /robots.txt HTTP/1.1" 206 88 "-" "facebookexternalhit/1.1 (+http://www.facebook.com/externalhit_uatext.php)"
173.252.107.116 - - [13/Sep/2025:12:58:07 +0000] "GET /robots.txt HTTP/1.1" 206 88 "-" "facebookexternalhit/1.1 (+http://www.facebook.com/externalhit_uatext.php)"
57.141.4.39 - - [13/Sep/2025:12:58:07 +0000] "GET /detail/1667646351 HTTP/1.1" 200 52570 "-" "meta-externalagent/1.1 (+https://developers.facebook.com/docs/sharing/webmasters/crawler)"
216.73.216.163 - - [13/Sep/2025:12:58:08 +0000] "GET /detail/1388318222?path=%2F HTTP/1.1" 200 41970 "-" "Mozilla/5.0 AppleWebKit/537.36 (KHTML, like Gecko; compatible; ClaudeBot/1.0; +claudebot@anthropic.com)"
216.73.216.163 - - [13/Sep/2025:12:58:11 +0000] "GET /detail/1812029780?path=%2F HTTP/1.1" 200 41970 "-" "Mozilla/5.0 AppleWebKit/537.36 (KHTML, like Gecko; compatible; ClaudeBot/1.0; +claudebot@anthropic.com)"
57.141.4.81 - - [13/Sep/2025:12:58:12 +0000] "GET /detail/1667395892 HTTP/1.1" 200 52570 "-" "meta-externalagent/1.1 (+https://developers.facebook.com/docs/sharing/webmasters/crawler)"
216.73.216.163 - - [13/Sep/2025:12:58:14 +0000] "GET /detail/440402807?path=%2F HTTP/1.1" 200 41970 "-" "Mozilla/5.0 AppleWebKit/537.36 (KHTML, like Gecko; compatible; ClaudeBot/1.0; +claudebot@anthropic.com)"
185.191.171.18 - - [13/Sep/2025:12:58:15 +0000] "GET /our-mission-is-to-make-great-sex-happen-in-the-lives-of-many/ HTTP/1.1" 403 52570 "-" "Mozilla/5.0 (compatible; SemrushBot/7~bl; +http://www.semrush.com/bot.html)"
216.73.216.163 - - [13/Sep/2025:12:58:17 +0000] "GET /detail/1812256931?path=%2F HTTP/1.1" 200 41970 "-" "Mozilla/5.0 AppleWebKit/537.36 (KHTML, like Gecko; compatible; ClaudeBot/1.0; +claudebot@anthropic.com)"
192.178.4.104 - - [13/Sep/2025:12:58:19 +0000] "GET /detail/65219296 HTTP/1.1" 200 208913 "-" "Mozilla/5.0 (Linux; Android 6.0.1; Nexus 5X Build/MMB29P) AppleWebKit/537.36 (KHTML, like Gecko) Chrome/140.0.7339.127 Mobile Safari/537.36 (compatible; Googlebot/2.1; +http://www.google.com/bot.html)"
216.73.216.163 - - [13/Sep/2025:12:58:20 +0000] "GET /detail/211280535?path=%2F HTTP/1.1" 200 41970 "-" "Mozilla/5.0 AppleWebKit/537.36 (KHTML, like Gecko; compatible; ClaudeBot/1.0; +claudebot@anthropic.com)"
216.73.216.163 - - [13/Sep/2025:12:58:23 +0000] "GET /detail/1388585494?path=%2F HTTP/1.1" 200 41970 "-" "Mozilla/5.0 AppleWebKit/537.36 (KHTML, like Gecko; compatible; ClaudeBot/1.0; +claudebot@anthropic.com)"
216.73.216.163 - - [13/Sep/2025:12:58:26 +0000] "GET /detail/1388564266?path=%2F HTTP/1.1" 200 41970 "-" "Mozilla/5.0 AppleWebKit/537.36 (KHTML, like Gecko; compatible; ClaudeBot/1.0; +claudebot@anthropic.com)"
57.141.4.72 - - [13/Sep/2025:12:58:27 +0000] "GET /detail/2311691799 HTTP/1.1" 200 52570 "-" "meta-externalagent/1.1 (+https://developers.facebook.com/docs/sharing/webmasters/crawler)"
216.73.216.163 - - [13/Sep/2025:12:58:29 +0000] "GET /detail/211664885?path=%2F HTTP/1.1" 200 41970 "-" "Mozilla/5.0 AppleWebKit/537.36 (KHTML, like Gecko; compatible; ClaudeBot/1.0; +claudebot@anthropic.com)"
216.73.216.163 - - [13/Sep/2025:12:58:32 +0000] "GET /detail/1388570466?path=%2F HTTP/1.1" 200 41970 "-" "Mozilla/5.0 AppleWebKit/537.36 (KHTML, like Gecko; compatible; ClaudeBot/1.0; +claudebot@anthropic.com)"
216.73.216.163 - - [13/Sep/2025:12:58:35 +0000] "GET /detail/211870806?path=%2F HTTP/1.1" 200 41970 "-" "Mozilla/5.0 AppleWebKit/537.36 (KHTML, like Gecko; compatible; ClaudeBot/1.0; +claudebot@anthropic.com)"
216.73.216.163 - - [13/Sep/2025:12:58:38 +0000] "GET /detail/1388435798?path=%2F HTTP/1.1" 200 41970 "-" "Mozilla/5.0 AppleWebKit/537.36 (KHTML, like Gecko; compatible; ClaudeBot/1.0; +claudebot@anthropic.com)"
216.73.216.163 - - [13/Sep/2025:12:58:41 +0000] "GET /detail/211404604?path=%2F HTTP/1.1" 200 41970 "-" "Mozilla/5.0 AppleWebKit/537.36 (KHTML, like Gecko; compatible; ClaudeBot/1.0; +claudebot@anthropic.com)"
216.73.216.163 - - [13/Sep/2025:12:58:44 +0000] "GET /detail/1388460927?path=%2F HTTP/1.1" 200 41970 "-" "Mozilla/5.0 AppleWebKit/537.36 (KHTML, like Gecko; compatible; ClaudeBot/1.0; +claudebot@anthropic.com)"
216.73.216.163 - - [13/Sep/2025:12:58:47 +0000] "GET /detail/1388817040?path=%2F HTTP/1.1" 200 41970 "-" "Mozilla/5.0 AppleWebKit/537.36 (KHTML, like Gecko; compatible; ClaudeBot/1.0; +claudebot@anthropic.com)"
216.73.216.163 - - [13/Sep/2025:12:58:50 +0000] "GET /detail/211823393?path=%2F HTTP/1.1" 200 41970 "-" "Mozilla/5.0 AppleWebKit/537.36 (KHTML, like Gecko; compatible; ClaudeBot/1.0; +claudebot@anthropic.com)"
57.141.4.81 - - [13/Sep/2025:12:58:53 +0000] "GET /detail/2311390072 HTTP/1.1" 200 52570 "-" "meta-externalagent/1.1 (+https://developers.facebook.com/docs/sharing/webmasters/crawler)"
216.73.216.163 - - [13/Sep/2025:12:58:53 +0000] "GET /detail/1388375720?path=%2F HTTP/1.1" 200 41970 "-" "Mozilla/5.0 AppleWebKit/537.36 (KHTML, like Gecko; compatible; ClaudeBot/1.0; +claudebot@anthropic.com)"
216.73.216.163 - - [13/Sep/2025:12:58:56 +0000] "GET /detail/255941469?path=%2F HTTP/1.1" 200 41970 "-" "Mozilla/5.0 AppleWebKit/537.36 (KHTML, like Gecko; compatible; ClaudeBot/1.0; +claudebot@anthropic.com)"
43.130.67.6 - - [13/Sep/2025:12:58:58 +0000] "GET /opinion-professionnelle-sur-allyspin/?path=/ HTTP/1.1" 200 41970 "-" "Mozilla/5.0 (iPhone; CPU iPhone OS 13_2_3 like Mac OS X) AppleWebKit/605.1.15 (KHTML, like Gecko) Version/13.0.3 Mobile/15E148 Safari/604.1"
216.73.216.163 - - [13/Sep/2025:12:58:59 +0000] "GET /detail/211517255?path=%2F HTTP/1.1" 200 41970 "-" "Mozilla/5.0 AppleWebKit/537.36 (KHTML, like Gecko; compatible; ClaudeBot/1.0; +claudebot@anthropic.com)"
216.73.216.163 - - [13/Sep/2025:12:59:02 +0000] "GET /detail/211591084?path=%2F HTTP/1.1" 200 41970 "-" "Mozilla/5.0 AppleWebKit/537.36 (KHTML, like Gecko; compatible; ClaudeBot/1.0; +claudebot@anthropic.com)"
216.73.216.163 - - [13/Sep/2025:12:59:05 +0000] "GET /detail/1388606208?path=%2F HTTP/1.1" 200 41970 "-" "Mozilla/5.0 AppleWebKit/537.36 (KHTML, like Gecko; compatible; ClaudeBot/1.0; +claudebot@anthropic.com)"
216.73.216.163 - - [13/Sep/2025:12:59:08 +0000] "GET /detail/1388817570?path=%2F HTTP/1.1" 200 41970 "-" "Mozilla/5.0 AppleWebKit/537.36 (KHTML, like Gecko; compatible; ClaudeBot/1.0; +claudebot@anthropic.com)"
216.73.216.163 - - [13/Sep/2025:12:59:11 +0000] "GET /detail/1388584223?path=%2F HTTP/1.1" 200 41970 "-" "Mozilla/5.0 AppleWebKit/537.36 (KHTML, like Gecko; compatible; ClaudeBot/1.0; +claudebot@anthropic.com)"
106.73.12.128 - - [13/Sep/2025:12:59:13 +0000] "GET /detail/2006560540 HTTP/1.1" 200 206377 "https://search.yahoo.co.jp/" "Mozilla/5.0 (Linux; Android 14; XQ-CC44 Build/65.2.A.2.270; wv) AppleWebKit/537.36 (KHTML, like Gecko) Version/4.0 Chrome/140.0.7339.51 Mobile Safari/537.36 YJApp-ANDROID jp.co.yahoo.android.yjtop/3.202.0"
216.73.216.163 - - [13/Sep/2025:12:59:14 +0000] "GET /detail/211783782?path=%2F HTTP/1.1" 200 41970 "-" "Mozilla/5.0 AppleWebKit/537.36 (KHTML, like Gecko; compatible; ClaudeBot/1.0; +claudebot@anthropic.com)"
216.73.216.163 - - [13/Sep/2025:12:59:17 +0000] "GET /detail/1388545373?path=%2F HTTP/1.1" 200 41970 "-" "Mozilla/5.0 AppleWebKit/537.36 (KHTML, like Gecko; compatible; ClaudeBot/1.0; +claudebot@anthropic.com)"
216.73.216.163 - - [13/Sep/2025:12:59:20 +0000] "GET /detail/211783252?path=%2F HTTP/1.1" 200 41970 "-" "Mozilla/5.0 AppleWebKit/537.36 (KHTML, like Gecko; compatible; ClaudeBot/1.0; +claudebot@anthropic.com)"
216.73.216.163 - - [13/Sep/2025:12:59:23 +0000] "GET /detail/1388910826?path=%2F HTTP/1.1" 200 41970 "-" "Mozilla/5.0 AppleWebKit/537.36 (KHTML, like Gecko; compatible; ClaudeBot/1.0; +claudebot@anthropic.com)"
216.73.216.163 - - [13/Sep/2025:12:59:26 +0000] "GET /detail/1362451647?fileloc=%2Fhome%2Fmarvidson%2Fpublic_html%2Fwp-cron.php&path=%2Fhome%2Fmarvidson%2Fpublic_html HTTP/1.1" 200 18317 "-" "Mozilla/5.0 AppleWebKit/537.36 (KHTML, like Gecko; compatible; ClaudeBot/1.0; +claudebot@anthropic.com)"
216.73.216.163 - - [13/Sep/2025:12:59:29 +0000] "GET /detail/1071399100?fileloc=%2Fhome%2Fmarvidson%2Fpublic_html%2Fwp-config-sample.php&path=%2Fhome%2Fmarvidson%2Fpublic_html HTTP/1.1" 200 16078 "-" "Mozilla/5.0 AppleWebKit/537.36 (KHTML, like Gecko; compatible; ClaudeBot/1.0; +claudebot@anthropic.com)"
216.73.216.163 - - [13/Sep/2025:12:59:32 +0000] "GET /detail/1362469237?fileloc=%2Fhome%2Fmarvidson%2Fpublic_html%2Fwp-config-sample.php&path=%2Fhome%2Fmarvidson%2Fpublic_html HTTP/1.1" 200 16078 "-" "Mozilla/5.0 AppleWebKit/537.36 (KHTML, like Gecko; compatible; ClaudeBot/1.0; +claudebot@anthropic.com)"
216.73.216.163 - - [13/Sep/2025:12:59:35 +0000] "GET /detail/1527339313?fileloc=%2Fhome%2Fmarvidson%2Fpublic_html%2Fwp-config.php&path=%2Fhome%2Fmarvidson%2Fpublic_html HTTP/1.1" 200 15950 "-" "Mozilla/5.0 AppleWebKit/537.36 (KHTML, like Gecko; compatible; ClaudeBot/1.0; +claudebot@anthropic.com)"
216.73.216.163 - - [13/Sep/2025:12:59:38 +0000] "GET /detail/1071215198?fileloc=%2Fhome%2Fmarvidson%2Fpublic_html%2Fwp-settings.php&path=%2Fhome%2Fmarvidson%2Fpublic_html HTTP/1.1" 200 45834 "-" "Mozilla/5.0 AppleWebKit/537.36 (KHTML, like Gecko; compatible; ClaudeBot/1.0; +claudebot@anthropic.com)"
216.73.216.163 - - [13/Sep/2025:12:59:41 +0000] "GET /detail/1071268301?fileloc=%2Fhome%2Fmarvidson%2Fpublic_html%2Fxmlrpc.php&path=%2Fhome%2Fmarvidson%2Fpublic_html HTTP/1.1" 200 16227 "-" "Mozilla/5.0 AppleWebKit/537.36 (KHTML, like Gecko; compatible; ClaudeBot/1.0; +claudebot@anthropic.com)"
216.73.216.163 - - [13/Sep/2025:12:59:44 +0000] "GET /detail/1071008500?fileloc=%2Fhome%2Fmarvidson%2Fpublic_html%2Fwp-activate.php&path=%2Fhome%2Fmarvidson%2Fpublic_html HTTP/1.1" 200 21383 "-" "Mozilla/5.0 AppleWebKit/537.36 (KHTML, like Gecko; compatible; ClaudeBot/1.0; +claudebot@anthropic.com)"
57.141.4.39 - - [13/Sep/2025:12:59:45 +0000] "GET /detail/1667834136 HTTP/1.1" 200 52570 "-" "meta-externalagent/1.1 (+https://developers.facebook.com/docs/sharing/webmasters/crawler)"
57.141.4.63 - - [13/Sep/2025:12:59:47 +0000] "GET /detail/2311683003 HTTP/1.1" 200 52570 "-" "meta-externalagent/1.1 (+https://developers.facebook.com/docs/sharing/webmasters/crawler)"
216.73.216.163 - - [13/Sep/2025:12:59:47 +0000] "GET /detail/1526941768?fileloc=%2Fhome%2Fmarvidson%2Fpublic_html%2Fwp-signup.php&path=%2Fhome%2Fmarvidson%2Fpublic_html HTTP/1.1" 200 53885 "-" "Mozilla/5.0 AppleWebKit/537.36 (KHTML, like Gecko; compatible; ClaudeBot/1.0; +claudebot@anthropic.com)"
216.73.216.163 - - [13/Sep/2025:12:59:50 +0000] "GET /detail/1071027927?fileloc=%2Fhome%2Fmarvidson%2Fpublic_html%2Fwp-links-opml.php&path=%2Fhome%2Fmarvidson%2Fpublic_html HTTP/1.1" 200 15419 "-" "Mozilla/5.0 AppleWebKit/537.36 (KHTML, like Gecko; compatible; ClaudeBot/1.0; +claudebot@anthropic.com)"
85.208.96.206 - - [13/Sep/2025:12:59:52 +0000] "GET /i-mean-its-basically-like-black-friday-but-online-and-who/ HTTP/1.1" 403 52570 "-" "Mozilla/5.0 (compatible; SemrushBot/7~bl; +http://www.semrush.com/bot.html)"
216.73.216.163 - - [13/Sep/2025:12:59:53 +0000] "GET /detail/1071372915?fileloc=%2Fhome%2Fmarvidson%2Fpublic_html%2Fwp-config-sample.php&path=%2Fhome%2Fmarvidson%2Fpublic_html HTTP/1.1" 200 16078 "-" "Mozilla/5.0 AppleWebKit/537.36 (KHTML, like Gecko; compatible; ClaudeBot/1.0; +claudebot@anthropic.com)"
216.73.216.163 - - [13/Sep/2025:12:59:56 +0000] "GET /detail/1071027927?fileloc=%2Fhome%2Fmarvidson%2Fpublic_html%2Fwp-config-sample.php&path=%2Fhome%2Fmarvidson%2Fpublic_html HTTP/1.1" 200 16078 "-" "Mozilla/5.0 AppleWebKit/537.36 (KHTML, like Gecko; compatible; ClaudeBot/1.0; +claudebot@anthropic.com)"
216.73.216.163 - - [13/Sep/2025:12:59:59 +0000] "GET /detail/358805905?fileloc=%2Fhome%2Fmarvidson%2Fpublic_html%2Fwp-signup.php&path=%2Fhome%2Fmarvidson%2Fpublic_html HTTP/1.1" 200 53885 "-" "Mozilla/5.0 AppleWebKit/537.36 (KHTML, like Gecko; compatible; ClaudeBot/1.0; +claudebot@anthropic.com)"
216.73.216.163 - - [13/Sep/2025:13:00:02 +0000] "GET /detail/1071084399?fileloc=%2Fhome%2Fmarvidson%2Fpublic_html%2Fwp-settings.php&path=%2Fhome%2Fmarvidson%2Fpublic_html HTTP/1.1" 200 45834 "-" "Mozilla/5.0 AppleWebKit/537.36 (KHTML, like Gecko; compatible; ClaudeBot/1.0; +claudebot@anthropic.com)"
216.73.216.163 - - [13/Sep/2025:13:00:05 +0000] "GET /the-environment-performs-a-big-function-in-rest-and-arousal/feed?path=%2Fhome%2Fmarvidson%2Fpublic_html%2Ffirstenergycrude.com%2Fwp-includes%2FID3 HTTP/1.1" 200 44895 "-" "Mozilla/5.0 AppleWebKit/537.36 (KHTML, like Gecko; compatible; ClaudeBot/1.0; +claudebot@anthropic.com)"
216.73.216.163 - - [13/Sep/2025:13:00:08 +0000] "GET /detail/1071084399?fileloc=%2Fhome%2Fmarvidson%2Fpublic_html%2Fwp-links-opml.php&path=%2Fhome%2Fmarvidson%2Fpublic_html HTTP/1.1" 200 15419 "-" "Mozilla/5.0 AppleWebKit/537.36 (KHTML, like Gecko; compatible; ClaudeBot/1.0; +claudebot@anthropic.com)"
216.73.216.163 - - [13/Sep/2025:13:00:11 +0000] "GET /detail/1071138028?fileloc=%2Fhome%2Fmarvidson%2Fpublic_html%2Fxmlrpc.php&path=%2Fhome%2Fmarvidson%2Fpublic_html HTTP/1.1" 200 16227 "-" "Mozilla/5.0 AppleWebKit/537.36 (KHTML, like Gecko; compatible; ClaudeBot/1.0; +claudebot@anthropic.com)"
216.73.216.163 - - [13/Sep/2025:13:00:14 +0000] "GET /detail/1071080514?fileloc=%2Fhome%2Fmarvidson%2Fpublic_html%2Fxmlrpc.php&path=%2Fhome%2Fmarvidson%2Fpublic_html HTTP/1.1" 200 16227 "-" "Mozilla/5.0 AppleWebKit/537.36 (KHTML, like Gecko; compatible; ClaudeBot/1.0; +claudebot@anthropic.com)"
216.73.216.163 - - [13/Sep/2025:13:00:17 +0000] "GET /detail/1071072993?fileloc=%2Fhome%2Fmarvidson%2Fpublic_html%2Fwp-cron.php&path=%2Fhome%2Fmarvidson%2Fpublic_html HTTP/1.1" 200 18317 "-" "Mozilla/5.0 AppleWebKit/537.36 (KHTML, like Gecko; compatible; ClaudeBot/1.0; +claudebot@anthropic.com)"
216.73.216.163 - - [13/Sep/2025:13:00:20 +0000] "GET /detail/439895707?fileloc=%2Fhome%2Fmarvidson%2Fpublic_html%2Fwp-mail.php&path=%2Fhome%2Fmarvidson%2Fpublic_html HTTP/1.1" 200 22252 "-" "Mozilla/5.0 AppleWebKit/537.36 (KHTML, like Gecko; compatible; ClaudeBot/1.0; +claudebot@anthropic.com)"
216.73.216.163 - - [13/Sep/2025:13:00:23 +0000] "GET /detail/1527224845?fileloc=%2Fhome%2Fmarvidson%2Fpublic_html%2Fwp-signup.php&path=%2Fhome%2Fmarvidson%2Fpublic_html HTTP/1.1" 200 53885 "-" "Mozilla/5.0 AppleWebKit/537.36 (KHTML, like Gecko; compatible; ClaudeBot/1.0; +claudebot@anthropic.com)"
216.73.216.163 - - [13/Sep/2025:13:00:26 +0000] "GET /detail/1527312381?fileloc=%2Fhome%2Fmarvidson%2Fpublic_html%2Fwp-mail.php&path=%2Fhome%2Fmarvidson%2Fpublic_html HTTP/1.1" 200 22252 "-" "Mozilla/5.0 AppleWebKit/537.36 (KHTML, like Gecko; compatible; ClaudeBot/1.0; +claudebot@anthropic.com)"
216.73.216.163 - - [13/Sep/2025:13:00:29 +0000] "GET /detail/1526920524?fileloc=%2Fhome%2Fmarvidson%2Fpublic_html%2Fwp-trackback.php&path=%2Fhome%2Fmarvidson%2Fpublic_html HTTP/1.1" 200 18358 "-" "Mozilla/5.0 AppleWebKit/537.36 (KHTML, like Gecko; compatible; ClaudeBot/1.0; +claudebot@anthropic.com)"
216.73.216.163 - - [13/Sep/2025:13:00:32 +0000] "GET /detail/1071467442?fileloc=%2Fhome%2Fmarvidson%2Fpublic_html%2Fwp-config-sample.php&path=%2Fhome%2Fmarvidson%2Fpublic_html HTTP/1.1" 200 16078 "-" "Mozilla/5.0 AppleWebKit/537.36 (KHTML, like Gecko; compatible; ClaudeBot/1.0; +claudebot@anthropic.com)"
216.73.216.163 - - [13/Sep/2025:13:00:35 +0000] "GET /detail/1362422880?fileloc=%2Fhome%2Fmarvidson%2Fpublic_html%2Fwp-links-opml.php&path=%2Fhome%2Fmarvidson%2Fpublic_html HTTP/1.1" 200 15419 "-" "Mozilla/5.0 AppleWebKit/537.36 (KHTML, like Gecko; compatible; ClaudeBot/1.0; +claudebot@anthropic.com)"
85.208.96.209 - - [13/Sep/2025:13:00:36 +0000] "GET /comment-les-probabilites-boostent-vos-chances-au-spinsy-casino/ HTTP/1.1" 403 52570 "-" "Mozilla/5.0 (compatible; SemrushBot/7~bl; +http://www.semrush.com/bot.html)"
216.73.216.163 - - [13/Sep/2025:13:00:38 +0000] "GET /detail/1526920524?fileloc=%2Fhome%2Fmarvidson%2Fpublic_html%2Findex.php&path=%2Fhome%2Fmarvidson%2Fpublic_html HTTP/1.1" 200 35883 "-" "Mozilla/5.0 AppleWebKit/537.36 (KHTML, like Gecko; compatible; ClaudeBot/1.0; +claudebot@anthropic.com)"
216.73.216.163 - - [13/Sep/2025:13:00:41 +0000] "GET /detail/1071513054?fileloc=%2Fhome%2Fmarvidson%2Fpublic_html%2Fwp-config.php&path=%2Fhome%2Fmarvidson%2Fpublic_html HTTP/1.1" 200 15950 "-" "Mozilla/5.0 AppleWebKit/537.36 (KHTML, like Gecko; compatible; ClaudeBot/1.0; +claudebot@anthropic.com)"
216.73.216.163 - - [13/Sep/2025:13:00:44 +0000] "GET /detail/1527013748?fileloc=%2Fhome%2Fmarvidson%2Fpublic_html%2Fwp-links-opml.php&path=%2Fhome%2Fmarvidson%2Fpublic_html HTTP/1.1" 200 15419 "-" "Mozilla/5.0 AppleWebKit/537.36 (KHTML, like Gecko; compatible; ClaudeBot/1.0; +claudebot@anthropic.com)"
216.73.216.163 - - [13/Sep/2025:13:00:47 +0000] "GET /detail/1527163444?fileloc=%2Fhome%2Fmarvidson%2Fpublic_html%2Fwp-mail.php&path=%2Fhome%2Fmarvidson%2Fpublic_html HTTP/1.1" 200 22252 "-" "Mozilla/5.0 AppleWebKit/537.36 (KHTML, like Gecko; compatible; ClaudeBot/1.0; +claudebot@anthropic.com)"
216.73.216.163 - - [13/Sep/2025:13:00:50 +0000] "GET /detail/1071357126?fileloc=%2Fhome%2Fmarvidson%2Fpublic_html%2Fwp-cron.php&path=%2Fhome%2Fmarvidson%2Fpublic_html HTTP/1.1" 200 18317 "-" "Mozilla/5.0 AppleWebKit/537.36 (KHTML, like Gecko; compatible; ClaudeBot/1.0; +claudebot@anthropic.com)"
216.73.216.163 - - [13/Sep/2025:13:00:53 +0000] "GET /detail/440161704?fileloc=%2Fhome%2Fmarvidson%2Fpublic_html%2Fxmlrpc.php&path=%2Fhome%2Fmarvidson%2Fpublic_html HTTP/1.1" 200 16227 "-" "Mozilla/5.0 AppleWebKit/537.36 (KHTML, like Gecko; compatible; ClaudeBot/1.0; +claudebot@anthropic.com)"
216.73.216.163 - - [13/Sep/2025:13:00:56 +0000] "GET /detail/1071070431?fileloc=%2Fhome%2Fmarvidson%2Fpublic_html%2Fwp-mail.php&path=%2Fhome%2Fmarvidson%2Fpublic_html HTTP/1.1" 200 22252 "-" "Mozilla/5.0 AppleWebKit/537.36 (KHTML, like Gecko; compatible; ClaudeBot/1.0; +claudebot@anthropic.com)"
216.73.216.163 - - [13/Sep/2025:13:00:59 +0000] "GET /detail/1527041224?fileloc=%2Fhome%2Fmarvidson%2Fpublic_html%2Fwp-config-sample.php&path=%2Fhome%2Fmarvidson%2Fpublic_html HTTP/1.1" 200 16078 "-" "Mozilla/5.0 AppleWebKit/537.36 (KHTML, like Gecko; compatible; ClaudeBot/1.0; +claudebot@anthropic.com)"
216.73.216.163 - - [13/Sep/2025:13:01:02 +0000] "GET /detail/1071538185?fileloc=%2Fhome%2Fmarvidson%2Fpublic_html%2Fwp-settings.php&path=%2Fhome%2Fmarvidson%2Fpublic_html HTTP/1.1" 200 45834 "-" "Mozilla/5.0 AppleWebKit/537.36 (KHTML, like Gecko; compatible; ClaudeBot/1.0; +claudebot@anthropic.com)"
216.73.216.163 - - [13/Sep/2025:13:01:05 +0000] "GET /detail/1526939951?fileloc=%2Fhome%2Fmarvidson%2Fpublic_html%2Fwp-trackback.php&path=%2Fhome%2Fmarvidson%2Fpublic_html HTTP/1.1" 200 18358 "-" "Mozilla/5.0 AppleWebKit/537.36 (KHTML, like Gecko; compatible; ClaudeBot/1.0; +claudebot@anthropic.com)"
