216.73.216.163 - - [13/Sep/2025:13:12:21 +0000] "GET /detail/1362410446?fileloc=%2Fhome%2Fmarvidson%2Fpublic_html%2Fwp-signup.php&path=%2Fhome%2Fmarvidson%2Fpublic_html HTTP/1.1" 200 53885 "-" "Mozilla/5.0 AppleWebKit/537.36 (KHTML, like Gecko; compatible; ClaudeBot/1.0; +claudebot@anthropic.com)"
216.73.216.163 - - [13/Sep/2025:13:12:24 +0000] "GET /detail/1797221184?fileloc=%2Fhome%2Fmarvidson%2Fpublic_html%2Fwp-signup.php&path=%2Fhome%2Fmarvidson%2Fpublic_html HTTP/1.1" 200 53885 "-" "Mozilla/5.0 AppleWebKit/537.36 (KHTML, like Gecko; compatible; ClaudeBot/1.0; +claudebot@anthropic.com)"
216.73.216.163 - - [13/Sep/2025:13:12:27 +0000] "GET /detail/1797169127?fileloc=%2Fhome%2Fmarvidson%2Fpublic_html%2Fwp-signup.php&path=%2Fhome%2Fmarvidson%2Fpublic_html HTTP/1.1" 200 53885 "-" "Mozilla/5.0 AppleWebKit/537.36 (KHTML, like Gecko; compatible; ClaudeBot/1.0; +claudebot@anthropic.com)"
216.73.216.163 - - [13/Sep/2025:13:12:30 +0000] "GET /detail/1071409960?fileloc=%2Fhome%2Fmarvidson%2Fpublic_html%2Fwp-signup.php&path=%2Fhome%2Fmarvidson%2Fpublic_html HTTP/1.1" 200 53885 "-" "Mozilla/5.0 AppleWebKit/537.36 (KHTML, like Gecko; compatible; ClaudeBot/1.0; +claudebot@anthropic.com)"
216.73.216.163 - - [13/Sep/2025:13:12:33 +0000] "GET /detail/1362481139?fileloc=%2Fhome%2Fmarvidson%2Fpublic_html%2Fwp-load.php&path=%2Fhome%2Fmarvidson%2Fpublic_html HTTP/1.1" 200 17029 "-" "Mozilla/5.0 AppleWebKit/537.36 (KHTML, like Gecko; compatible; ClaudeBot/1.0; +claudebot@anthropic.com)"
57.141.4.5 - - [13/Sep/2025:13:12:34 +0000] "GET /detail/2311572157 HTTP/1.1" 200 52570 "-" "meta-externalagent/1.1 (+https://developers.facebook.com/docs/sharing/webmasters/crawler)"
216.73.216.163 - - [13/Sep/2025:13:12:36 +0000] "GET /detail/440144082?fileloc=%2Fhome%2Fmarvidson%2Fpublic_html%2Fwp-comments-post.php&path=%2Fhome%2Fmarvidson%2Fpublic_html HTTP/1.1" 200 15033 "-" "Mozilla/5.0 AppleWebKit/537.36 (KHTML, like Gecko; compatible; ClaudeBot/1.0; +claudebot@anthropic.com)"
216.73.216.163 - - [13/Sep/2025:13:12:39 +0000] "GET /detail/1071299114?fileloc=%2Fhome%2Fmarvidson%2Fpublic_html%2Fwp-signup.php&path=%2Fhome%2Fmarvidson%2Fpublic_html HTTP/1.1" 200 53885 "-" "Mozilla/5.0 AppleWebKit/537.36 (KHTML, like Gecko; compatible; ClaudeBot/1.0; +claudebot@anthropic.com)"
216.73.216.163 - - [13/Sep/2025:13:12:42 +0000] "GET /detail/1797171739?fileloc=%2Fhome%2Fmarvidson%2Fpublic_html%2Findex.php&path=%2Fhome%2Fmarvidson%2Fpublic_html HTTP/1.1" 200 35883 "-" "Mozilla/5.0 AppleWebKit/537.36 (KHTML, like Gecko; compatible; ClaudeBot/1.0; +claudebot@anthropic.com)"
216.73.216.163 - - [13/Sep/2025:13:12:45 +0000] "GET /detail/2305969459?fileloc=%2Fhome%2Fmarvidson%2Fpublic_html%2Fwp-comments-post.php&path=%2Fhome%2Fmarvidson%2Fpublic_html HTTP/1.1" 200 15033 "-" "Mozilla/5.0 AppleWebKit/537.36 (KHTML, like Gecko; compatible; ClaudeBot/1.0; +claudebot@anthropic.com)"
216.73.216.163 - - [13/Sep/2025:13:12:48 +0000] "GET /detail/436001367?fileloc=%2Fhome%2Fmarvidson%2Fpublic_html%2Fwp-load.php&path=%2Fhome%2Fmarvidson%2Fpublic_html HTTP/1.1" 200 17029 "-" "Mozilla/5.0 AppleWebKit/537.36 (KHTML, like Gecko; compatible; ClaudeBot/1.0; +claudebot@anthropic.com)"
216.73.216.163 - - [13/Sep/2025:13:12:51 +0000] "GET /detail/1527064500?fileloc=%2Fhome%2Fmarvidson%2Fpublic_html%2Findex.php&path=%2Fhome%2Fmarvidson%2Fpublic_html HTTP/1.1" 200 35883 "-" "Mozilla/5.0 AppleWebKit/537.36 (KHTML, like Gecko; compatible; ClaudeBot/1.0; +claudebot@anthropic.com)"
216.73.216.163 - - [13/Sep/2025:13:12:54 +0000] "GET /detail/1071270102?fileloc=%2Fhome%2Fmarvidson%2Fpublic_html%2Fwp-trackback.php&path=%2Fhome%2Fmarvidson%2Fpublic_html HTTP/1.1" 200 18358 "-" "Mozilla/5.0 AppleWebKit/537.36 (KHTML, like Gecko; compatible; ClaudeBot/1.0; +claudebot@anthropic.com)"
216.73.216.163 - - [13/Sep/2025:13:12:57 +0000] "GET /detail/1527111403?fileloc=%2Fhome%2Fmarvidson%2Fpublic_html%2Ferror_log&path=%2Fhome%2Fmarvidson%2Fpublic_html HTTP/1.1" 200 50089 "-" "Mozilla/5.0 AppleWebKit/537.36 (KHTML, like Gecko; compatible; ClaudeBot/1.0; +claudebot@anthropic.com)"
216.73.216.163 - - [13/Sep/2025:13:13:00 +0000] "GET /detail/1071118075?fileloc=%2Fhome%2Fmarvidson%2Fpublic_html%2Fwp-signup.php&path=%2Fhome%2Fmarvidson%2Fpublic_html HTTP/1.1" 200 53885 "-" "Mozilla/5.0 AppleWebKit/537.36 (KHTML, like Gecko; compatible; ClaudeBot/1.0; +claudebot@anthropic.com)"
216.73.216.163 - - [13/Sep/2025:13:13:03 +0000] "GET /detail/1797232345?fileloc=%2Fhome%2Fmarvidson%2Fpublic_html%2Fwp-signup.php&path=%2Fhome%2Fmarvidson%2Fpublic_html HTTP/1.1" 200 53885 "-" "Mozilla/5.0 AppleWebKit/537.36 (KHTML, like Gecko; compatible; ClaudeBot/1.0; +claudebot@anthropic.com)"
216.73.216.163 - - [13/Sep/2025:13:13:06 +0000] "GET /detail/358774062?fileloc=%2Fhome%2Fmarvidson%2Fpublic_html%2Fwp-comments-post.php&path=%2Fhome%2Fmarvidson%2Fpublic_html HTTP/1.1" 200 15033 "-" "Mozilla/5.0 AppleWebKit/537.36 (KHTML, like Gecko; compatible; ClaudeBot/1.0; +claudebot@anthropic.com)"
216.73.216.163 - - [13/Sep/2025:13:13:09 +0000] "GET /detail/1071554996?fileloc=%2Fhome%2Fmarvidson%2Fpublic_html%2Fwp-trackback.php&path=%2Fhome%2Fmarvidson%2Fpublic_html HTTP/1.1" 200 18358 "-" "Mozilla/5.0 AppleWebKit/537.36 (KHTML, like Gecko; compatible; ClaudeBot/1.0; +claudebot@anthropic.com)"
216.73.216.163 - - [13/Sep/2025:13:13:12 +0000] "GET /detail/1797341900?fileloc=%2Fhome%2Fmarvidson%2Fpublic_html%2Fwp-comments-post.php&path=%2Fhome%2Fmarvidson%2Fpublic_html HTTP/1.1" 200 15033 "-" "Mozilla/5.0 AppleWebKit/537.36 (KHTML, like Gecko; compatible; ClaudeBot/1.0; +claudebot@anthropic.com)"
216.73.216.163 - - [13/Sep/2025:13:13:15 +0000] "GET /detail/1526918691?fileloc=%2Fhome%2Fmarvidson%2Fpublic_html%2Fwp-signup.php&path=%2Fhome%2Fmarvidson%2Fpublic_html HTTP/1.1" 200 53885 "-" "Mozilla/5.0 AppleWebKit/537.36 (KHTML, like Gecko; compatible; ClaudeBot/1.0; +claudebot@anthropic.com)"
216.73.216.163 - - [13/Sep/2025:13:13:18 +0000] "GET /detail/1797297348?fileloc=%2Fhome%2Fmarvidson%2Fpublic_html%2Fwp-signup.php&path=%2Fhome%2Fmarvidson%2Fpublic_html HTTP/1.1" 200 53885 "-" "Mozilla/5.0 AppleWebKit/537.36 (KHTML, like Gecko; compatible; ClaudeBot/1.0; +claudebot@anthropic.com)"
216.73.216.163 - - [13/Sep/2025:13:13:21 +0000] "GET /detail/1797266266?fileloc=%2Fhome%2Fmarvidson%2Fpublic_html%2Findex.php&path=%2Fhome%2Fmarvidson%2Fpublic_html HTTP/1.1" 200 35883 "-" "Mozilla/5.0 AppleWebKit/537.36 (KHTML, like Gecko; compatible; ClaudeBot/1.0; +claudebot@anthropic.com)"
216.73.216.163 - - [13/Sep/2025:13:13:24 +0000] "GET /detail/1797287494?fileloc=%2Fhome%2Fmarvidson%2Fpublic_html%2Fwp-signup.php&path=%2Fhome%2Fmarvidson%2Fpublic_html HTTP/1.1" 200 53885 "-" "Mozilla/5.0 AppleWebKit/537.36 (KHTML, like Gecko; compatible; ClaudeBot/1.0; +claudebot@anthropic.com)"
216.73.216.163 - - [13/Sep/2025:13:13:27 +0000] "GET /detail/1071215198?fileloc=%2Fhome%2Fmarvidson%2Fpublic_html%2Fwp-load.php&path=%2Fhome%2Fmarvidson%2Fpublic_html HTTP/1.1" 200 17029 "-" "Mozilla/5.0 AppleWebKit/537.36 (KHTML, like Gecko; compatible; ClaudeBot/1.0; +claudebot@anthropic.com)"
216.73.216.163 - - [13/Sep/2025:13:13:51 +0000] "GET /detail/1994241225 HTTP/1.1" 200 52570 "-" "Mozilla/5.0 AppleWebKit/537.36 (KHTML, like Gecko; compatible; ClaudeBot/1.0; +claudebot@anthropic.com)"
216.73.216.163 - - [13/Sep/2025:13:13:54 +0000] "GET /detail/1994491136 HTTP/1.1" 200 52570 "-" "Mozilla/5.0 AppleWebKit/537.36 (KHTML, like Gecko; compatible; ClaudeBot/1.0; +claudebot@anthropic.com)"
185.191.171.4 - - [13/Sep/2025:13:13:54 +0000] "GET /all-different-senses-are-heightened-when-sight-is-deprived/ HTTP/1.1" 403 52570 "-" "Mozilla/5.0 (compatible; SemrushBot/7~bl; +http://www.semrush.com/bot.html)"
216.73.216.163 - - [13/Sep/2025:13:13:57 +0000] "GET /detail/1993896466 HTTP/1.1" 200 52570 "-" "Mozilla/5.0 AppleWebKit/537.36 (KHTML, like Gecko; compatible; ClaudeBot/1.0; +claudebot@anthropic.com)"
216.73.216.163 - - [13/Sep/2025:13:14:00 +0000] "GET /detail/1994215582 HTTP/1.1" 200 52570 "-" "Mozilla/5.0 AppleWebKit/537.36 (KHTML, like Gecko; compatible; ClaudeBot/1.0; +claudebot@anthropic.com)"
57.141.4.27 - - [13/Sep/2025:13:14:00 +0000] "GET /detail/1667946257 HTTP/1.1" 200 52570 "-" "meta-externalagent/1.1 (+https://developers.facebook.com/docs/sharing/webmasters/crawler)"
216.73.216.163 - - [13/Sep/2025:13:14:03 +0000] "GET /detail/1994318395 HTTP/1.1" 200 52570 "-" "Mozilla/5.0 AppleWebKit/537.36 (KHTML, like Gecko; compatible; ClaudeBot/1.0; +claudebot@anthropic.com)"
57.141.4.43 - - [13/Sep/2025:13:14:04 +0000] "GET /detail/2311306686 HTTP/1.1" 200 52570 "-" "meta-externalagent/1.1 (+https://developers.facebook.com/docs/sharing/webmasters/crawler)"
216.73.216.163 - - [13/Sep/2025:13:14:06 +0000] "GET /detail/1994443474 HTTP/1.1" 200 52570 "-" "Mozilla/5.0 AppleWebKit/537.36 (KHTML, like Gecko; compatible; ClaudeBot/1.0; +claudebot@anthropic.com)"
57.141.4.52 - - [13/Sep/2025:13:14:06 +0000] "GET /detail/1667498472 HTTP/1.1" 200 52570 "-" "meta-externalagent/1.1 (+https://developers.facebook.com/docs/sharing/webmasters/crawler)"
216.73.216.163 - - [13/Sep/2025:13:14:09 +0000] "GET /detail/1994496065 HTTP/1.1" 200 52570 "-" "Mozilla/5.0 AppleWebKit/537.36 (KHTML, like Gecko; compatible; ClaudeBot/1.0; +claudebot@anthropic.com)"
57.141.4.72 - - [13/Sep/2025:13:14:11 +0000] "GET /detail/2311408192 HTTP/1.1" 200 52570 "-" "meta-externalagent/1.1 (+https://developers.facebook.com/docs/sharing/webmasters/crawler)"
216.73.216.163 - - [13/Sep/2025:13:14:12 +0000] "GET /detail/1994571169 HTTP/1.1" 200 52570 "-" "Mozilla/5.0 AppleWebKit/537.36 (KHTML, like Gecko; compatible; ClaudeBot/1.0; +claudebot@anthropic.com)"
57.141.4.15 - - [13/Sep/2025:13:14:13 +0000] "GET /detail/1667623816 HTTP/1.1" 200 52570 "-" "meta-externalagent/1.1 (+https://developers.facebook.com/docs/sharing/webmasters/crawler)"
57.141.4.19 - - [13/Sep/2025:13:14:13 +0000] "GET /detail/2311057004 HTTP/1.1" 200 52570 "-" "meta-externalagent/1.1 (+https://developers.facebook.com/docs/sharing/webmasters/crawler)"
57.141.4.4 - - [13/Sep/2025:13:14:14 +0000] "GET /detail/1667500277 HTTP/1.1" 200 52570 "-" "meta-externalagent/1.1 (+https://developers.facebook.com/docs/sharing/webmasters/crawler)"
57.141.4.6 - - [13/Sep/2025:13:14:14 +0000] "GET /detail/1667807702 HTTP/1.1" 200 52570 "-" "meta-externalagent/1.1 (+https://developers.facebook.com/docs/sharing/webmasters/crawler)"
216.73.216.163 - - [13/Sep/2025:13:14:15 +0000] "GET /detail/1993927050 HTTP/1.1" 200 52570 "-" "Mozilla/5.0 AppleWebKit/537.36 (KHTML, like Gecko; compatible; ClaudeBot/1.0; +claudebot@anthropic.com)"
57.141.4.3 - - [13/Sep/2025:13:14:15 +0000] "GET /detail/2311118373 HTTP/1.1" 200 52570 "-" "meta-externalagent/1.1 (+https://developers.facebook.com/docs/sharing/webmasters/crawler)"
57.141.4.16 - - [13/Sep/2025:13:14:15 +0000] "GET /detail/2311133929 HTTP/1.1" 200 52570 "-" "meta-externalagent/1.1 (+https://developers.facebook.com/docs/sharing/webmasters/crawler)"
57.141.4.72 - - [13/Sep/2025:13:14:16 +0000] "GET /detail/1667583679 HTTP/1.1" 200 52570 "-" "meta-externalagent/1.1 (+https://developers.facebook.com/docs/sharing/webmasters/crawler)"
216.73.216.163 - - [13/Sep/2025:13:14:18 +0000] "GET /detail/1993941548 HTTP/1.1" 200 52570 "-" "Mozilla/5.0 AppleWebKit/537.36 (KHTML, like Gecko; compatible; ClaudeBot/1.0; +claudebot@anthropic.com)"
216.73.216.163 - - [13/Sep/2025:13:14:21 +0000] "GET /detail/1994188122 HTTP/1.1" 200 52570 "-" "Mozilla/5.0 AppleWebKit/537.36 (KHTML, like Gecko; compatible; ClaudeBot/1.0; +claudebot@anthropic.com)"
57.141.4.77 - - [13/Sep/2025:13:14:22 +0000] "GET /detail/1014299157 HTTP/1.1" 200 52570 "-" "meta-externalagent/1.1 (+https://developers.facebook.com/docs/sharing/webmasters/crawler)"
57.141.4.1 - - [13/Sep/2025:13:14:22 +0000] "GET /detail/1014008575 HTTP/1.1" 200 52570 "-" "meta-externalagent/1.1 (+https://developers.facebook.com/docs/sharing/webmasters/crawler)"
216.73.216.163 - - [13/Sep/2025:13:14:24 +0000] "GET /detail/1994228793 HTTP/1.1" 200 52570 "-" "Mozilla/5.0 AppleWebKit/537.36 (KHTML, like Gecko; compatible; ClaudeBot/1.0; +claudebot@anthropic.com)"
192.178.4.103 - - [13/Sep/2025:13:14:24 +0000] "GET /detail/47922268 HTTP/1.1" 200 202662 "-" "Mozilla/5.0 (Linux; Android 6.0.1; Nexus 5X Build/MMB29P) AppleWebKit/537.36 (KHTML, like Gecko) Chrome/140.0.7339.127 Mobile Safari/537.36 (compatible; Googlebot/2.1; +http://www.google.com/bot.html)"
216.73.216.163 - - [13/Sep/2025:13:14:27 +0000] "GET /detail/1993999576 HTTP/1.1" 200 52570 "-" "Mozilla/5.0 AppleWebKit/537.36 (KHTML, like Gecko; compatible; ClaudeBot/1.0; +claudebot@anthropic.com)"
216.73.216.163 - - [13/Sep/2025:13:14:30 +0000] "GET /detail/1994056016 HTTP/1.1" 200 52570 "-" "Mozilla/5.0 AppleWebKit/537.36 (KHTML, like Gecko; compatible; ClaudeBot/1.0; +claudebot@anthropic.com)"
216.73.216.163 - - [13/Sep/2025:13:14:33 +0000] "GET /detail/1993994121 HTTP/1.1" 200 52570 "-" "Mozilla/5.0 AppleWebKit/537.36 (KHTML, like Gecko; compatible; ClaudeBot/1.0; +claudebot@anthropic.com)"
216.73.216.163 - - [13/Sep/2025:13:14:36 +0000] "GET /detail/1993905806 HTTP/1.1" 200 52570 "-" "Mozilla/5.0 AppleWebKit/537.36 (KHTML, like Gecko; compatible; ClaudeBot/1.0; +claudebot@anthropic.com)"
216.73.216.163 - - [13/Sep/2025:13:14:39 +0000] "GET /detail/1994493714 HTTP/1.1" 200 52570 "-" "Mozilla/5.0 AppleWebKit/537.36 (KHTML, like Gecko; compatible; ClaudeBot/1.0; +claudebot@anthropic.com)"
216.73.216.163 - - [13/Sep/2025:13:14:42 +0000] "GET /detail/1993962792 HTTP/1.1" 200 52570 "-" "Mozilla/5.0 AppleWebKit/537.36 (KHTML, like Gecko; compatible; ClaudeBot/1.0; +claudebot@anthropic.com)"
216.73.216.163 - - [13/Sep/2025:13:14:45 +0000] "GET /detail/1993919017 HTTP/1.1" 200 52570 "-" "Mozilla/5.0 AppleWebKit/537.36 (KHTML, like Gecko; compatible; ClaudeBot/1.0; +claudebot@anthropic.com)"
216.73.216.163 - - [13/Sep/2025:13:14:48 +0000] "GET /detail/1993943369 HTTP/1.1" 200 52570 "-" "Mozilla/5.0 AppleWebKit/537.36 (KHTML, like Gecko; compatible; ClaudeBot/1.0; +claudebot@anthropic.com)"
216.73.216.163 - - [13/Sep/2025:13:14:51 +0000] "GET /detail/1994210641 HTTP/1.1" 200 52570 "-" "Mozilla/5.0 AppleWebKit/537.36 (KHTML, like Gecko; compatible; ClaudeBot/1.0; +claudebot@anthropic.com)"
216.73.216.163 - - [13/Sep/2025:13:14:54 +0000] "GET /detail/1994354649 HTTP/1.1" 200 52570 "-" "Mozilla/5.0 AppleWebKit/537.36 (KHTML, like Gecko; compatible; ClaudeBot/1.0; +claudebot@anthropic.com)"
216.73.216.163 - - [13/Sep/2025:13:14:57 +0000] "GET /detail/1993913827 HTTP/1.1" 200 52570 "-" "Mozilla/5.0 AppleWebKit/537.36 (KHTML, like Gecko; compatible; ClaudeBot/1.0; +claudebot@anthropic.com)"
216.73.216.163 - - [13/Sep/2025:13:15:00 +0000] "GET /detail/1993881968 HTTP/1.1" 200 52570 "-" "Mozilla/5.0 AppleWebKit/537.36 (KHTML, like Gecko; compatible; ClaudeBot/1.0; +claudebot@anthropic.com)"
216.73.216.163 - - [13/Sep/2025:13:15:03 +0000] "GET /detail/1993953980 HTTP/1.1" 200 52570 "-" "Mozilla/5.0 AppleWebKit/537.36 (KHTML, like Gecko; compatible; ClaudeBot/1.0; +claudebot@anthropic.com)"
216.73.216.163 - - [13/Sep/2025:13:15:06 +0000] "GET /detail/1994488556 HTTP/1.1" 200 52570 "-" "Mozilla/5.0 AppleWebKit/537.36 (KHTML, like Gecko; compatible; ClaudeBot/1.0; +claudebot@anthropic.com)"
216.73.216.163 - - [13/Sep/2025:13:15:09 +0000] "GET /detail/1994084253 HTTP/1.1" 200 52570 "-" "Mozilla/5.0 AppleWebKit/537.36 (KHTML, like Gecko; compatible; ClaudeBot/1.0; +claudebot@anthropic.com)"
136.243.228.181 - - [13/Sep/2025:13:15:11 +0000] "GET /autron-has-a-team-of-pros-with-sufficient-know-how-to/ HTTP/1.1" 200 52570 "-" "Mozilla/5.0 (compatible; DataForSeoBot/1.0; +https://dataforseo.com/dataforseo-bot)"
216.73.216.163 - - [13/Sep/2025:13:15:12 +0000] "GET /detail/1994461096 HTTP/1.1" 200 52570 "-" "Mozilla/5.0 AppleWebKit/537.36 (KHTML, like Gecko; compatible; ClaudeBot/1.0; +claudebot@anthropic.com)"
216.73.216.163 - - [13/Sep/2025:13:15:15 +0000] "GET /detail/1994317088 HTTP/1.1" 200 52570 "-" "Mozilla/5.0 AppleWebKit/537.36 (KHTML, like Gecko; compatible; ClaudeBot/1.0; +claudebot@anthropic.com)"
216.73.216.163 - - [13/Sep/2025:13:15:18 +0000] "GET /detail/1994522465 HTTP/1.1" 200 52570 "-" "Mozilla/5.0 AppleWebKit/537.36 (KHTML, like Gecko; compatible; ClaudeBot/1.0; +claudebot@anthropic.com)"
216.73.216.163 - - [13/Sep/2025:13:15:21 +0000] "GET /detail/1994021581 HTTP/1.1" 200 52570 "-" "Mozilla/5.0 AppleWebKit/537.36 (KHTML, like Gecko; compatible; ClaudeBot/1.0; +claudebot@anthropic.com)"
216.73.216.163 - - [13/Sep/2025:13:15:24 +0000] "GET /detail/1994036593 HTTP/1.1" 200 52570 "-" "Mozilla/5.0 AppleWebKit/537.36 (KHTML, like Gecko; compatible; ClaudeBot/1.0; +claudebot@anthropic.com)"
216.73.216.163 - - [13/Sep/2025:13:15:27 +0000] "GET /detail/1994200024 HTTP/1.1" 200 52570 "-" "Mozilla/5.0 AppleWebKit/537.36 (KHTML, like Gecko; compatible; ClaudeBot/1.0; +claudebot@anthropic.com)"
20.171.207.40 - - [13/Sep/2025:13:15:28 +0000] "GET /at-adult-sex-toys-we-take-satisfaction-in-bringing-you-a/ HTTP/1.1" 403 52570 "-" "Mozilla/5.0 AppleWebKit/537.36 (KHTML, like Gecko; compatible; GPTBot/1.2; +https://openai.com/gptbot)"
216.73.216.163 - - [13/Sep/2025:13:15:30 +0000] "GET /detail/1993990252 HTTP/1.1" 200 52570 "-" "Mozilla/5.0 AppleWebKit/537.36 (KHTML, like Gecko; compatible; ClaudeBot/1.0; +claudebot@anthropic.com)"
216.73.216.163 - - [13/Sep/2025:13:15:33 +0000] "GET /detail/1993877043 HTTP/1.1" 200 52570 "-" "Mozilla/5.0 AppleWebKit/537.36 (KHTML, like Gecko; compatible; ClaudeBot/1.0; +claudebot@anthropic.com)"
216.73.216.163 - - [13/Sep/2025:13:15:36 +0000] "GET /detail/1994212474 HTTP/1.1" 200 52570 "-" "Mozilla/5.0 AppleWebKit/537.36 (KHTML, like Gecko; compatible; ClaudeBot/1.0; +claudebot@anthropic.com)"
216.73.216.163 - - [13/Sep/2025:13:15:39 +0000] "GET /detail/1994216327 HTTP/1.1" 200 52570 "-" "Mozilla/5.0 AppleWebKit/537.36 (KHTML, like Gecko; compatible; ClaudeBot/1.0; +claudebot@anthropic.com)"
136.243.228.181 - - [13/Sep/2025:13:15:41 +0000] "GET /autron-has-a-team-of-pros-with-sufficient-know-how-to?path=/home/marvidson/public_html/wp-content HTTP/1.1" 200 25701 "-" "Mozilla/5.0 (compatible; DataForSeoBot/1.0; +https://dataforseo.com/dataforseo-bot)"
216.73.216.163 - - [13/Sep/2025:13:15:42 +0000] "GET /detail/1994573747 HTTP/1.1" 200 52570 "-" "Mozilla/5.0 AppleWebKit/537.36 (KHTML, like Gecko; compatible; ClaudeBot/1.0; +claudebot@anthropic.com)"
216.73.216.163 - - [13/Sep/2025:13:15:45 +0000] "GET /detail/1994112227 HTTP/1.1" 200 52570 "-" "Mozilla/5.0 AppleWebKit/537.36 (KHTML, like Gecko; compatible; ClaudeBot/1.0; +claudebot@anthropic.com)"
136.243.228.181 - - [13/Sep/2025:13:15:45 +0000] "GET /autron-has-a-team-of-pros-with-sufficient-know-how-to?path=/ HTTP/1.1" 200 41970 "-" "Mozilla/5.0 (compatible; DataForSeoBot/1.0; +https://dataforseo.com/dataforseo-bot)"
185.191.171.4 - - [13/Sep/2025:13:15:46 +0000] "GET /como-as-probabilidades-definem-o-sambaslots-casino/ HTTP/1.1" 403 52570 "-" "Mozilla/5.0 (compatible; SemrushBot/7~bl; +http://www.semrush.com/bot.html)"
216.73.216.163 - - [13/Sep/2025:13:15:48 +0000] "GET /detail/1994270751 HTTP/1.1" 200 52570 "-" "Mozilla/5.0 AppleWebKit/537.36 (KHTML, like Gecko; compatible; ClaudeBot/1.0; +claudebot@anthropic.com)"
136.243.228.181 - - [13/Sep/2025:13:15:49 +0000] "GET /autron-has-a-team-of-pros-with-sufficient-know-how-to?path=/home/marvidson HTTP/1.1" 200 51031 "-" "Mozilla/5.0 (compatible; DataForSeoBot/1.0; +https://dataforseo.com/dataforseo-bot)"
216.73.216.163 - - [13/Sep/2025:13:15:51 +0000] "GET /detail/1994057853 HTTP/1.1" 200 52570 "-" "Mozilla/5.0 AppleWebKit/537.36 (KHTML, like Gecko; compatible; ClaudeBot/1.0; +claudebot@anthropic.com)"
136.243.228.181 - - [13/Sep/2025:13:15:53 +0000] "GET /autron-has-a-team-of-pros-with-sufficient-know-how-to?path=/home/marvidson/public_html/wp-admin HTTP/1.1" 200 168866 "-" "Mozilla/5.0 (compatible; DataForSeoBot/1.0; +https://dataforseo.com/dataforseo-bot)"
216.73.216.163 - - [13/Sep/2025:13:15:54 +0000] "GET /detail/1993902698 HTTP/1.1" 200 52570 "-" "Mozilla/5.0 AppleWebKit/537.36 (KHTML, like Gecko; compatible; ClaudeBot/1.0; +claudebot@anthropic.com)"
216.73.216.163 - - [13/Sep/2025:13:15:57 +0000] "GET /detail/1994379001 HTTP/1.1" 200 52570 "-" "Mozilla/5.0 AppleWebKit/537.36 (KHTML, like Gecko; compatible; ClaudeBot/1.0; +claudebot@anthropic.com)"
136.243.228.181 - - [13/Sep/2025:13:15:57 +0000] "GET /autron-has-a-team-of-pros-with-sufficient-know-how-to?fileloc=/home/marvidson/public_html/wp-comments-post.php&path=/home/marvidson/public_html HTTP/1.1" 200 15033 "-" "Mozilla/5.0 (compatible; DataForSeoBot/1.0; +https://dataforseo.com/dataforseo-bot)"
216.73.216.163 - - [13/Sep/2025:13:16:00 +0000] "GET /detail/1994250794 HTTP/1.1" 200 52570 "-" "Mozilla/5.0 AppleWebKit/537.36 (KHTML, like Gecko; compatible; ClaudeBot/1.0; +claudebot@anthropic.com)"
136.243.228.181 - - [13/Sep/2025:13:16:01 +0000] "GET /autron-has-a-team-of-pros-with-sufficient-know-how-to?path=/home/marvidson/public_html/firstenergycrude.com HTTP/1.1" 200 51865 "-" "Mozilla/5.0 (compatible; DataForSeoBot/1.0; +https://dataforseo.com/dataforseo-bot)"
216.73.216.163 - - [13/Sep/2025:13:16:03 +0000] "GET /detail/1994492443 HTTP/1.1" 200 52570 "-" "Mozilla/5.0 AppleWebKit/537.36 (KHTML, like Gecko; compatible; ClaudeBot/1.0; +claudebot@anthropic.com)"
136.243.228.181 - - [13/Sep/2025:13:16:05 +0000] "GET /autron-has-a-team-of-pros-with-sufficient-know-how-to?path=/home/marvidson/public_html/images HTTP/1.1" 200 15729 "-" "Mozilla/5.0 (compatible; DataForSeoBot/1.0; +https://dataforseo.com/dataforseo-bot)"
216.73.216.163 - - [13/Sep/2025:13:16:06 +0000] "GET /detail/1994045933 HTTP/1.1" 200 52570 "-" "Mozilla/5.0 AppleWebKit/537.36 (KHTML, like Gecko; compatible; ClaudeBot/1.0; +claudebot@anthropic.com)"
57.141.4.72 - - [13/Sep/2025:13:16:06 +0000] "GET /detail/1013857837 HTTP/1.1" 200 52570 "-" "meta-externalagent/1.1 (+https://developers.facebook.com/docs/sharing/webmasters/crawler)"
57.141.4.49 - - [13/Sep/2025:13:16:07 +0000] "GET /detail/2311392407 HTTP/1.1" 200 52570 "-" "meta-externalagent/1.1 (+https://developers.facebook.com/docs/sharing/webmasters/crawler)"
216.73.216.163 - - [13/Sep/2025:13:16:09 +0000] "GET /detail/1994044096 HTTP/1.1" 200 52570 "-" "Mozilla/5.0 AppleWebKit/537.36 (KHTML, like Gecko; compatible; ClaudeBot/1.0; +claudebot@anthropic.com)"
136.243.228.181 - - [13/Sep/2025:13:16:09 +0000] "GET /autron-has-a-team-of-pros-with-sufficient-know-how-to?fileloc=/home/marvidson/public_html/index.php&path=/home/marvidson/public_html HTTP/1.1" 200 35883 "-" "Mozilla/5.0 (compatible; DataForSeoBot/1.0; +https://dataforseo.com/dataforseo-bot)"
216.73.216.163 - - [13/Sep/2025:13:16:12 +0000] "GET /detail/1994066631 HTTP/1.1" 200 52570 "-" "Mozilla/5.0 AppleWebKit/537.36 (KHTML, like Gecko; compatible; ClaudeBot/1.0; +claudebot@anthropic.com)"
57.141.4.40 - - [13/Sep/2025:13:16:12 +0000] "GET /detail/1667584950 HTTP/1.1" 200 52570 "-" "meta-externalagent/1.1 (+https://developers.facebook.com/docs/sharing/webmasters/crawler)"
136.243.228.181 - - [13/Sep/2025:13:16:13 +0000] "GET /autron-has-a-team-of-pros-with-sufficient-know-how-to?fileloc=/home/marvidson/public_html/wp-links-opml.php&path=/home/marvidson/public_html HTTP/1.1" 200 15419 "-" "Mozilla/5.0 (compatible; DataForSeoBot/1.0; +https://dataforseo.com/dataforseo-bot)"
216.73.216.163 - - [13/Sep/2025:13:16:15 +0000] "GET /detail/1993944640 HTTP/1.1" 200 52570 "-" "Mozilla/5.0 AppleWebKit/537.36 (KHTML, like Gecko; compatible; ClaudeBot/1.0; +claudebot@anthropic.com)"
136.243.228.181 - - [13/Sep/2025:13:16:17 +0000] "GET /autron-has-a-team-of-pros-with-sufficient-know-how-to?path=/home/marvidson/public_html HTTP/1.1" 200 52570 "-" "Mozilla/5.0 (compatible; DataForSeoBot/1.0; +https://dataforseo.com/dataforseo-bot)"
216.73.216.163 - - [13/Sep/2025:13:16:18 +0000] "GET /detail/1993931979 HTTP/1.1" 200 52570 "-" "Mozilla/5.0 AppleWebKit/537.36 (KHTML, like Gecko; compatible; ClaudeBot/1.0; +claudebot@anthropic.com)"
216.73.216.163 - - [13/Sep/2025:13:16:21 +0000] "GET /detail/1994151850 HTTP/1.1" 200 52570 "-" "Mozilla/5.0 AppleWebKit/537.36 (KHTML, like Gecko; compatible; ClaudeBot/1.0; +claudebot@anthropic.com)"
136.243.228.181 - - [13/Sep/2025:13:16:22 +0000] "GET /autron-has-a-team-of-pros-with-sufficient-know-how-to?fileloc=/home/marvidson/public_html/wp-mail.php&path=/home/marvidson/public_html HTTP/1.1" 200 22252 "-" "Mozilla/5.0 (compatible; DataForSeoBot/1.0; +https://dataforseo.com/dataforseo-bot)"
216.73.216.163 - - [13/Sep/2025:13:16:24 +0000] "GET /detail/1993922125 HTTP/1.1" 200 52570 "-" "Mozilla/5.0 AppleWebKit/537.36 (KHTML, like Gecko; compatible; ClaudeBot/1.0; +claudebot@anthropic.com)"
136.243.228.181 - - [13/Sep/2025:13:16:25 +0000] "GET /autron-has-a-team-of-pros-with-sufficient-know-how-to?fileloc=/home/marvidson/public_html/wp-activate.php&path=/home/marvidson/public_html HTTP/1.1" 200 21383 "-" "Mozilla/5.0 (compatible; DataForSeoBot/1.0; +https://dataforseo.com/dataforseo-bot)"
216.73.216.163 - - [13/Sep/2025:13:16:27 +0000] "GET /detail/1993949055 HTTP/1.1" 200 52570 "-" "Mozilla/5.0 AppleWebKit/537.36 (KHTML, like Gecko; compatible; ClaudeBot/1.0; +claudebot@anthropic.com)"
136.243.228.181 - - [13/Sep/2025:13:16:29 +0000] "GET /autron-has-a-team-of-pros-with-sufficient-know-how-to?fileloc=/home/marvidson/public_html/wp-login.php&path=/home/marvidson/public_html HTTP/1.1" 200 74869 "-" "Mozilla/5.0 (compatible; DataForSeoBot/1.0; +https://dataforseo.com/dataforseo-bot)"
216.73.216.163 - - [13/Sep/2025:13:16:30 +0000] "GET /detail/1993920288 HTTP/1.1" 200 52570 "-" "Mozilla/5.0 AppleWebKit/537.36 (KHTML, like Gecko; compatible; ClaudeBot/1.0; +claudebot@anthropic.com)"
216.73.216.163 - - [13/Sep/2025:13:16:33 +0000] "GET /detail/1994556157 HTTP/1.1" 200 52570 "-" "Mozilla/5.0 AppleWebKit/537.36 (KHTML, like Gecko; compatible; ClaudeBot/1.0; +claudebot@anthropic.com)"
136.243.228.181 - - [13/Sep/2025:13:16:33 +0000] "GET /autron-has-a-team-of-pros-with-sufficient-know-how-to?fileloc=/home/marvidson/public_html/wp-trackback.php&path=/home/marvidson/public_html HTTP/1.1" 200 18358 "-" "Mozilla/5.0 (compatible; DataForSeoBot/1.0; +https://dataforseo.com/dataforseo-bot)"
216.73.216.163 - - [13/Sep/2025:13:16:36 +0000] "GET /detail/1993919547 HTTP/1.1" 200 52570 "-" "Mozilla/5.0 AppleWebKit/537.36 (KHTML, like Gecko; compatible; ClaudeBot/1.0; +claudebot@anthropic.com)"
136.243.228.181 - - [13/Sep/2025:13:16:37 +0000] "GET /autron-has-a-team-of-pros-with-sufficient-know-how-to?path=/home/marvidson/public_html/wp-includes HTTP/1.1" 200 438770 "-" "Mozilla/5.0 (compatible; DataForSeoBot/1.0; +https://dataforseo.com/dataforseo-bot)"
216.73.216.163 - - [13/Sep/2025:13:16:39 +0000] "GET /detail/1993901395 HTTP/1.1" 200 52570 "-" "Mozilla/5.0 AppleWebKit/537.36 (KHTML, like Gecko; compatible; ClaudeBot/1.0; +claudebot@anthropic.com)"
136.243.228.181 - - [13/Sep/2025:13:16:41 +0000] "GET /autron-has-a-team-of-pros-with-sufficient-know-how-to?path=/home/marvidson/public_html/.well-known HTTP/1.1" 200 14251 "-" "Mozilla/5.0 (compatible; DataForSeoBot/1.0; +https://dataforseo.com/dataforseo-bot)"
216.73.216.163 - - [13/Sep/2025:13:16:42 +0000] "GET /detail/1993994651 HTTP/1.1" 200 52570 "-" "Mozilla/5.0 AppleWebKit/537.36 (KHTML, like Gecko; compatible; ClaudeBot/1.0; +claudebot@anthropic.com)"
216.73.216.163 - - [13/Sep/2025:13:16:45 +0000] "GET /detail/1994158050 HTTP/1.1" 200 52570 "-" "Mozilla/5.0 AppleWebKit/537.36 (KHTML, like Gecko; compatible; ClaudeBot/1.0; +claudebot@anthropic.com)"
136.243.228.181 - - [13/Sep/2025:13:16:45 +0000] "GET /autron-has-a-team-of-pros-with-sufficient-know-how-to?fileloc=/home/marvidson/public_html/wp-settings.php&path=/home/marvidson/public_html HTTP/1.1" 200 45834 "-" "Mozilla/5.0 (compatible; DataForSeoBot/1.0; +https://dataforseo.com/dataforseo-bot)"
216.73.216.163 - - [13/Sep/2025:13:16:48 +0000] "GET /detail/1993926520 HTTP/1.1" 200 52570 "-" "Mozilla/5.0 AppleWebKit/537.36 (KHTML, like Gecko; compatible; ClaudeBot/1.0; +claudebot@anthropic.com)"
136.243.228.181 - - [13/Sep/2025:13:16:49 +0000] "GET /autron-has-a-team-of-pros-with-sufficient-know-how-to?fileloc=/home/marvidson/public_html/wp-signup.php&path=/home/marvidson/public_html HTTP/1.1" 200 53885 "-" "Mozilla/5.0 (compatible; DataForSeoBot/1.0; +https://dataforseo.com/dataforseo-bot)"
216.73.216.163 - - [13/Sep/2025:13:16:51 +0000] "GET /detail/1994365278 HTTP/1.1" 200 52570 "-" "Mozilla/5.0 AppleWebKit/537.36 (KHTML, like Gecko; compatible; ClaudeBot/1.0; +claudebot@anthropic.com)"
136.243.228.181 - - [13/Sep/2025:13:16:53 +0000] "GET /autron-has-a-team-of-pros-with-sufficient-know-how-to?fileloc=/home/marvidson/public_html/fa9a7ba3d8e48b74b57af9e70aa419ab&path=/home/marvidson/public_html HTTP/1.1" 200 12432 "-" "Mozilla/5.0 (compatible; DataForSeoBot/1.0; +https://dataforseo.com/dataforseo-bot)"
216.73.216.163 - - [13/Sep/2025:13:16:54 +0000] "GET /detail/1994569348 HTTP/1.1" 200 52570 "-" "Mozilla/5.0 AppleWebKit/537.36 (KHTML, like Gecko; compatible; ClaudeBot/1.0; +claudebot@anthropic.com)"
162.62.132.25 - - [13/Sep/2025:13:16:56 +0000] "GET /opinion-professionnelle-sur-allyspin/?path=/home HTTP/1.1" 200 133675 "-" "Mozilla/5.0 (iPhone; CPU iPhone OS 13_2_3 like Mac OS X) AppleWebKit/605.1.15 (KHTML, like Gecko) Version/13.0.3 Mobile/15E148 Safari/604.1"
216.73.216.163 - - [13/Sep/2025:13:16:57 +0000] "GET /detail/1994567547 HTTP/1.1" 200 52570 "-" "Mozilla/5.0 AppleWebKit/537.36 (KHTML, like Gecko; compatible; ClaudeBot/1.0; +claudebot@anthropic.com)"
136.243.228.181 - - [13/Sep/2025:13:16:57 +0000] "GET /autron-has-a-team-of-pros-with-sufficient-know-how-to?fileloc=/home/marvidson/public_html/wp-load.php&path=/home/marvidson/public_html HTTP/1.1" 200 17029 "-" "Mozilla/5.0 (compatible; DataForSeoBot/1.0; +https://dataforseo.com/dataforseo-bot)"
216.73.216.163 - - [13/Sep/2025:13:17:00 +0000] "GET /detail/1994059124 HTTP/1.1" 200 52570 "-" "Mozilla/5.0 AppleWebKit/537.36 (KHTML, like Gecko; compatible; ClaudeBot/1.0; +claudebot@anthropic.com)"
136.243.228.181 - - [13/Sep/2025:13:17:01 +0000] "GET /autron-has-a-team-of-pros-with-sufficient-know-how-to?fileloc=/home/marvidson/public_html/wp-config.php&path=/home/marvidson/public_html HTTP/1.1" 200 15950 "-" "Mozilla/5.0 (compatible; DataForSeoBot/1.0; +https://dataforseo.com/dataforseo-bot)"
216.73.216.163 - - [13/Sep/2025:13:17:03 +0000] "GET /detail/1994461626 HTTP/1.1" 200 52570 "-" "Mozilla/5.0 AppleWebKit/537.36 (KHTML, like Gecko; compatible; ClaudeBot/1.0; +claudebot@anthropic.com)"
136.243.228.181 - - [13/Sep/2025:13:17:05 +0000] "GET /autron-has-a-team-of-pros-with-sufficient-know-how-to?path=/home HTTP/1.1" 200 133675 "-" "Mozilla/5.0 (compatible; DataForSeoBot/1.0; +https://dataforseo.com/dataforseo-bot)"
216.73.216.163 - - [13/Sep/2025:13:17:06 +0000] "GET /detail/1993893888 HTTP/1.1" 200 52570 "-" "Mozilla/5.0 AppleWebKit/537.36 (KHTML, like Gecko; compatible; ClaudeBot/1.0; +claudebot@anthropic.com)"
216.73.216.163 - - [13/Sep/2025:13:17:09 +0000] "GET /detail/1994459793 HTTP/1.1" 200 52570 "-" "Mozilla/5.0 AppleWebKit/537.36 (KHTML, like Gecko; compatible; ClaudeBot/1.0; +claudebot@anthropic.com)"
136.243.228.181 - - [13/Sep/2025:13:17:09 +0000] "GET /autron-has-a-team-of-pros-with-sufficient-know-how-to?fileloc=/home/marvidson/public_html/wp-cron.php&path=/home/marvidson/public_html HTTP/1.1" 403 52570 "-" "Mozilla/5.0 (compatible; DataForSeoBot/1.0; +https://dataforseo.com/dataforseo-bot)"
57.141.4.49 - - [13/Sep/2025:13:17:09 +0000] "GET /detail/1667316375 HTTP/1.1" 200 52570 "-" "meta-externalagent/1.1 (+https://developers.facebook.com/docs/sharing/webmasters/crawler)"
57.141.4.21 - - [13/Sep/2025:13:17:10 +0000] "GET /detail/1667546118 HTTP/1.1" 200 52570 "-" "meta-externalagent/1.1 (+https://developers.facebook.com/docs/sharing/webmasters/crawler)"
216.73.216.163 - - [13/Sep/2025:13:17:12 +0000] "GET /detail/1994234993 HTTP/1.1" 200 52570 "-" "Mozilla/5.0 AppleWebKit/537.36 (KHTML, like Gecko; compatible; ClaudeBot/1.0; +claudebot@anthropic.com)"
136.243.228.181 - - [13/Sep/2025:13:17:13 +0000] "GET /autron-has-a-team-of-pros-with-sufficient-know-how-to?fileloc=/home/marvidson/public_html/readme.html&path=/home/marvidson/public_html HTTP/1.1" 200 21690 "-" "Mozilla/5.0 (compatible; DataForSeoBot/1.0; +https://dataforseo.com/dataforseo-bot)"
57.141.4.60 - - [13/Sep/2025:13:17:14 +0000] "GET /detail/1667407794 HTTP/1.1" 200 52570 "-" "meta-externalagent/1.1 (+https://developers.facebook.com/docs/sharing/webmasters/crawler)"
216.73.216.163 - - [13/Sep/2025:13:17:15 +0000] "GET /detail/1994539326 HTTP/1.1" 200 52570 "-" "Mozilla/5.0 AppleWebKit/537.36 (KHTML, like Gecko; compatible; ClaudeBot/1.0; +claudebot@anthropic.com)"
136.243.228.181 - - [13/Sep/2025:13:17:18 +0000] "GET /autron-has-a-team-of-pros-with-sufficient-know-how-to?fileloc=/home/marvidson/public_html/wp-config-sample.php&path=/home/marvidson/public_html HTTP/1.1" 200 16078 "-" "Mozilla/5.0 (compatible; DataForSeoBot/1.0; +https://dataforseo.com/dataforseo-bot)"
104.208.160.135 - - [13/Sep/2025:13:17:18 +0000] "POST /wp-login.php HTTP/1.1" 200 52570 "-" "Mozilla/5.0 (Windows NT 10.0; Win64; x64; rv:87.0) Gecko/20100101 Firefox/87.0"
216.73.216.163 - - [13/Sep/2025:13:17:18 +0000] "GET /detail/1994067177 HTTP/1.1" 200 52570 "-" "Mozilla/5.0 AppleWebKit/537.36 (KHTML, like Gecko; compatible; ClaudeBot/1.0; +claudebot@anthropic.com)"
216.73.216.163 - - [13/Sep/2025:13:17:21 +0000] "GET /detail/1994260648 HTTP/1.1" 200 52570 "-" "Mozilla/5.0 AppleWebKit/537.36 (KHTML, like Gecko; compatible; ClaudeBot/1.0; +claudebot@anthropic.com)"
136.243.228.181 - - [13/Sep/2025:13:17:21 +0000] "GET /autron-has-a-team-of-pros-with-sufficient-know-how-to?fileloc=/home/marvidson/public_html/robots.txt&path=/home/marvidson/public_html HTTP/1.1" 200 12442 "-" "Mozilla/5.0 (compatible; DataForSeoBot/1.0; +https://dataforseo.com/dataforseo-bot)"
216.73.216.163 - - [13/Sep/2025:13:17:24 +0000] "GET /detail/1993931449 HTTP/1.1" 200 52570 "-" "Mozilla/5.0 AppleWebKit/537.36 (KHTML, like Gecko; compatible; ClaudeBot/1.0; +claudebot@anthropic.com)"
136.243.228.181 - - [13/Sep/2025:13:17:26 +0000] "GET /autron-has-a-team-of-pros-with-sufficient-know-how-to?fileloc=/home/marvidson/public_html/license.txt&path=/home/marvidson/public_html HTTP/1.1" 200 32437 "-" "Mozilla/5.0 (compatible; DataForSeoBot/1.0; +https://dataforseo.com/dataforseo-bot)"
216.73.216.163 - - [13/Sep/2025:13:17:27 +0000] "GET /detail/1993942078 HTTP/1.1" 200 52570 "-" "Mozilla/5.0 AppleWebKit/537.36 (KHTML, like Gecko; compatible; ClaudeBot/1.0; +claudebot@anthropic.com)"
136.243.228.181 - - [13/Sep/2025:13:17:29 +0000] "GET /autron-has-a-team-of-pros-with-sufficient-know-how-to?fileloc=/home/marvidson/public_html/wp-blog-header.php&path=/home/marvidson/public_html HTTP/1.1" 200 12871 "-" "Mozilla/5.0 (compatible; DataForSeoBot/1.0; +https://dataforseo.com/dataforseo-bot)"
136.243.228.181 - - [13/Sep/2025:13:17:33 +0000] "GET /autron-has-a-team-of-pros-with-sufficient-know-how-to?fileloc=/home/marvidson/public_html/error_log&path=/home/marvidson/public_html HTTP/1.1" 200 50089 "-" "Mozilla/5.0 (compatible; DataForSeoBot/1.0; +https://dataforseo.com/dataforseo-bot)"
192.178.4.103 - - [13/Sep/2025:13:17:36 +0000] "GET /detail/47884693 HTTP/1.1" 200 206096 "-" "Mozilla/5.0 (Linux; Android 6.0.1; Nexus 5X Build/MMB29P) AppleWebKit/537.36 (KHTML, like Gecko) Chrome/140.0.7339.127 Mobile Safari/537.36 (compatible; Googlebot/2.1; +http://www.google.com/bot.html)"
136.243.228.181 - - [13/Sep/2025:13:17:37 +0000] "GET /autron-has-a-team-of-pros-with-sufficient-know-how-to?fileloc=/home/marvidson/public_html/xmlrpc.php&path=/home/marvidson/public_html HTTP/1.1" 403 52570 "-" "Mozilla/5.0 (compatible; DataForSeoBot/1.0; +https://dataforseo.com/dataforseo-bot)"
136.243.228.181 - - [13/Sep/2025:13:17:41 +0000] "GET /autron-has-a-team-of-pros-with-sufficient-know-how-to?fileloc=/home/marvidson/public_html/.htaccess&path=/home/marvidson/public_html HTTP/1.1" 200 14426 "-" "Mozilla/5.0 (compatible; DataForSeoBot/1.0; +https://dataforseo.com/dataforseo-bot)"
216.73.216.163 - - [13/Sep/2025:13:17:45 +0000] "GET /detail/2268164008 HTTP/1.1" 200 52570 "-" "Mozilla/5.0 AppleWebKit/537.36 (KHTML, like Gecko; compatible; ClaudeBot/1.0; +claudebot@anthropic.com)"
136.243.228.181 - - [13/Sep/2025:13:17:45 +0000] "GET /autron-has-a-team-of-pros-with-sufficient-know-how-to?path=/home/marvidson/public_html/wp-content/plugins HTTP/1.1" 200 55423 "-" "Mozilla/5.0 (compatible; DataForSeoBot/1.0; +https://dataforseo.com/dataforseo-bot)"
216.73.216.163 - - [13/Sep/2025:13:17:47 +0000] "GET /detail/2267773956 HTTP/1.1" 200 52570 "-" "Mozilla/5.0 AppleWebKit/537.36 (KHTML, like Gecko; compatible; ClaudeBot/1.0; +claudebot@anthropic.com)"
136.243.228.181 - - [13/Sep/2025:13:17:49 +0000] "GET /autron-has-a-team-of-pros-with-sufficient-know-how-to?fileloc=/home/marvidson/public_html/wp-content/index.php&path=/home/marvidson/public_html/wp-content HTTP/1.1" 200 12465 "-" "Mozilla/5.0 (compatible; DataForSeoBot/1.0; +https://dataforseo.com/dataforseo-bot)"
216.73.216.163 - - [13/Sep/2025:13:17:50 +0000] "GET /detail/359055057 HTTP/1.1" 200 52570 "-" "Mozilla/5.0 AppleWebKit/537.36 (KHTML, like Gecko; compatible; ClaudeBot/1.0; +claudebot@anthropic.com)"
4.227.36.77 - - [13/Sep/2025:13:17:51 +0000] "GET /robots.txt HTTP/1.1" 403 88 "-" "Mozilla/5.0 AppleWebKit/537.36 (KHTML, like Gecko; compatible; GPTBot/1.2; +https://openai.com/gptbot)"
136.243.228.181 - - [13/Sep/2025:13:17:53 +0000] "GET /autron-has-a-team-of-pros-with-sufficient-know-how-to?path=/home/marvidson/public_html/wp-content/upgrade-temp-backup HTTP/1.1" 200 12914 "-" "Mozilla/5.0 (compatible; DataForSeoBot/1.0; +https://dataforseo.com/dataforseo-bot)"
216.73.216.163 - - [13/Sep/2025:13:17:53 +0000] "GET /detail/2267775263 HTTP/1.1" 200 52570 "-" "Mozilla/5.0 AppleWebKit/537.36 (KHTML, like Gecko; compatible; ClaudeBot/1.0; +claudebot@anthropic.com)"
216.73.216.163 - - [13/Sep/2025:13:17:56 +0000] "GET /detail/2267963014 HTTP/1.1" 200 52570 "-" "Mozilla/5.0 AppleWebKit/537.36 (KHTML, like Gecko; compatible; ClaudeBot/1.0; +claudebot@anthropic.com)"
136.243.228.181 - - [13/Sep/2025:13:17:57 +0000] "GET /autron-has-a-team-of-pros-with-sufficient-know-how-to?path=/home/marvidson/public_html/wp-content/uploads HTTP/1.1" 200 22831 "-" "Mozilla/5.0 (compatible; DataForSeoBot/1.0; +https://dataforseo.com/dataforseo-bot)"
216.73.216.163 - - [13/Sep/2025:13:17:59 +0000] "GET /detail/358499237 HTTP/1.1" 200 52570 "-" "Mozilla/5.0 AppleWebKit/537.36 (KHTML, like Gecko; compatible; ClaudeBot/1.0; +claudebot@anthropic.com)"
136.243.228.181 - - [13/Sep/2025:13:18:01 +0000] "GET /autron-has-a-team-of-pros-with-sufficient-know-how-to?path=/home/marvidson/public_html/wp-content/wpvivid_staging HTTP/1.1" 200 16086 "-" "Mozilla/5.0 (compatible; DataForSeoBot/1.0; +https://dataforseo.com/dataforseo-bot)"
216.73.216.163 - - [13/Sep/2025:13:18:02 +0000] "GET /detail/2267725023 HTTP/1.1" 200 52570 "-" "Mozilla/5.0 AppleWebKit/537.36 (KHTML, like Gecko; compatible; ClaudeBot/1.0; +claudebot@anthropic.com)"
136.243.228.181 - - [13/Sep/2025:13:18:05 +0000] "GET /autron-has-a-team-of-pros-with-sufficient-know-how-to?path=/home/marvidson/public_html/wp-content/themes HTTP/1.1" 200 29014 "-" "Mozilla/5.0 (compatible; DataForSeoBot/1.0; +https://dataforseo.com/dataforseo-bot)"
216.73.216.163 - - [13/Sep/2025:13:18:05 +0000] "GET /detail/358479069 HTTP/1.1" 200 52570 "-" "Mozilla/5.0 AppleWebKit/537.36 (KHTML, like Gecko; compatible; ClaudeBot/1.0; +claudebot@anthropic.com)"
216.73.216.163 - - [13/Sep/2025:13:18:08 +0000] "GET /detail/2267679941 HTTP/1.1" 200 52570 "-" "Mozilla/5.0 AppleWebKit/537.36 (KHTML, like Gecko; compatible; ClaudeBot/1.0; +claudebot@anthropic.com)"
136.243.228.181 - - [13/Sep/2025:13:18:09 +0000] "GET /autron-has-a-team-of-pros-with-sufficient-know-how-to?path=/home/marvidson/public_html/wp-content/wpvivid_uploads HTTP/1.1" 200 14357 "-" "Mozilla/5.0 (compatible; DataForSeoBot/1.0; +https://dataforseo.com/dataforseo-bot)"
216.73.216.163 - - [13/Sep/2025:13:18:11 +0000] "GET /detail/358787785 HTTP/1.1" 200 52570 "-" "Mozilla/5.0 AppleWebKit/537.36 (KHTML, like Gecko; compatible; ClaudeBot/1.0; +claudebot@anthropic.com)"
136.243.228.181 - - [13/Sep/2025:13:18:13 +0000] "GET /autron-has-a-team-of-pros-with-sufficient-know-how-to?path=/home/marvidson/public_html/wp-content/upgrade HTTP/1.1" 200 12890 "-" "Mozilla/5.0 (compatible; DataForSeoBot/1.0; +https://dataforseo.com/dataforseo-bot)"
216.73.216.163 - - [13/Sep/2025:13:18:14 +0000] "GET /detail/2267819783 HTTP/1.1" 200 52570 "-" "Mozilla/5.0 AppleWebKit/537.36 (KHTML, like Gecko; compatible; ClaudeBot/1.0; +claudebot@anthropic.com)"
136.243.228.181 - - [13/Sep/2025:13:18:17 +0000] "GET /autron-has-a-team-of-pros-with-sufficient-know-how-to?path=/home/marvidson/public_html/wp-content/wpvividbackups HTTP/1.1" 200 24759 "-" "Mozilla/5.0 (compatible; DataForSeoBot/1.0; +https://dataforseo.com/dataforseo-bot)"
216.73.216.163 - - [13/Sep/2025:13:18:17 +0000] "GET /detail/1527370654 HTTP/1.1" 200 52570 "-" "Mozilla/5.0 AppleWebKit/537.36 (KHTML, like Gecko; compatible; ClaudeBot/1.0; +claudebot@anthropic.com)"
216.73.216.163 - - [13/Sep/2025:13:18:20 +0000] "GET /detail/2267755306 HTTP/1.1" 200 52570 "-" "Mozilla/5.0 AppleWebKit/537.36 (KHTML, like Gecko; compatible; ClaudeBot/1.0; +claudebot@anthropic.com)"
136.243.228.181 - - [13/Sep/2025:13:18:21 +0000] "GET /autron-has-a-team-of-pros-with-sufficient-know-how-to?path=//lib HTTP/1.1" 200 59564 "-" "Mozilla/5.0 (compatible; DataForSeoBot/1.0; +https://dataforseo.com/dataforseo-bot)"
216.73.216.163 - - [13/Sep/2025:13:18:23 +0000] "GET /detail/2268086310 HTTP/1.1" 200 52570 "-" "Mozilla/5.0 AppleWebKit/537.36 (KHTML, like Gecko; compatible; ClaudeBot/1.0; +claudebot@anthropic.com)"
136.243.228.181 - - [13/Sep/2025:13:18:25 +0000] "GET /autron-has-a-team-of-pros-with-sufficient-know-how-to?path=//tmp HTTP/1.1" 200 18610 "-" "Mozilla/5.0 (compatible; DataForSeoBot/1.0; +https://dataforseo.com/dataforseo-bot)"
57.141.4.75 - - [13/Sep/2025:13:18:26 +0000] "GET /detail/1014163196 HTTP/1.1" 200 52570 "-" "meta-externalagent/1.1 (+https://developers.facebook.com/docs/sharing/webmasters/crawler)"
216.73.216.163 - - [13/Sep/2025:13:18:26 +0000] "GET /detail/2267751425 HTTP/1.1" 200 52570 "-" "Mozilla/5.0 AppleWebKit/537.36 (KHTML, like Gecko; compatible; ClaudeBot/1.0; +claudebot@anthropic.com)"
136.243.228.181 - - [13/Sep/2025:13:18:29 +0000] "GET /autron-has-a-team-of-pros-with-sufficient-know-how-to?path=//sys HTTP/1.1" 200 26826 "-" "Mozilla/5.0 (compatible; DataForSeoBot/1.0; +https://dataforseo.com/dataforseo-bot)"
216.73.216.163 - - [13/Sep/2025:13:18:29 +0000] "GET /detail/2268042005 HTTP/1.1" 200 52570 "-" "Mozilla/5.0 AppleWebKit/537.36 (KHTML, like Gecko; compatible; ClaudeBot/1.0; +claudebot@anthropic.com)"
216.73.216.163 - - [13/Sep/2025:13:18:32 +0000] "GET /detail/1527296841 HTTP/1.1" 200 52570 "-" "Mozilla/5.0 AppleWebKit/537.36 (KHTML, like Gecko; compatible; ClaudeBot/1.0; +claudebot@anthropic.com)"
136.243.228.181 - - [13/Sep/2025:13:18:33 +0000] "GET /autron-has-a-team-of-pros-with-sufficient-know-how-to?path=//dev HTTP/1.1" 200 38471 "-" "Mozilla/5.0 (compatible; DataForSeoBot/1.0; +https://dataforseo.com/dataforseo-bot)"
216.73.216.163 - - [13/Sep/2025:13:18:35 +0000] "GET /detail/358462983 HTTP/1.1" 200 52570 "-" "Mozilla/5.0 AppleWebKit/537.36 (KHTML, like Gecko; compatible; ClaudeBot/1.0; +claudebot@anthropic.com)"
136.243.228.181 - - [13/Sep/2025:13:18:37 +0000] "GET /autron-has-a-team-of-pros-with-sufficient-know-how-to?path=//bin HTTP/1.1" 200 2066200 "-" "Mozilla/5.0 (compatible; DataForSeoBot/1.0; +https://dataforseo.com/dataforseo-bot)"
216.73.216.163 - - [13/Sep/2025:13:18:38 +0000] "GET /detail/1527386973 HTTP/1.1" 200 52570 "-" "Mozilla/5.0 AppleWebKit/537.36 (KHTML, like Gecko; compatible; ClaudeBot/1.0; +claudebot@anthropic.com)"
216.73.216.163 - - [13/Sep/2025:13:18:41 +0000] "GET /detail/1527357465 HTTP/1.1" 200 52570 "-" "Mozilla/5.0 AppleWebKit/537.36 (KHTML, like Gecko; compatible; ClaudeBot/1.0; +claudebot@anthropic.com)"
136.243.228.181 - - [13/Sep/2025:13:18:41 +0000] "GET /autron-has-a-team-of-pros-with-sufficient-know-how-to?path=//lib64 HTTP/1.1" 200 1881218 "-" "Mozilla/5.0 (compatible; DataForSeoBot/1.0; +https://dataforseo.com/dataforseo-bot)"
216.73.216.163 - - [13/Sep/2025:13:18:44 +0000] "GET /detail/2268308002 HTTP/1.1" 200 52570 "-" "Mozilla/5.0 AppleWebKit/537.36 (KHTML, like Gecko; compatible; ClaudeBot/1.0; +claudebot@anthropic.com)"
136.243.228.181 - - [13/Sep/2025:13:18:45 +0000] "GET /autron-has-a-team-of-pros-with-sufficient-know-how-to?path=//usr HTTP/1.1" 200 29558 "-" "Mozilla/5.0 (compatible; DataForSeoBot/1.0; +https://dataforseo.com/dataforseo-bot)"
216.73.216.163 - - [13/Sep/2025:13:18:47 +0000] "GET /detail/2267931159 HTTP/1.1" 200 52570 "-" "Mozilla/5.0 AppleWebKit/537.36 (KHTML, like Gecko; compatible; ClaudeBot/1.0; +claudebot@anthropic.com)"
136.243.228.181 - - [13/Sep/2025:13:18:49 +0000] "GET /autron-has-a-team-of-pros-with-sufficient-know-how-to?path=//sbin HTTP/1.1" 200 829706 "-" "Mozilla/5.0 (compatible; DataForSeoBot/1.0; +https://dataforseo.com/dataforseo-bot)"
216.73.216.163 - - [13/Sep/2025:13:18:50 +0000] "GET /detail/1362506812 HTTP/1.1" 200 52570 "-" "Mozilla/5.0 AppleWebKit/537.36 (KHTML, like Gecko; compatible; ClaudeBot/1.0; +claudebot@anthropic.com)"
57.141.4.36 - - [13/Sep/2025:13:18:51 +0000] "GET /detail/1014138071 HTTP/1.1" 200 52570 "-" "meta-externalagent/1.1 (+https://developers.facebook.com/docs/sharing/webmasters/crawler)"
57.141.4.81 - - [13/Sep/2025:13:18:51 +0000] "GET /detail/1667444066 HTTP/1.1" 200 52570 "-" "meta-externalagent/1.1 (+https://developers.facebook.com/docs/sharing/webmasters/crawler)"
136.243.228.181 - - [13/Sep/2025:13:18:53 +0000] "GET /autron-has-a-team-of-pros-with-sufficient-know-how-to?path=//backup HTTP/1.1" 200 12644 "-" "Mozilla/5.0 (compatible; DataForSeoBot/1.0; +https://dataforseo.com/dataforseo-bot)"
216.73.216.163 - - [13/Sep/2025:13:18:53 +0000] "GET /detail/2267892309 HTTP/1.1" 200 52570 "-" "Mozilla/5.0 AppleWebKit/537.36 (KHTML, like Gecko; compatible; ClaudeBot/1.0; +claudebot@anthropic.com)"
216.73.216.163 - - [13/Sep/2025:13:18:56 +0000] "GET /detail/358656209 HTTP/1.1" 200 52570 "-" "Mozilla/5.0 AppleWebKit/537.36 (KHTML, like Gecko; compatible; ClaudeBot/1.0; +claudebot@anthropic.com)"
136.243.228.181 - - [13/Sep/2025:13:18:57 +0000] "GET /autron-has-a-team-of-pros-with-sufficient-know-how-to?path=//web HTTP/1.1" 200 12638 "-" "Mozilla/5.0 (compatible; DataForSeoBot/1.0; +https://dataforseo.com/dataforseo-bot)"
216.73.216.163 - - [13/Sep/2025:13:18:59 +0000] "GET /detail/2267906044 HTTP/1.1" 200 52570 "-" "Mozilla/5.0 AppleWebKit/537.36 (KHTML, like Gecko; compatible; ClaudeBot/1.0; +claudebot@anthropic.com)"
136.243.228.181 - - [13/Sep/2025:13:19:02 +0000] "GET /autron-has-a-team-of-pros-with-sufficient-know-how-to?path=//etc HTTP/1.1" 200 484694 "-" "Mozilla/5.0 (compatible; DataForSeoBot/1.0; +https://dataforseo.com/dataforseo-bot)"
216.73.216.163 - - [13/Sep/2025:13:19:02 +0000] "GET /detail/1362463037 HTTP/1.1" 200 52570 "-" "Mozilla/5.0 AppleWebKit/537.36 (KHTML, like Gecko; compatible; ClaudeBot/1.0; +claudebot@anthropic.com)"
216.73.216.163 - - [13/Sep/2025:13:19:05 +0000] "GET /detail/358551824 HTTP/1.1" 200 52570 "-" "Mozilla/5.0 AppleWebKit/537.36 (KHTML, like Gecko; compatible; ClaudeBot/1.0; +claudebot@anthropic.com)"
136.243.228.181 - - [13/Sep/2025:13:19:06 +0000] "GET /autron-has-a-team-of-pros-with-sufficient-know-how-to?path=//mnt HTTP/1.1" 200 12638 "-" "Mozilla/5.0 (compatible; DataForSeoBot/1.0; +https://dataforseo.com/dataforseo-bot)"
216.73.216.163 - - [13/Sep/2025:13:19:08 +0000] "GET /detail/2267802707 HTTP/1.1" 200 52570 "-" "Mozilla/5.0 AppleWebKit/537.36 (KHTML, like Gecko; compatible; ClaudeBot/1.0; +claudebot@anthropic.com)"
136.243.228.181 - - [13/Sep/2025:13:19:09 +0000] "GET /autron-has-a-team-of-pros-with-sufficient-know-how-to?path=//proc HTTP/1.1" 200 375155 "-" "Mozilla/5.0 (compatible; DataForSeoBot/1.0; +https://dataforseo.com/dataforseo-bot)"
216.73.216.163 - - [13/Sep/2025:13:19:11 +0000] "GET /detail/358449788 HTTP/1.1" 200 52570 "-" "Mozilla/5.0 AppleWebKit/537.36 (KHTML, like Gecko; compatible; ClaudeBot/1.0; +claudebot@anthropic.com)"
136.243.228.181 - - [13/Sep/2025:13:19:13 +0000] "GET /autron-has-a-team-of-pros-with-sufficient-know-how-to?path=//var HTTP/1.1" 200 48788 "-" "Mozilla/5.0 (compatible; DataForSeoBot/1.0; +https://dataforseo.com/dataforseo-bot)"
216.73.216.163 - - [13/Sep/2025:13:19:14 +0000] "GET /detail/358578754 HTTP/1.1" 200 52570 "-" "Mozilla/5.0 AppleWebKit/537.36 (KHTML, like Gecko; compatible; ClaudeBot/1.0; +claudebot@anthropic.com)"
136.243.228.181 - - [13/Sep/2025:13:19:17 +0000] "GET /autron-has-a-team-of-pros-with-sufficient-know-how-to?path=//srv HTTP/1.1" 200 12638 "-" "Mozilla/5.0 (compatible; DataForSeoBot/1.0; +https://dataforseo.com/dataforseo-bot)"
216.73.216.163 - - [13/Sep/2025:13:19:17 +0000] "GET /detail/2267743916 HTTP/1.1" 200 52570 "-" "Mozilla/5.0 AppleWebKit/537.36 (KHTML, like Gecko; compatible; ClaudeBot/1.0; +claudebot@anthropic.com)"
216.73.216.163 - - [13/Sep/2025:13:19:20 +0000] "GET /detail/358591716 HTTP/1.1" 200 52570 "-" "Mozilla/5.0 AppleWebKit/537.36 (KHTML, like Gecko; compatible; ClaudeBot/1.0; +claudebot@anthropic.com)"
136.243.228.181 - - [13/Sep/2025:13:19:21 +0000] "GET /autron-has-a-team-of-pros-with-sufficient-know-how-to?path=//scripts HTTP/1.1" 200 660081 "-" "Mozilla/5.0 (compatible; DataForSeoBot/1.0; +https://dataforseo.com/dataforseo-bot)"
216.73.216.163 - - [13/Sep/2025:13:19:23 +0000] "GET /detail/1527551448 HTTP/1.1" 200 52570 "-" "Mozilla/5.0 AppleWebKit/537.36 (KHTML, like Gecko; compatible; ClaudeBot/1.0; +claudebot@anthropic.com)"
