57.141.4.54 - - [13/Sep/2025:12:23:46 +0000] "GET /detail/1013937866 HTTP/1.1" 200 52570 "-" "meta-externalagent/1.1 (+https://developers.facebook.com/docs/sharing/webmasters/crawler)"
216.73.216.163 - - [13/Sep/2025:12:23:47 +0000] "GET /detail/1724071579?fileloc=%2Fhome%2Fmarvidson%2Fpublic_html%2Fwp-mail.php&path=%2Fhome%2Fmarvidson%2Fpublic_html HTTP/1.1" 200 22252 "-" "Mozilla/5.0 AppleWebKit/537.36 (KHTML, like Gecko; compatible; ClaudeBot/1.0; +claudebot@anthropic.com)"
216.73.216.163 - - [13/Sep/2025:12:23:50 +0000] "GET /the-distinct-head-shape-and-veiny-texture-grant-comfortable/feed?fileloc=%2Fhome%2Fmarvidson%2Fpublic_html%2Fwp-admin%2Foptions-head.php&path=%2Fhome%2Fmarvidson%2Fpublic_html%2Fwp-admin HTTP/1.1" 200 13187 "-" "Mozilla/5.0 AppleWebKit/537.36 (KHTML, like Gecko; compatible; ClaudeBot/1.0; +claudebot@anthropic.com)"
216.73.216.163 - - [13/Sep/2025:12:23:53 +0000] "GET /detail/1071248874?fileloc=%2Fhome%2Fmarvidson%2Fpublic_html%2Fwp-activate.php&path=%2Fhome%2Fmarvidson%2Fpublic_html HTTP/1.1" 200 21383 "-" "Mozilla/5.0 AppleWebKit/537.36 (KHTML, like Gecko; compatible; ClaudeBot/1.0; +claudebot@anthropic.com)"
57.141.4.30 - - [13/Sep/2025:12:23:53 +0000] "GET /detail/1013785046 HTTP/1.1" 200 52570 "-" "meta-externalagent/1.1 (+https://developers.facebook.com/docs/sharing/webmasters/crawler)"
57.141.4.19 - - [13/Sep/2025:12:23:54 +0000] "GET /detail/1667388371 HTTP/1.1" 200 52570 "-" "meta-externalagent/1.1 (+https://developers.facebook.com/docs/sharing/webmasters/crawler)"
57.141.4.79 - - [13/Sep/2025:12:23:55 +0000] "GET /detail/1013671869 HTTP/1.1" 200 52570 "-" "meta-externalagent/1.1 (+https://developers.facebook.com/docs/sharing/webmasters/crawler)"
57.141.4.59 - - [13/Sep/2025:12:23:55 +0000] "GET /detail/1667891088 HTTP/1.1" 200 52570 "-" "meta-externalagent/1.1 (+https://developers.facebook.com/docs/sharing/webmasters/crawler)"
216.73.216.163 - - [13/Sep/2025:12:23:56 +0000] "GET /detail/256072798?fileloc=%2Fhome%2Fmarvidson%2Fpublic_html%2Fwp-activate.php&path=%2Fhome%2Fmarvidson%2Fpublic_html HTTP/1.1" 200 21383 "-" "Mozilla/5.0 AppleWebKit/537.36 (KHTML, like Gecko; compatible; ClaudeBot/1.0; +claudebot@anthropic.com)"
216.73.216.163 - - [13/Sep/2025:12:23:59 +0000] "GET /detail/1070954640?fileloc=%2Fhome%2Fmarvidson%2Fpublic_html%2Fwp-trackback.php&path=%2Fhome%2Fmarvidson%2Fpublic_html HTTP/1.1" 200 18358 "-" "Mozilla/5.0 AppleWebKit/537.36 (KHTML, like Gecko; compatible; ClaudeBot/1.0; +claudebot@anthropic.com)"
57.141.4.16 - - [13/Sep/2025:12:24:01 +0000] "GET /detail/1013872070 HTTP/1.1" 200 52570 "-" "meta-externalagent/1.1 (+https://developers.facebook.com/docs/sharing/webmasters/crawler)"
216.73.216.163 - - [13/Sep/2025:12:24:02 +0000] "GET /detail/1071054361?fileloc=%2Fhome%2Fmarvidson%2Fpublic_html%2Fwp-settings.php&path=%2Fhome%2Fmarvidson%2Fpublic_html HTTP/1.1" 200 45834 "-" "Mozilla/5.0 AppleWebKit/537.36 (KHTML, like Gecko; compatible; ClaudeBot/1.0; +claudebot@anthropic.com)"
147.75.92.249 - - [13/Sep/2025:12:24:03 +0000] "GET /explorando-as-chances-no-universo-do-leaowin02/ HTTP/1.1" 200 52570 "https://marvidsonandgoldman.com/" "Mozilla/5.0 (Windows NT 10.0; WOW64) AppleWebKit/537.36 (KHTML, like Gecko) Chrome/114.0.0.0 Safari/537.36 Vivaldi/5.3.2679.68"
216.73.216.163 - - [13/Sep/2025:12:24:05 +0000] "GET /detail/1388846321?fileloc=%2Fhome%2Fmarvidson%2Fpublic_html%2Fxmlrpc.php&path=%2Fhome%2Fmarvidson%2Fpublic_html HTTP/1.1" 200 16227 "-" "Mozilla/5.0 AppleWebKit/537.36 (KHTML, like Gecko; compatible; ClaudeBot/1.0; +claudebot@anthropic.com)"
216.73.216.163 - - [13/Sep/2025:12:24:08 +0000] "GET /detail/1071296502?fileloc=%2Fhome%2Fmarvidson%2Fpublic_html%2Fwp-activate.php&path=%2Fhome%2Fmarvidson%2Fpublic_html HTTP/1.1" 200 21383 "-" "Mozilla/5.0 AppleWebKit/537.36 (KHTML, like Gecko; compatible; ClaudeBot/1.0; +claudebot@anthropic.com)"
216.73.216.163 - - [13/Sep/2025:12:24:11 +0000] "GET /detail/1999155485?fileloc=%2Fhome%2Fmarvidson%2Fpublic_html%2Fwp-comments-post.php&path=%2Fhome%2Fmarvidson%2Fpublic_html HTTP/1.1" 200 15033 "-" "Mozilla/5.0 AppleWebKit/537.36 (KHTML, like Gecko; compatible; ClaudeBot/1.0; +claudebot@anthropic.com)"
216.73.216.163 - - [13/Sep/2025:12:24:14 +0000] "GET /detail/1166878135?fileloc=%2Fhome%2Fmarvidson%2Fpublic_html%2Fxmlrpc.php&path=%2Fhome%2Fmarvidson%2Fpublic_html HTTP/1.1" 200 16227 "-" "Mozilla/5.0 AppleWebKit/537.36 (KHTML, like Gecko; compatible; ClaudeBot/1.0; +claudebot@anthropic.com)"
216.73.216.163 - - [13/Sep/2025:12:24:17 +0000] "GET /detail/1811947155?fileloc=%2Fhome%2Fmarvidson%2Fpublic_html%2Findex.php&path=%2Fhome%2Fmarvidson%2Fpublic_html HTTP/1.1" 200 35883 "-" "Mozilla/5.0 AppleWebKit/537.36 (KHTML, like Gecko; compatible; ClaudeBot/1.0; +claudebot@anthropic.com)"
216.73.216.163 - - [13/Sep/2025:12:24:20 +0000] "GET /detail/1388833375?fileloc=%2Fhome%2Fmarvidson%2Fpublic_html%2Fwp-config-sample.php&path=%2Fhome%2Fmarvidson%2Fpublic_html HTTP/1.1" 200 16078 "-" "Mozilla/5.0 AppleWebKit/537.36 (KHTML, like Gecko; compatible; ClaudeBot/1.0; +claudebot@anthropic.com)"
216.73.216.163 - - [13/Sep/2025:12:24:23 +0000] "GET /detail/1724059677?fileloc=%2Fhome%2Fmarvidson%2Fpublic_html%2Fwp-trackback.php&path=%2Fhome%2Fmarvidson%2Fpublic_html HTTP/1.1" 200 18358 "-" "Mozilla/5.0 AppleWebKit/537.36 (KHTML, like Gecko; compatible; ClaudeBot/1.0; +claudebot@anthropic.com)"
216.73.216.163 - - [13/Sep/2025:12:24:26 +0000] "GET /detail/1071387413?fileloc=%2Fhome%2Fmarvidson%2Fpublic_html%2Ferror_log&path=%2Fhome%2Fmarvidson%2Fpublic_html HTTP/1.1" 200 50089 "-" "Mozilla/5.0 AppleWebKit/537.36 (KHTML, like Gecko; compatible; ClaudeBot/1.0; +claudebot@anthropic.com)"
216.73.216.163 - - [13/Sep/2025:12:24:29 +0000] "GET /detail/1724044649?fileloc=%2Fhome%2Fmarvidson%2Fpublic_html%2Fwp-config-sample.php&path=%2Fhome%2Fmarvidson%2Fpublic_html HTTP/1.1" 200 16078 "-" "Mozilla/5.0 AppleWebKit/537.36 (KHTML, like Gecko; compatible; ClaudeBot/1.0; +claudebot@anthropic.com)"
216.73.216.163 - - [13/Sep/2025:12:24:32 +0000] "GET /detail/1999349468?fileloc=%2Fhome%2Fmarvidson%2Fpublic_html%2Fwp-signup.php&path=%2Fhome%2Fmarvidson%2Fpublic_html HTTP/1.1" 200 53885 "-" "Mozilla/5.0 AppleWebKit/537.36 (KHTML, like Gecko; compatible; ClaudeBot/1.0; +claudebot@anthropic.com)"
216.73.216.163 - - [13/Sep/2025:12:24:35 +0000] "GET /detail/1527270441?fileloc=%2Fhome%2Fmarvidson%2Fpublic_html%2Fwp-settings.php&path=%2Fhome%2Fmarvidson%2Fpublic_html HTTP/1.1" 200 45834 "-" "Mozilla/5.0 AppleWebKit/537.36 (KHTML, like Gecko; compatible; ClaudeBot/1.0; +claudebot@anthropic.com)"
212.32.50.45 - - [13/Sep/2025:12:24:36 +0000] "POST /xmlrpc.php HTTP/1.1" 403 52570 "-" "Mozilla/5.0 (Windows NT 10.0; WOW64; rv:45.0) Gecko/20100101 Firefox/45.0"
216.73.216.163 - - [13/Sep/2025:12:24:38 +0000] "GET /detail/1388425699?fileloc=%2Fhome%2Fmarvidson%2Fpublic_html%2Fwp-settings.php&path=%2Fhome%2Fmarvidson%2Fpublic_html HTTP/1.1" 200 45834 "-" "Mozilla/5.0 AppleWebKit/537.36 (KHTML, like Gecko; compatible; ClaudeBot/1.0; +claudebot@anthropic.com)"
216.73.216.163 - - [13/Sep/2025:12:24:41 +0000] "GET /detail/1071484291?fileloc=%2Fhome%2Fmarvidson%2Fpublic_html%2Ferror_log&path=%2Fhome%2Fmarvidson%2Fpublic_html HTTP/1.1" 200 50089 "-" "Mozilla/5.0 AppleWebKit/537.36 (KHTML, like Gecko; compatible; ClaudeBot/1.0; +claudebot@anthropic.com)"
212.32.50.45 - - [13/Sep/2025:12:24:41 +0000] "POST /xmlrpc.php HTTP/1.1" 403 52570 "-" "Mozilla/5.0 (Windows NT 10.0; WOW64; rv:45.0) Gecko/20100101 Firefox/45.0"
113.108.13.120 - - [13/Sep/2025:12:24:43 +0000] "GET /explorando-as-chances-no-universo-do-leaowin02/ HTTP/1.0" 200 52570 "https://marvidsonandgoldman.com/" "Mozilla/5.0 (Windows NT 10.0; WOW64) AppleWebKit/537.36 (KHTML, like Gecko) Chrome/114.0.0.0 Safari/537.36 Vivaldi/5.3.2679.68"
216.73.216.163 - - [13/Sep/2025:12:24:44 +0000] "GET /detail/211807074?fileloc=%2Fhome%2Fmarvidson%2Fpublic_html%2Fwp-settings.php&path=%2Fhome%2Fmarvidson%2Fpublic_html HTTP/1.1" 200 45834 "-" "Mozilla/5.0 AppleWebKit/537.36 (KHTML, like Gecko; compatible; ClaudeBot/1.0; +claudebot@anthropic.com)"
216.73.216.163 - - [13/Sep/2025:12:24:47 +0000] "GET /detail/1812398606?fileloc=%2Fhome%2Fmarvidson%2Fpublic_html%2Fxmlrpc.php&path=%2Fhome%2Fmarvidson%2Fpublic_html HTTP/1.1" 200 16227 "-" "Mozilla/5.0 AppleWebKit/537.36 (KHTML, like Gecko; compatible; ClaudeBot/1.0; +claudebot@anthropic.com)"
113.108.13.120 - - [13/Sep/2025:12:24:47 +0000] "GET /explorando-as-chances-no-universo-do-leaowin02/?fileloc=/home/marvidson/public_html/fa9a7ba3d8e48b74b57af9e70aa419ab&path=/home/marvidson/public_html HTTP/1.0" 200 12432 "https://marvidsonandgoldman.com/explorando-as-chances-no-universo-do-leaowin02/" "Mozilla/5.0 (Windows NT 10.0; WOW64) AppleWebKit/537.36 (KHTML, like Gecko) Chrome/114.0.0.0 Safari/537.36 Vivaldi/5.3.2679.68"
216.73.216.163 - - [13/Sep/2025:12:24:50 +0000] "GET /detail/1811966578?fileloc=%2Fhome%2Fmarvidson%2Fpublic_html%2Fxmlrpc.php&path=%2Fhome%2Fmarvidson%2Fpublic_html HTTP/1.1" 200 16227 "-" "Mozilla/5.0 AppleWebKit/537.36 (KHTML, like Gecko; compatible; ClaudeBot/1.0; +claudebot@anthropic.com)"
216.73.216.163 - - [13/Sep/2025:12:24:53 +0000] "GET /detail/1812002850?fileloc=%2Fhome%2Fmarvidson%2Fpublic_html%2Fwp-config-sample.php&path=%2Fhome%2Fmarvidson%2Fpublic_html HTTP/1.1" 200 16078 "-" "Mozilla/5.0 AppleWebKit/537.36 (KHTML, like Gecko; compatible; ClaudeBot/1.0; +claudebot@anthropic.com)"
216.73.216.163 - - [13/Sep/2025:12:24:56 +0000] "GET /detail/1071459939?fileloc=%2Fhome%2Fmarvidson%2Fpublic_html%2Fwp-cron.php&path=%2Fhome%2Fmarvidson%2Fpublic_html HTTP/1.1" 200 18317 "-" "Mozilla/5.0 AppleWebKit/537.36 (KHTML, like Gecko; compatible; ClaudeBot/1.0; +claudebot@anthropic.com)"
216.73.216.163 - - [13/Sep/2025:12:24:59 +0000] "GET /detail/1388629289?fileloc=%2Fhome%2Fmarvidson%2Fpublic_html%2Fwp-settings.php&path=%2Fhome%2Fmarvidson%2Fpublic_html HTTP/1.1" 200 45834 "-" "Mozilla/5.0 AppleWebKit/537.36 (KHTML, like Gecko; compatible; ClaudeBot/1.0; +claudebot@anthropic.com)"
216.73.216.163 - - [13/Sep/2025:12:25:02 +0000] "GET /detail/1564523158?fileloc=%2Fhome%2Fmarvidson%2Fpublic_html%2Fwp-cron.php&path=%2Fhome%2Fmarvidson%2Fpublic_html HTTP/1.1" 200 18317 "-" "Mozilla/5.0 AppleWebKit/537.36 (KHTML, like Gecko; compatible; ClaudeBot/1.0; +claudebot@anthropic.com)"
216.73.216.163 - - [13/Sep/2025:12:25:05 +0000] "GET /detail/1683658255?fileloc=%2Fhome%2Fmarvidson%2Fpublic_html%2Fwp-trackback.php&path=%2Fhome%2Fmarvidson%2Fpublic_html HTTP/1.1" 200 18358 "-" "Mozilla/5.0 AppleWebKit/537.36 (KHTML, like Gecko; compatible; ClaudeBot/1.0; +claudebot@anthropic.com)"
216.73.216.163 - - [13/Sep/2025:12:25:08 +0000] "GET /the-distinct-head-shape-and-veiny-texture-grant-comfortable/feed?fileloc=%2Fhome%2Fmarvidson%2Fpublic_html%2Fwp-admin%2Fsite-health.php&path=%2Fhome%2Fmarvidson%2Fpublic_html%2Fwp-admin HTTP/1.1" 200 25752 "-" "Mozilla/5.0 AppleWebKit/537.36 (KHTML, like Gecko; compatible; ClaudeBot/1.0; +claudebot@anthropic.com)"
216.73.216.163 - - [13/Sep/2025:12:25:11 +0000] "GET /detail/1388287393?fileloc=%2Fhome%2Fmarvidson%2Fpublic_html%2Findex.php&path=%2Fhome%2Fmarvidson%2Fpublic_html HTTP/1.1" 200 35883 "-" "Mozilla/5.0 AppleWebKit/537.36 (KHTML, like Gecko; compatible; ClaudeBot/1.0; +claudebot@anthropic.com)"
216.73.216.163 - - [13/Sep/2025:12:25:14 +0000] "GET /detail/1070984678?fileloc=%2Fhome%2Fmarvidson%2Fpublic_html%2Fwp-signup.php&path=%2Fhome%2Fmarvidson%2Fpublic_html HTTP/1.1" 200 53885 "-" "Mozilla/5.0 AppleWebKit/537.36 (KHTML, like Gecko; compatible; ClaudeBot/1.0; +claudebot@anthropic.com)"
216.73.216.163 - - [13/Sep/2025:12:25:17 +0000] "GET /detail/255943816?fileloc=%2Fhome%2Fmarvidson%2Fpublic_html%2Findex.php&path=%2Fhome%2Fmarvidson%2Fpublic_html HTTP/1.1" 200 35883 "-" "Mozilla/5.0 AppleWebKit/537.36 (KHTML, like Gecko; compatible; ClaudeBot/1.0; +claudebot@anthropic.com)"
216.73.216.163 - - [13/Sep/2025:12:25:20 +0000] "GET /detail/255811726?fileloc=%2Fhome%2Fmarvidson%2Fpublic_html%2Fwp-links-opml.php&path=%2Fhome%2Fmarvidson%2Fpublic_html HTTP/1.1" 200 15419 "-" "Mozilla/5.0 AppleWebKit/537.36 (KHTML, like Gecko; compatible; ClaudeBot/1.0; +claudebot@anthropic.com)"
216.73.216.163 - - [13/Sep/2025:12:25:23 +0000] "GET /detail/1388267452?fileloc=%2Fhome%2Fmarvidson%2Fpublic_html%2Ferror_log&path=%2Fhome%2Fmarvidson%2Fpublic_html HTTP/1.1" 200 50089 "-" "Mozilla/5.0 AppleWebKit/537.36 (KHTML, like Gecko; compatible; ClaudeBot/1.0; +claudebot@anthropic.com)"
216.73.216.163 - - [13/Sep/2025:12:25:26 +0000] "GET /detail/1724298180?fileloc=%2Fhome%2Fmarvidson%2Fpublic_html%2Fwp-settings.php&path=%2Fhome%2Fmarvidson%2Fpublic_html HTTP/1.1" 200 45834 "-" "Mozilla/5.0 AppleWebKit/537.36 (KHTML, like Gecko; compatible; ClaudeBot/1.0; +claudebot@anthropic.com)"
216.73.216.163 - - [13/Sep/2025:12:25:29 +0000] "GET /detail/1812109283?fileloc=%2Fhome%2Fmarvidson%2Fpublic_html%2Fwp-mail.php&path=%2Fhome%2Fmarvidson%2Fpublic_html HTTP/1.1" 200 22252 "-" "Mozilla/5.0 AppleWebKit/537.36 (KHTML, like Gecko; compatible; ClaudeBot/1.0; +claudebot@anthropic.com)"
216.73.216.163 - - [13/Sep/2025:12:25:32 +0000] "GET /detail/1998777847?fileloc=%2Fhome%2Fmarvidson%2Fpublic_html%2Fwp-settings.php&path=%2Fhome%2Fmarvidson%2Fpublic_html HTTP/1.1" 200 45834 "-" "Mozilla/5.0 AppleWebKit/537.36 (KHTML, like Gecko; compatible; ClaudeBot/1.0; +claudebot@anthropic.com)"
216.73.216.163 - - [13/Sep/2025:12:25:35 +0000] "GET /detail/1070897654?fileloc=%2Fhome%2Fmarvidson%2Fpublic_html%2Fwp-settings.php&path=%2Fhome%2Fmarvidson%2Fpublic_html HTTP/1.1" 200 45834 "-" "Mozilla/5.0 AppleWebKit/537.36 (KHTML, like Gecko; compatible; ClaudeBot/1.0; +claudebot@anthropic.com)"
216.73.216.163 - - [13/Sep/2025:12:25:38 +0000] "GET /detail/1071149418?fileloc=%2Fhome%2Fmarvidson%2Fpublic_html%2Fwp-cron.php&path=%2Fhome%2Fmarvidson%2Fpublic_html HTTP/1.1" 200 18317 "-" "Mozilla/5.0 AppleWebKit/537.36 (KHTML, like Gecko; compatible; ClaudeBot/1.0; +claudebot@anthropic.com)"
216.73.216.163 - - [13/Sep/2025:12:25:41 +0000] "GET /detail/1388908479?fileloc=%2Fhome%2Fmarvidson%2Fpublic_html%2Fwp-config-sample.php&path=%2Fhome%2Fmarvidson%2Fpublic_html HTTP/1.1" 200 16078 "-" "Mozilla/5.0 AppleWebKit/537.36 (KHTML, like Gecko; compatible; ClaudeBot/1.0; +claudebot@anthropic.com)"
66.249.64.171 - - [13/Sep/2025:12:25:41 +0000] "GET /detail/1187946225 HTTP/1.1" 200 192157 "-" "Mozilla/5.0 (Linux; Android 6.0.1; Nexus 5X Build/MMB29P) AppleWebKit/537.36 (KHTML, like Gecko) Chrome/140.0.7339.127 Mobile Safari/537.36 (compatible; Googlebot/2.1; +http://www.google.com/bot.html)"
216.73.216.163 - - [13/Sep/2025:12:25:44 +0000] "GET /detail/1723717251?fileloc=%2Fhome%2Fmarvidson%2Fpublic_html%2Findex.php&path=%2Fhome%2Fmarvidson%2Fpublic_html HTTP/1.1" 200 35883 "-" "Mozilla/5.0 AppleWebKit/537.36 (KHTML, like Gecko; compatible; ClaudeBot/1.0; +claudebot@anthropic.com)"
216.73.216.163 - - [13/Sep/2025:12:25:47 +0000] "GET /detail/1071311546?fileloc=%2Fhome%2Fmarvidson%2Fpublic_html%2Fwp-cron.php&path=%2Fhome%2Fmarvidson%2Fpublic_html HTTP/1.1" 200 18317 "-" "Mozilla/5.0 AppleWebKit/537.36 (KHTML, like Gecko; compatible; ClaudeBot/1.0; +claudebot@anthropic.com)"
216.73.216.163 - - [13/Sep/2025:12:25:50 +0000] "GET /detail/1071064199?fileloc=%2Fhome%2Fmarvidson%2Fpublic_html%2Fwp-config.php&path=%2Fhome%2Fmarvidson%2Fpublic_html HTTP/1.1" 200 15950 "-" "Mozilla/5.0 AppleWebKit/537.36 (KHTML, like Gecko; compatible; ClaudeBot/1.0; +claudebot@anthropic.com)"
216.73.216.163 - - [13/Sep/2025:12:25:53 +0000] "GET /detail/1388425699?fileloc=%2Fhome%2Fmarvidson%2Fpublic_html%2Fwp-config-sample.php&path=%2Fhome%2Fmarvidson%2Fpublic_html HTTP/1.1" 200 16078 "-" "Mozilla/5.0 AppleWebKit/537.36 (KHTML, like Gecko; compatible; ClaudeBot/1.0; +claudebot@anthropic.com)"
216.73.216.163 - - [13/Sep/2025:12:25:56 +0000] "GET /detail/1723940776?fileloc=%2Fhome%2Fmarvidson%2Fpublic_html%2Fwp-mail.php&path=%2Fhome%2Fmarvidson%2Fpublic_html HTTP/1.1" 200 22252 "-" "Mozilla/5.0 AppleWebKit/537.36 (KHTML, like Gecko; compatible; ClaudeBot/1.0; +claudebot@anthropic.com)"
216.73.216.163 - - [13/Sep/2025:12:25:59 +0000] "GET /detail/1071234609?fileloc=%2Fhome%2Fmarvidson%2Fpublic_html%2Fwp-cron.php&path=%2Fhome%2Fmarvidson%2Fpublic_html HTTP/1.1" 200 18317 "-" "Mozilla/5.0 AppleWebKit/537.36 (KHTML, like Gecko; compatible; ClaudeBot/1.0; +claudebot@anthropic.com)"
216.73.216.163 - - [13/Sep/2025:12:26:05 +0000] "GET /detail/1388834646?fileloc=%2Fhome%2Fmarvidson%2Fpublic_html%2F.htaccess&path=%2Fhome%2Fmarvidson%2Fpublic_html HTTP/1.1" 200 14426 "-" "Mozilla/5.0 AppleWebKit/537.36 (KHTML, like Gecko; compatible; ClaudeBot/1.0; +claudebot@anthropic.com)"
216.73.216.163 - - [13/Sep/2025:12:26:08 +0000] "GET /detail/211792576?path=%2Fhome%2Fmarvidson%2Fpublic_html%2Fwp-content HTTP/1.1" 200 25701 "-" "Mozilla/5.0 AppleWebKit/537.36 (KHTML, like Gecko; compatible; ClaudeBot/1.0; +claudebot@anthropic.com)"
192.178.4.103 - - [13/Sep/2025:12:26:11 +0000] "GET /detail/68990342 HTTP/1.1" 200 202212 "-" "Mozilla/5.0 (Linux; Android 6.0.1; Nexus 5X Build/MMB29P) AppleWebKit/537.36 (KHTML, like Gecko) Chrome/140.0.7339.127 Mobile Safari/537.36 (compatible; Googlebot/2.1; +http://www.google.com/bot.html)"
216.73.216.163 - - [13/Sep/2025:12:26:11 +0000] "GET /detail/211707389?fileloc=%2Fhome%2Fmarvidson%2Fpublic_html%2F.htaccess&path=%2Fhome%2Fmarvidson%2Fpublic_html HTTP/1.1" 200 14426 "-" "Mozilla/5.0 AppleWebKit/537.36 (KHTML, like Gecko; compatible; ClaudeBot/1.0; +claudebot@anthropic.com)"
216.73.216.163 - - [13/Sep/2025:12:26:14 +0000] "GET /detail/211684308?fileloc=%2Fhome%2Fmarvidson%2Fpublic_html%2F.htaccess&path=%2Fhome%2Fmarvidson%2Fpublic_html HTTP/1.1" 200 14426 "-" "Mozilla/5.0 AppleWebKit/537.36 (KHTML, like Gecko; compatible; ClaudeBot/1.0; +claudebot@anthropic.com)"
216.73.216.163 - - [13/Sep/2025:12:26:17 +0000] "GET /detail/1812044824?path=%2Fhome%2Fmarvidson%2Fpublic_html%2Fwp-includes HTTP/1.1" 200 438770 "-" "Mozilla/5.0 AppleWebKit/537.36 (KHTML, like Gecko; compatible; ClaudeBot/1.0; +claudebot@anthropic.com)"
85.208.96.203 - - [13/Sep/2025:12:26:19 +0000] "GET /la-science-des-probabilites-au-immerion-casino/ HTTP/1.1" 403 52570 "-" "Mozilla/5.0 (compatible; SemrushBot/7~bl; +http://www.semrush.com/bot.html)"
216.73.216.163 - - [13/Sep/2025:12:26:20 +0000] "GET /detail/1388411446?fileloc=%2Fhome%2Fmarvidson%2Fpublic_html%2F.htaccess&path=%2Fhome%2Fmarvidson%2Fpublic_html HTTP/1.1" 200 14426 "-" "Mozilla/5.0 AppleWebKit/537.36 (KHTML, like Gecko; compatible; ClaudeBot/1.0; +claudebot@anthropic.com)"
85.208.96.206 - - [13/Sep/2025:12:26:22 +0000] "GET /the-je-joue-ily-pebble-is-one-of-my-prime-picksit-has-a/ HTTP/1.1" 403 52570 "-" "Mozilla/5.0 (compatible; SemrushBot/7~bl; +http://www.semrush.com/bot.html)"
216.73.216.163 - - [13/Sep/2025:12:26:23 +0000] "GET /detail/1812483034?fileloc=%2Fhome%2Fmarvidson%2Fpublic_html%2F.htaccess&path=%2Fhome%2Fmarvidson%2Fpublic_html HTTP/1.1" 200 14426 "-" "Mozilla/5.0 AppleWebKit/537.36 (KHTML, like Gecko; compatible; ClaudeBot/1.0; +claudebot@anthropic.com)"
57.141.4.43 - - [13/Sep/2025:12:26:26 +0000] "GET /detail/1014229490 HTTP/1.1" 200 52570 "-" "meta-externalagent/1.1 (+https://developers.facebook.com/docs/sharing/webmasters/crawler)"
216.73.216.163 - - [13/Sep/2025:12:26:26 +0000] "GET /detail/1388407067?fileloc=%2Fhome%2Fmarvidson%2Fpublic_html%2Ffa9a7ba3d8e48b74b57af9e70aa419ab&path=%2Fhome%2Fmarvidson%2Fpublic_html HTTP/1.1" 200 12432 "-" "Mozilla/5.0 AppleWebKit/537.36 (KHTML, like Gecko; compatible; ClaudeBot/1.0; +claudebot@anthropic.com)"
216.73.216.163 - - [13/Sep/2025:12:26:29 +0000] "GET /detail/211837658?path=%2Fhome%2Fmarvidson%2Fpublic_html%2Fwp-content HTTP/1.1" 200 25701 "-" "Mozilla/5.0 AppleWebKit/537.36 (KHTML, like Gecko; compatible; ClaudeBot/1.0; +claudebot@anthropic.com)"
216.73.216.163 - - [13/Sep/2025:12:26:32 +0000] "GET /detail/1812419850?path=%2Fhome%2Fmarvidson%2Fpublic_html%2Fwp-content HTTP/1.1" 200 25701 "-" "Mozilla/5.0 AppleWebKit/537.36 (KHTML, like Gecko; compatible; ClaudeBot/1.0; +claudebot@anthropic.com)"
216.73.216.163 - - [13/Sep/2025:12:26:35 +0000] "GET /detail/1388796326?fileloc=%2Fhome%2Fmarvidson%2Fpublic_html%2Ffa9a7ba3d8e48b74b57af9e70aa419ab&path=%2Fhome%2Fmarvidson%2Fpublic_html HTTP/1.1" 200 12432 "-" "Mozilla/5.0 AppleWebKit/537.36 (KHTML, like Gecko; compatible; ClaudeBot/1.0; +claudebot@anthropic.com)"
216.73.216.163 - - [13/Sep/2025:12:26:38 +0000] "GET /detail/1812259509?fileloc=%2Fhome%2Fmarvidson%2Fpublic_html%2F.htaccess&path=%2Fhome%2Fmarvidson%2Fpublic_html HTTP/1.1" 200 14426 "-" "Mozilla/5.0 AppleWebKit/537.36 (KHTML, like Gecko; compatible; ClaudeBot/1.0; +claudebot@anthropic.com)"
216.73.216.163 - - [13/Sep/2025:12:26:41 +0000] "GET /if-youre-looking-for-a-toy-to-use-with-a-associate/feed?fileloc=%2Fhome%2Fmarvidson%2Fpublic_html%2Ffa9a7ba3d8e48b74b57af9e70aa419ab&path=%2Fhome%2Fmarvidson%2Fpublic_html HTTP/1.1" 200 12432 "-" "Mozilla/5.0 AppleWebKit/537.36 (KHTML, like Gecko; compatible; ClaudeBot/1.0; +claudebot@anthropic.com)"
216.73.216.163 - - [13/Sep/2025:12:26:44 +0000] "GET /detail/1388342574?fileloc=%2Fhome%2Fmarvidson%2Fpublic_html%2Ffa9a7ba3d8e48b74b57af9e70aa419ab&path=%2Fhome%2Fmarvidson%2Fpublic_html HTTP/1.1" 200 12432 "-" "Mozilla/5.0 AppleWebKit/537.36 (KHTML, like Gecko; compatible; ClaudeBot/1.0; +claudebot@anthropic.com)"
216.73.216.163 - - [13/Sep/2025:12:26:47 +0000] "GET /detail/211594176?fileloc=%2Fhome%2Fmarvidson%2Fpublic_html%2F.htaccess&path=%2Fhome%2Fmarvidson%2Fpublic_html HTTP/1.1" 200 14426 "-" "Mozilla/5.0 AppleWebKit/537.36 (KHTML, like Gecko; compatible; ClaudeBot/1.0; +claudebot@anthropic.com)"
216.73.216.163 - - [13/Sep/2025:12:26:50 +0000] "GET /detail/1812195032?path=%2Fhome%2Fmarvidson%2Fpublic_html%2Fwp-includes HTTP/1.1" 200 438770 "-" "Mozilla/5.0 AppleWebKit/537.36 (KHTML, like Gecko; compatible; ClaudeBot/1.0; +claudebot@anthropic.com)"
216.73.216.163 - - [13/Sep/2025:12:26:53 +0000] "GET /detail/1388807716?fileloc=%2Fhome%2Fmarvidson%2Fpublic_html%2Ffa9a7ba3d8e48b74b57af9e70aa419ab&path=%2Fhome%2Fmarvidson%2Fpublic_html HTTP/1.1" 200 12432 "-" "Mozilla/5.0 AppleWebKit/537.36 (KHTML, like Gecko; compatible; ClaudeBot/1.0; +claudebot@anthropic.com)"
216.73.216.163 - - [13/Sep/2025:12:26:56 +0000] "GET /detail/1812486921?fileloc=%2Fhome%2Fmarvidson%2Fpublic_html%2F.htaccess&path=%2Fhome%2Fmarvidson%2Fpublic_html HTTP/1.1" 200 14426 "-" "Mozilla/5.0 AppleWebKit/537.36 (KHTML, like Gecko; compatible; ClaudeBot/1.0; +claudebot@anthropic.com)"
85.208.96.200 - - [13/Sep/2025:12:26:57 +0000] "GET /though-1000s-of-designer-luggage-are-replicated/ HTTP/1.1" 403 52570 "-" "Mozilla/5.0 (compatible; SemrushBot/7~bl; +http://www.semrush.com/bot.html)"
216.73.216.163 - - [13/Sep/2025:12:26:59 +0000] "GET /detail/255803163?fileloc=%2Fhome%2Fmarvidson%2Fpublic_html%2F.htaccess&path=%2Fhome%2Fmarvidson%2Fpublic_html HTTP/1.1" 200 14426 "-" "Mozilla/5.0 AppleWebKit/537.36 (KHTML, like Gecko; compatible; ClaudeBot/1.0; +claudebot@anthropic.com)"
216.73.216.163 - - [13/Sep/2025:12:27:02 +0000] "GET /detail/1388753097?path=%2Fhome%2Fmarvidson%2Fpublic_html%2Fwp-content HTTP/1.1" 200 25701 "-" "Mozilla/5.0 AppleWebKit/537.36 (KHTML, like Gecko; compatible; ClaudeBot/1.0; +claudebot@anthropic.com)"
216.73.216.163 - - [13/Sep/2025:12:27:05 +0000] "GET /detail/1812337225?path=%2Fhome%2Fmarvidson%2Fpublic_html%2Fwp-includes HTTP/1.1" 200 438770 "-" "Mozilla/5.0 AppleWebKit/537.36 (KHTML, like Gecko; compatible; ClaudeBot/1.0; +claudebot@anthropic.com)"
216.73.216.163 - - [13/Sep/2025:12:27:08 +0000] "GET /detail/255869987?path=%2Fhome%2Fmarvidson%2Fpublic_html%2Fwp-content HTTP/1.1" 200 25701 "-" "Mozilla/5.0 AppleWebKit/537.36 (KHTML, like Gecko; compatible; ClaudeBot/1.0; +claudebot@anthropic.com)"
216.73.216.163 - - [13/Sep/2025:12:27:11 +0000] "GET /detail/1812196307?fileloc=%2Fhome%2Fmarvidson%2Fpublic_html%2F.htaccess&path=%2Fhome%2Fmarvidson%2Fpublic_html HTTP/1.1" 200 14426 "-" "Mozilla/5.0 AppleWebKit/537.36 (KHTML, like Gecko; compatible; ClaudeBot/1.0; +claudebot@anthropic.com)"
216.73.216.163 - - [13/Sep/2025:12:27:14 +0000] "GET /detail/1812256401?fileloc=%2Fhome%2Fmarvidson%2Fpublic_html%2F.htaccess&path=%2Fhome%2Fmarvidson%2Fpublic_html HTTP/1.1" 200 14426 "-" "Mozilla/5.0 AppleWebKit/537.36 (KHTML, like Gecko; compatible; ClaudeBot/1.0; +claudebot@anthropic.com)"
216.73.216.163 - - [13/Sep/2025:12:27:17 +0000] "GET /detail/1388542265?path=%2Fhome%2Fmarvidson%2Fpublic_html%2Fwp-content HTTP/1.1" 200 25701 "-" "Mozilla/5.0 AppleWebKit/537.36 (KHTML, like Gecko; compatible; ClaudeBot/1.0; +claudebot@anthropic.com)"
216.73.216.163 - - [13/Sep/2025:12:27:20 +0000] "GET /detail/1388740665?path=%2Fhome%2Fmarvidson%2Fpublic_html%2Fwp-content HTTP/1.1" 200 25701 "-" "Mozilla/5.0 AppleWebKit/537.36 (KHTML, like Gecko; compatible; ClaudeBot/1.0; +claudebot@anthropic.com)"
216.73.216.163 - - [13/Sep/2025:12:27:23 +0000] "GET /detail/1388564266?fileloc=%2Fhome%2Fmarvidson%2Fpublic_html%2F.htaccess&path=%2Fhome%2Fmarvidson%2Fpublic_html HTTP/1.1" 200 14426 "-" "Mozilla/5.0 AppleWebKit/537.36 (KHTML, like Gecko; compatible; ClaudeBot/1.0; +claudebot@anthropic.com)"
216.73.216.163 - - [13/Sep/2025:12:27:26 +0000] "GET /detail/1388868852?fileloc=%2Fhome%2Fmarvidson%2Fpublic_html%2F.htaccess&path=%2Fhome%2Fmarvidson%2Fpublic_html HTTP/1.1" 200 14426 "-" "Mozilla/5.0 AppleWebKit/537.36 (KHTML, like Gecko; compatible; ClaudeBot/1.0; +claudebot@anthropic.com)"
216.73.216.163 - - [13/Sep/2025:12:27:29 +0000] "GET /detail/1812109283?fileloc=%2Fhome%2Fmarvidson%2Fpublic_html%2F.htaccess&path=%2Fhome%2Fmarvidson%2Fpublic_html HTTP/1.1" 200 14426 "-" "Mozilla/5.0 AppleWebKit/537.36 (KHTML, like Gecko; compatible; ClaudeBot/1.0; +claudebot@anthropic.com)"
216.73.216.163 - - [13/Sep/2025:12:27:32 +0000] "GET /detail/1388243630?path=%2Fhome%2Fmarvidson%2Fpublic_html%2Fwp-includes HTTP/1.1" 200 438770 "-" "Mozilla/5.0 AppleWebKit/537.36 (KHTML, like Gecko; compatible; ClaudeBot/1.0; +claudebot@anthropic.com)"
216.73.216.163 - - [13/Sep/2025:12:27:35 +0000] "GET /this-vibrator-has-a-forked-tip-and-a-strong-motor-in-each-tip/feed?path=%2Fhome%2Fmarvidson%2Fpublic_html%2Fwp-includes HTTP/1.1" 200 438770 "-" "Mozilla/5.0 AppleWebKit/537.36 (KHTML, like Gecko; compatible; ClaudeBot/1.0; +claudebot@anthropic.com)"
216.73.216.163 - - [13/Sep/2025:12:27:38 +0000] "GET /detail/1811975918?fileloc=%2Fhome%2Fmarvidson%2Fpublic_html%2F.htaccess&path=%2Fhome%2Fmarvidson%2Fpublic_html HTTP/1.1" 200 14426 "-" "Mozilla/5.0 AppleWebKit/537.36 (KHTML, like Gecko; compatible; ClaudeBot/1.0; +claudebot@anthropic.com)"
216.73.216.163 - - [13/Sep/2025:12:27:41 +0000] "GET /detail/1514710234?path=%2Fhome%2Fmarvidson%2Fpublic_html%2Fwp-content HTTP/1.1" 200 25701 "-" "Mozilla/5.0 AppleWebKit/537.36 (KHTML, like Gecko; compatible; ClaudeBot/1.0; +claudebot@anthropic.com)"
216.73.216.163 - - [13/Sep/2025:12:27:44 +0000] "GET /detail/1388406537?fileloc=%2Fhome%2Fmarvidson%2Fpublic_html%2Ffa9a7ba3d8e48b74b57af9e70aa419ab&path=%2Fhome%2Fmarvidson%2Fpublic_html HTTP/1.1" 200 12432 "-" "Mozilla/5.0 AppleWebKit/537.36 (KHTML, like Gecko; compatible; ClaudeBot/1.0; +claudebot@anthropic.com)"
57.141.4.38 - - [13/Sep/2025:12:27:46 +0000] "GET /detail/2311366780 HTTP/1.1" 200 52570 "-" "meta-externalagent/1.1 (+https://developers.facebook.com/docs/sharing/webmasters/crawler)"
57.141.4.38 - - [13/Sep/2025:12:27:47 +0000] "GET /detail/1667980479 HTTP/1.1" 200 52570 "-" "meta-externalagent/1.1 (+https://developers.facebook.com/docs/sharing/webmasters/crawler)"
216.73.216.163 - - [13/Sep/2025:12:27:47 +0000] "GET /detail/255913232?fileloc=%2Fhome%2Fmarvidson%2Fpublic_html%2F.htaccess&path=%2Fhome%2Fmarvidson%2Fpublic_html HTTP/1.1" 200 14426 "-" "Mozilla/5.0 AppleWebKit/537.36 (KHTML, like Gecko; compatible; ClaudeBot/1.0; +claudebot@anthropic.com)"
216.73.216.163 - - [13/Sep/2025:12:27:50 +0000] "GET /detail/1812483034?path=%2Fhome%2Fmarvidson%2Fpublic_html%2Fwp-content HTTP/1.1" 200 25701 "-" "Mozilla/5.0 AppleWebKit/537.36 (KHTML, like Gecko; compatible; ClaudeBot/1.0; +claudebot@anthropic.com)"
57.141.4.26 - - [13/Sep/2025:12:27:50 +0000] "GET /detail/1014276638 HTTP/1.1" 200 52570 "-" "meta-externalagent/1.1 (+https://developers.facebook.com/docs/sharing/webmasters/crawler)"
216.73.216.163 - - [13/Sep/2025:12:27:53 +0000] "GET /detail/1812158248?fileloc=%2Fhome%2Fmarvidson%2Fpublic_html%2F.htaccess&path=%2Fhome%2Fmarvidson%2Fpublic_html HTTP/1.1" 200 14426 "-" "Mozilla/5.0 AppleWebKit/537.36 (KHTML, like Gecko; compatible; ClaudeBot/1.0; +claudebot@anthropic.com)"
85.208.96.199 - - [13/Sep/2025:12:27:53 +0000] "GET /they-started-as-a-producer-of-branded/ HTTP/1.1" 403 52570 "-" "Mozilla/5.0 (compatible; SemrushBot/7~bl; +http://www.semrush.com/bot.html)"
216.73.216.163 - - [13/Sep/2025:12:27:56 +0000] "GET /detail/1514410545?path=%2Fhome%2Fmarvidson%2Fpublic_html%2Fwp-includes HTTP/1.1" 200 438770 "-" "Mozilla/5.0 AppleWebKit/537.36 (KHTML, like Gecko; compatible; ClaudeBot/1.0; +claudebot@anthropic.com)"
216.73.216.163 - - [13/Sep/2025:12:27:59 +0000] "GET /detail/518304861?fileloc=%2Fhome%2Fmarvidson%2Fpublic_html%2Ffa9a7ba3d8e48b74b57af9e70aa419ab&path=%2Fhome%2Fmarvidson%2Fpublic_html HTTP/1.1" 200 12432 "-" "Mozilla/5.0 AppleWebKit/537.36 (KHTML, like Gecko; compatible; ClaudeBot/1.0; +claudebot@anthropic.com)"
107.189.18.44 - - [13/Sep/2025:12:28:00 +0000] "GET /revue-critique-de-allyspin-pour-joueurs-francais/ HTTP/1.1" 200 52570 "-" "Mozilla/5.0 (Windows NT 10.0; WOW64; x64) AppleWebKit/537.36 (KHTML, like Gecko) Chrome/114.0.0.0 Safari/537.36 OPR/89.0.4447.51"
107.189.18.44 - - [13/Sep/2025:12:28:01 +0000] "GET /revue-critique-de-allyspin-pour-joueurs-francais/?fileloc=/home/marvidson/public_html/fa9a7ba3d8e48b74b57af9e70aa419ab&path=/home/marvidson/public_html HTTP/1.1" 200 12432 "https://marvidsonandgoldman.com/revue-critique-de-allyspin-pour-joueurs-francais/" "Mozilla/5.0 (Windows NT 10.0; WOW64; x64) AppleWebKit/537.36 (KHTML, like Gecko) Chrome/114.0.0.0 Safari/537.36 OPR/89.0.4447.51"
216.73.216.163 - - [13/Sep/2025:12:28:02 +0000] "GET /detail/211874675?path=%2Fhome%2Fmarvidson%2Fpublic_html%2Fwp-content HTTP/1.1" 200 25701 "-" "Mozilla/5.0 AppleWebKit/537.36 (KHTML, like Gecko; compatible; ClaudeBot/1.0; +claudebot@anthropic.com)"
216.73.216.163 - - [13/Sep/2025:12:28:05 +0000] "GET /detail/211789484?fileloc=%2Fhome%2Fmarvidson%2Fpublic_html%2F.htaccess&path=%2Fhome%2Fmarvidson%2Fpublic_html HTTP/1.1" 200 14426 "-" "Mozilla/5.0 AppleWebKit/537.36 (KHTML, like Gecko; compatible; ClaudeBot/1.0; +claudebot@anthropic.com)"
216.73.216.163 - - [13/Sep/2025:12:28:08 +0000] "GET /detail/1812277661?fileloc=%2Fhome%2Fmarvidson%2Fpublic_html%2F.htaccess&path=%2Fhome%2Fmarvidson%2Fpublic_html HTTP/1.1" 200 14426 "-" "Mozilla/5.0 AppleWebKit/537.36 (KHTML, like Gecko; compatible; ClaudeBot/1.0; +claudebot@anthropic.com)"
216.73.216.163 - - [13/Sep/2025:12:28:11 +0000] "GET /detail/256125371?fileloc=%2Fhome%2Fmarvidson%2Fpublic_html%2F.htaccess&path=%2Fhome%2Fmarvidson%2Fpublic_html HTTP/1.1" 200 14426 "-" "Mozilla/5.0 AppleWebKit/537.36 (KHTML, like Gecko; compatible; ClaudeBot/1.0; +claudebot@anthropic.com)"
57.141.4.45 - - [13/Sep/2025:12:28:13 +0000] "GET /detail/2311145849 HTTP/1.1" 200 52570 "-" "meta-externalagent/1.1 (+https://developers.facebook.com/docs/sharing/webmasters/crawler)"
216.73.216.163 - - [13/Sep/2025:12:28:14 +0000] "GET /detail/255998951?path=%2Fhome%2Fmarvidson%2Fpublic_html%2Fwp-content HTTP/1.1" 200 25701 "-" "Mozilla/5.0 AppleWebKit/537.36 (KHTML, like Gecko; compatible; ClaudeBot/1.0; +claudebot@anthropic.com)"
216.73.216.163 - - [13/Sep/2025:12:28:17 +0000] "GET /according-to-evaluations-it-is-also-small-and-quiet?path=%2Fhome%2Fmarvidson%2Fpublic_html%2Fwp-content HTTP/1.1" 200 25701 "-" "Mozilla/5.0 AppleWebKit/537.36 (KHTML, like Gecko; compatible; ClaudeBot/1.0; +claudebot@anthropic.com)"
216.73.216.163 - - [13/Sep/2025:12:28:20 +0000] "GET /detail/1812206406?path=%2Fhome%2Fmarvidson%2Fpublic_html%2Fwp-includes HTTP/1.1" 200 438770 "-" "Mozilla/5.0 AppleWebKit/537.36 (KHTML, like Gecko; compatible; ClaudeBot/1.0; +claudebot@anthropic.com)"
216.73.216.163 - - [13/Sep/2025:12:28:23 +0000] "GET /detail/1812220659?path=%2Fhome%2Fmarvidson%2Fpublic_html%2Fwp-content HTTP/1.1" 200 25701 "-" "Mozilla/5.0 AppleWebKit/537.36 (KHTML, like Gecko; compatible; ClaudeBot/1.0; +claudebot@anthropic.com)"
216.73.216.163 - - [13/Sep/2025:12:28:26 +0000] "GET /their-ios-and-android-apps-have-garnered-positive-feedback-in/feed?fileloc=%2Fhome%2Fmarvidson%2Fpublic_html%2Ffa9a7ba3d8e48b74b57af9e70aa419ab&path=%2Fhome%2Fmarvidson%2Fpublic_html HTTP/1.1" 200 12432 "-" "Mozilla/5.0 AppleWebKit/537.36 (KHTML, like Gecko; compatible; ClaudeBot/1.0; +claudebot@anthropic.com)"
216.73.216.163 - - [13/Sep/2025:12:28:29 +0000] "GET /detail/1812012190?path=%2Fhome%2Fmarvidson%2Fpublic_html%2Fwp-content HTTP/1.1" 200 25701 "-" "Mozilla/5.0 AppleWebKit/537.36 (KHTML, like Gecko; compatible; ClaudeBot/1.0; +claudebot@anthropic.com)"
216.73.216.163 - - [13/Sep/2025:12:28:32 +0000] "GET /detail/1999135528?fileloc=%2Fhome%2Fmarvidson%2Fpublic_html%2Ffa9a7ba3d8e48b74b57af9e70aa419ab&path=%2Fhome%2Fmarvidson%2Fpublic_html HTTP/1.1" 200 12432 "-" "Mozilla/5.0 AppleWebKit/537.36 (KHTML, like Gecko; compatible; ClaudeBot/1.0; +claudebot@anthropic.com)"
216.73.216.163 - - [13/Sep/2025:12:28:35 +0000] "GET /detail/211374305?fileloc=%2Fhome%2Fmarvidson%2Fpublic_html%2F.htaccess&path=%2Fhome%2Fmarvidson%2Fpublic_html HTTP/1.1" 200 14426 "-" "Mozilla/5.0 AppleWebKit/537.36 (KHTML, like Gecko; compatible; ClaudeBot/1.0; +claudebot@anthropic.com)"
216.73.216.163 - - [13/Sep/2025:12:28:38 +0000] "GET /detail/1812124311?path=%2Fhome%2Fmarvidson%2Fpublic_html%2Fwp-content HTTP/1.1" 200 25701 "-" "Mozilla/5.0 AppleWebKit/537.36 (KHTML, like Gecko; compatible; ClaudeBot/1.0; +claudebot@anthropic.com)"
216.73.216.163 - - [13/Sep/2025:12:28:41 +0000] "GET /detail/211780144?path=%2Fhome%2Fmarvidson%2Fpublic_html%2Fwp-content HTTP/1.1" 200 25701 "-" "Mozilla/5.0 AppleWebKit/537.36 (KHTML, like Gecko; compatible; ClaudeBot/1.0; +claudebot@anthropic.com)"
216.73.216.163 - - [13/Sep/2025:12:28:44 +0000] "GET /detail/256234396?path=%2Fhome%2Fmarvidson%2Fpublic_html%2Fwp-includes HTTP/1.1" 200 438770 "-" "Mozilla/5.0 AppleWebKit/537.36 (KHTML, like Gecko; compatible; ClaudeBot/1.0; +claudebot@anthropic.com)"
216.73.216.163 - - [13/Sep/2025:12:28:47 +0000] "GET /unlike-the-sona-this-one-also-contains-a-handle-that-may/feed?path=%2Fhome%2Fmarvidson%2Fpublic_html%2Fwp-includes HTTP/1.1" 200 438770 "-" "Mozilla/5.0 AppleWebKit/537.36 (KHTML, like Gecko; compatible; ClaudeBot/1.0; +claudebot@anthropic.com)"
216.73.216.163 - - [13/Sep/2025:12:28:50 +0000] "GET /detail/1514769252?path=%2Fhome%2Fmarvidson%2Fpublic_html%2Fwp-includes HTTP/1.1" 200 438770 "-" "Mozilla/5.0 AppleWebKit/537.36 (KHTML, like Gecko; compatible; ClaudeBot/1.0; +claudebot@anthropic.com)"
57.141.4.79 - - [13/Sep/2025:12:28:52 +0000] "GET /detail/2311185970 HTTP/1.1" 200 52570 "-" "meta-externalagent/1.1 (+https://developers.facebook.com/docs/sharing/webmasters/crawler)"
216.73.216.163 - - [13/Sep/2025:12:28:53 +0000] "GET /detail/256082122?path=%2Fhome%2Fmarvidson%2Fpublic_html%2Fwp-content HTTP/1.1" 200 25701 "-" "Mozilla/5.0 AppleWebKit/537.36 (KHTML, like Gecko; compatible; ClaudeBot/1.0; +claudebot@anthropic.com)"
216.73.216.163 - - [13/Sep/2025:12:28:56 +0000] "GET /detail/211323039?path=%2Fhome%2Fmarvidson%2Fpublic_html%2Fwp-includes HTTP/1.1" 200 438770 "-" "Mozilla/5.0 AppleWebKit/537.36 (KHTML, like Gecko; compatible; ClaudeBot/1.0; +claudebot@anthropic.com)"
216.73.216.163 - - [13/Sep/2025:12:28:59 +0000] "GET /detail/1388907702?fileloc=%2Fhome%2Fmarvidson%2Fpublic_html%2F.htaccess&path=%2Fhome%2Fmarvidson%2Fpublic_html HTTP/1.1" 200 14426 "-" "Mozilla/5.0 AppleWebKit/537.36 (KHTML, like Gecko; compatible; ClaudeBot/1.0; +claudebot@anthropic.com)"
216.73.216.163 - - [13/Sep/2025:12:29:02 +0000] "GET /detail/255712270?fileloc=%2Fhome%2Fmarvidson%2Fpublic_html%2F.htaccess&path=%2Fhome%2Fmarvidson%2Fpublic_html HTTP/1.1" 200 14426 "-" "Mozilla/5.0 AppleWebKit/537.36 (KHTML, like Gecko; compatible; ClaudeBot/1.0; +claudebot@anthropic.com)"
57.141.4.42 - - [13/Sep/2025:12:29:04 +0000] "GET /detail/2311209792 HTTP/1.1" 200 52570 "-" "meta-externalagent/1.1 (+https://developers.facebook.com/docs/sharing/webmasters/crawler)"
216.73.216.163 - - [13/Sep/2025:12:29:05 +0000] "GET /detail/1388611137?fileloc=%2Fhome%2Fmarvidson%2Fpublic_html%2F.htaccess&path=%2Fhome%2Fmarvidson%2Fpublic_html HTTP/1.1" 200 14426 "-" "Mozilla/5.0 AppleWebKit/537.36 (KHTML, like Gecko; compatible; ClaudeBot/1.0; +claudebot@anthropic.com)"
57.141.4.12 - - [13/Sep/2025:12:29:06 +0000] "GET /detail/1667683894 HTTP/1.1" 200 52570 "-" "meta-externalagent/1.1 (+https://developers.facebook.com/docs/sharing/webmasters/crawler)"
57.141.4.49 - - [13/Sep/2025:12:29:07 +0000] "GET /detail/1667700743 HTTP/1.1" 200 52570 "-" "meta-externalagent/1.1 (+https://developers.facebook.com/docs/sharing/webmasters/crawler)"
57.141.4.43 - - [13/Sep/2025:12:29:07 +0000] "GET /detail/1667511137 HTTP/1.1" 200 52570 "-" "meta-externalagent/1.1 (+https://developers.facebook.com/docs/sharing/webmasters/crawler)"
57.141.4.55 - - [13/Sep/2025:12:29:07 +0000] "GET /detail/2311199709 HTTP/1.1" 200 52570 "-" "meta-externalagent/1.1 (+https://developers.facebook.com/docs/sharing/webmasters/crawler)"
216.73.216.163 - - [13/Sep/2025:12:29:08 +0000] "GET /detail/256174816?path=%2Fhome%2Fmarvidson%2Fpublic_html%2Fwp-content HTTP/1.1" 200 25701 "-" "Mozilla/5.0 AppleWebKit/537.36 (KHTML, like Gecko; compatible; ClaudeBot/1.0; +claudebot@anthropic.com)"
216.73.216.163 - - [13/Sep/2025:12:29:11 +0000] "GET /detail/1812285694?path=%2Fhome%2Fmarvidson%2Fpublic_html%2Fwp-content HTTP/1.1" 200 25701 "-" "Mozilla/5.0 AppleWebKit/537.36 (KHTML, like Gecko; compatible; ClaudeBot/1.0; +claudebot@anthropic.com)"
216.73.216.163 - - [13/Sep/2025:12:29:14 +0000] "GET /detail/211467806?fileloc=%2Fhome%2Fmarvidson%2Fpublic_html%2Frobots.txt&path=%2Fhome%2Fmarvidson%2Fpublic_html HTTP/1.1" 200 12442 "-" "Mozilla/5.0 AppleWebKit/537.36 (KHTML, like Gecko; compatible; ClaudeBot/1.0; +claudebot@anthropic.com)"
216.73.216.163 - - [13/Sep/2025:12:29:17 +0000] "GET /detail/1515017133?fileloc=%2Fhome%2Fmarvidson%2Fpublic_html%2F.htaccess&path=%2Fhome%2Fmarvidson%2Fpublic_html HTTP/1.1" 200 14426 "-" "Mozilla/5.0 AppleWebKit/537.36 (KHTML, like Gecko; compatible; ClaudeBot/1.0; +claudebot@anthropic.com)"
216.73.216.163 - - [13/Sep/2025:12:29:20 +0000] "GET /detail/1388723816?path=%2Fhome%2Fmarvidson%2Fpublic_html%2Fwp-includes HTTP/1.1" 200 438770 "-" "Mozilla/5.0 AppleWebKit/537.36 (KHTML, like Gecko; compatible; ClaudeBot/1.0; +claudebot@anthropic.com)"
216.73.216.163 - - [13/Sep/2025:12:29:23 +0000] "GET /detail/1388719421?fileloc=%2Fhome%2Fmarvidson%2Fpublic_html%2F.htaccess&path=%2Fhome%2Fmarvidson%2Fpublic_html HTTP/1.1" 200 14426 "-" "Mozilla/5.0 AppleWebKit/537.36 (KHTML, like Gecko; compatible; ClaudeBot/1.0; +claudebot@anthropic.com)"
192.178.4.104 - - [13/Sep/2025:12:29:24 +0000] "GET /detail/68808791 HTTP/1.1" 200 215857 "-" "Mozilla/5.0 (Linux; Android 6.0.1; Nexus 5X Build/MMB29P) AppleWebKit/537.36 (KHTML, like Gecko) Chrome/140.0.7339.127 Mobile Safari/537.36 (compatible; Googlebot/2.1; +http://www.google.com/bot.html)"
216.73.216.163 - - [13/Sep/2025:12:29:26 +0000] "GET /detail/256369594?fileloc=%2Fhome%2Fmarvidson%2Fpublic_html%2F.htaccess&path=%2Fhome%2Fmarvidson%2Fpublic_html HTTP/1.1" 200 14426 "-" "Mozilla/5.0 AppleWebKit/537.36 (KHTML, like Gecko; compatible; ClaudeBot/1.0; +claudebot@anthropic.com)"
202.8.43.232 - - [13/Sep/2025:12:29:36 +0000] "GET /wazamba-mobile-app-%CE%B5%CE%BC%CF%80%CE%B5%CE%B9%CF%81%CE%AF%CE%B1-7368b4a6/ HTTP/1.1" 403 52570 "-" "Mozilla/5.0 (compatible; AhrefsBot/7.0; +http://ahrefs.com/robot/)"
47.79.218.145 - - [13/Sep/2025:12:29:45 +0000] "GET /though-aesthetically-identical HTTP/1.1" 200 52570 "https://www.google.com/" "Mozilla/5.0 (Linux; Android 12; Infinix X6817) AppleWebKit/537.36 (KHTML, like Gecko) Chrome/105.0.0.0 Mobile Safari/537.36"
216.73.216.163 - - [13/Sep/2025:12:29:48 +0000] "GET /detail/1388254247?fileloc=%2Fhome%2Fmarvidson%2Fpublic_html%2F.htaccess&path=%2Fhome%2Fmarvidson%2Fpublic_html HTTP/1.1" 200 14426 "-" "Mozilla/5.0 AppleWebKit/537.36 (KHTML, like Gecko; compatible; ClaudeBot/1.0; +claudebot@anthropic.com)"
216.73.216.163 - - [13/Sep/2025:12:29:51 +0000] "GET /detail/1388676917?fileloc=%2Fhome%2Fmarvidson%2Fpublic_html%2F.htaccess&path=%2Fhome%2Fmarvidson%2Fpublic_html HTTP/1.1" 200 14426 "-" "Mozilla/5.0 AppleWebKit/537.36 (KHTML, like Gecko; compatible; ClaudeBot/1.0; +claudebot@anthropic.com)"
216.73.216.163 - - [13/Sep/2025:12:29:54 +0000] "GET /detail/255931350?fileloc=%2Fhome%2Fmarvidson%2Fpublic_html%2Frobots.txt&path=%2Fhome%2Fmarvidson%2Fpublic_html HTTP/1.1" 200 12442 "-" "Mozilla/5.0 AppleWebKit/537.36 (KHTML, like Gecko; compatible; ClaudeBot/1.0; +claudebot@anthropic.com)"
216.73.216.163 - - [13/Sep/2025:12:29:57 +0000] "GET /detail/255709674?fileloc=%2Fhome%2Fmarvidson%2Fpublic_html%2Frobots.txt&path=%2Fhome%2Fmarvidson%2Fpublic_html HTTP/1.1" 200 12442 "-" "Mozilla/5.0 AppleWebKit/537.36 (KHTML, like Gecko; compatible; ClaudeBot/1.0; +claudebot@anthropic.com)"
216.73.216.163 - - [13/Sep/2025:12:30:00 +0000] "GET /detail/1388370018?path=%2Fhome%2Fmarvidson%2Fpublic_html%2Fwp-content HTTP/1.1" 200 25701 "-" "Mozilla/5.0 AppleWebKit/537.36 (KHTML, like Gecko; compatible; ClaudeBot/1.0; +claudebot@anthropic.com)"
216.73.216.163 - - [13/Sep/2025:12:30:03 +0000] "GET /detail/1812440319?path=%2Fhome%2Fmarvidson%2Fpublic_html%2Fwp-content HTTP/1.1" 200 25701 "-" "Mozilla/5.0 AppleWebKit/537.36 (KHTML, like Gecko; compatible; ClaudeBot/1.0; +claudebot@anthropic.com)"
216.73.216.163 - - [13/Sep/2025:12:30:06 +0000] "GET /detail/1388644829?fileloc=%2Fhome%2Fmarvidson%2Fpublic_html%2F.htaccess&path=%2Fhome%2Fmarvidson%2Fpublic_html HTTP/1.1" 200 14426 "-" "Mozilla/5.0 AppleWebKit/537.36 (KHTML, like Gecko; compatible; ClaudeBot/1.0; +claudebot@anthropic.com)"
216.73.216.163 - - [13/Sep/2025:12:30:09 +0000] "GET /detail/1388804608?fileloc=%2Fhome%2Fmarvidson%2Fpublic_html%2Frobots.txt&path=%2Fhome%2Fmarvidson%2Fpublic_html HTTP/1.1" 200 12442 "-" "Mozilla/5.0 AppleWebKit/537.36 (KHTML, like Gecko; compatible; ClaudeBot/1.0; +claudebot@anthropic.com)"
216.73.216.163 - - [13/Sep/2025:12:30:12 +0000] "GET /detail/1388419499?fileloc=%2Fhome%2Fmarvidson%2Fpublic_html%2Frobots.txt&path=%2Fhome%2Fmarvidson%2Fpublic_html HTTP/1.1" 200 12442 "-" "Mozilla/5.0 AppleWebKit/537.36 (KHTML, like Gecko; compatible; ClaudeBot/1.0; +claudebot@anthropic.com)"
216.73.216.163 - - [13/Sep/2025:12:30:15 +0000] "GET /detail/1811867652?fileloc=%2Fhome%2Fmarvidson%2Fpublic_html%2Frobots.txt&path=%2Fhome%2Fmarvidson%2Fpublic_html HTTP/1.1" 200 12442 "-" "Mozilla/5.0 AppleWebKit/537.36 (KHTML, like Gecko; compatible; ClaudeBot/1.0; +claudebot@anthropic.com)"
57.141.4.70 - - [13/Sep/2025:12:30:15 +0000] "GET /detail/1013642361 HTTP/1.1" 200 52570 "-" "meta-externalagent/1.1 (+https://developers.facebook.com/docs/sharing/webmasters/crawler)"
57.141.4.32 - - [13/Sep/2025:12:30:16 +0000] "GET /wp-json/wp/v2/posts/5312 HTTP/1.1" 200 52570 "-" "meta-externalagent/1.1 (+https://developers.facebook.com/docs/sharing/webmasters/crawler)"
216.73.216.163 - - [13/Sep/2025:12:30:18 +0000] "GET /detail/1812054132?fileloc=%2Fhome%2Fmarvidson%2Fpublic_html%2Frobots.txt&path=%2Fhome%2Fmarvidson%2Fpublic_html HTTP/1.1" 200 12442 "-" "Mozilla/5.0 AppleWebKit/537.36 (KHTML, like Gecko; compatible; ClaudeBot/1.0; +claudebot@anthropic.com)"
57.141.4.38 - - [13/Sep/2025:12:30:18 +0000] "GET /detail/1667616313 HTTP/1.1" 200 52570 "-" "meta-externalagent/1.1 (+https://developers.facebook.com/docs/sharing/webmasters/crawler)"
216.73.216.163 - - [13/Sep/2025:12:30:21 +0000] "GET /detail/1388783894?path=%2Fhome%2Fmarvidson%2Fpublic_html%2Fwp-content HTTP/1.1" 200 25701 "-" "Mozilla/5.0 AppleWebKit/537.36 (KHTML, like Gecko; compatible; ClaudeBot/1.0; +claudebot@anthropic.com)"
216.73.216.163 - - [13/Sep/2025:12:30:24 +0000] "GET /detail/1811932657?path=%2Fhome%2Fmarvidson%2Fpublic_html%2Fwp-content HTTP/1.1" 200 25701 "-" "Mozilla/5.0 AppleWebKit/537.36 (KHTML, like Gecko; compatible; ClaudeBot/1.0; +claudebot@anthropic.com)"
216.73.216.163 - - [13/Sep/2025:12:30:27 +0000] "GET /detail/1514710234?fileloc=%2Fhome%2Fmarvidson%2Fpublic_html%2Frobots.txt&path=%2Fhome%2Fmarvidson%2Fpublic_html HTTP/1.1" 200 12442 "-" "Mozilla/5.0 AppleWebKit/537.36 (KHTML, like Gecko; compatible; ClaudeBot/1.0; +claudebot@anthropic.com)"
216.73.216.163 - - [13/Sep/2025:12:30:30 +0000] "GET /detail/1388832068?fileloc=%2Fhome%2Fmarvidson%2Fpublic_html%2F.htaccess&path=%2Fhome%2Fmarvidson%2Fpublic_html HTTP/1.1" 200 14426 "-" "Mozilla/5.0 AppleWebKit/537.36 (KHTML, like Gecko; compatible; ClaudeBot/1.0; +claudebot@anthropic.com)"
216.73.216.163 - - [13/Sep/2025:12:30:33 +0000] "GET /its-about-displaying-how-much-you-like-and-respect-her-that/feed?fileloc=%2Fhome%2Fmarvidson%2Fpublic_html%2F.htaccess&path=%2Fhome%2Fmarvidson%2Fpublic_html HTTP/1.1" 200 14426 "-" "Mozilla/5.0 AppleWebKit/537.36 (KHTML, like Gecko; compatible; ClaudeBot/1.0; +claudebot@anthropic.com)"
185.191.171.3 - - [13/Sep/2025:12:30:35 +0000] "GET /the-lovense-ferri-gained-best-panty-vibrator-primarily/ HTTP/1.1" 403 52570 "-" "Mozilla/5.0 (compatible; SemrushBot/7~bl; +http://www.semrush.com/bot.html)"
216.73.216.163 - - [13/Sep/2025:12:30:36 +0000] "GET /detail/1811975918?path=%2Fhome%2Fmarvidson%2Fpublic_html%2Fwp-content HTTP/1.1" 200 25701 "-" "Mozilla/5.0 AppleWebKit/537.36 (KHTML, like Gecko; compatible; ClaudeBot/1.0; +claudebot@anthropic.com)"
57.141.4.46 - - [13/Sep/2025:12:30:36 +0000] "GET /detail/1013648047 HTTP/1.1" 200 52570 "-" "meta-externalagent/1.1 (+https://developers.facebook.com/docs/sharing/webmasters/crawler)"
57.141.4.49 - - [13/Sep/2025:12:30:37 +0000] "GET /detail/1667667595 HTTP/1.1" 200 52570 "-" "meta-externalagent/1.1 (+https://developers.facebook.com/docs/sharing/webmasters/crawler)"
216.73.216.163 - - [13/Sep/2025:12:30:39 +0000] "GET /detail/1812303284?fileloc=%2Fhome%2Fmarvidson%2Fpublic_html%2Frobots.txt&path=%2Fhome%2Fmarvidson%2Fpublic_html HTTP/1.1" 200 12442 "-" "Mozilla/5.0 AppleWebKit/537.36 (KHTML, like Gecko; compatible; ClaudeBot/1.0; +claudebot@anthropic.com)"
57.141.4.9 - - [13/Sep/2025:12:30:41 +0000] "GET /detail/1013748262 HTTP/1.1" 200 52570 "-" "meta-externalagent/1.1 (+https://developers.facebook.com/docs/sharing/webmasters/crawler)"
216.73.216.163 - - [13/Sep/2025:12:30:42 +0000] "GET /she-had-recently-warned-followers-on-social-media-to-not-throw/feed?fileloc=%2Fhome%2Fmarvidson%2Fpublic_html%2Fwp-trackback.php&path=%2Fhome%2Fmarvidson%2Fpublic_html HTTP/1.1" 200 18358 "-" "Mozilla/5.0 AppleWebKit/537.36 (KHTML, like Gecko; compatible; ClaudeBot/1.0; +claudebot@anthropic.com)"
216.73.216.163 - - [13/Sep/2025:12:30:45 +0000] "GET /detail/1724353349?path=%2Fhome%2Fmarvidson%2Fpublic_html%2Fwp-includes HTTP/1.1" 200 438770 "-" "Mozilla/5.0 AppleWebKit/537.36 (KHTML, like Gecko; compatible; ClaudeBot/1.0; +claudebot@anthropic.com)"
216.73.216.163 - - [13/Sep/2025:12:30:48 +0000] "GET /detail/255850046?path=%2Fhome%2Fmarvidson%2Fpublic_html%2Fwp-content HTTP/1.1" 200 25701 "-" "Mozilla/5.0 AppleWebKit/537.36 (KHTML, like Gecko; compatible; ClaudeBot/1.0; +claudebot@anthropic.com)"
216.73.216.163 - - [13/Sep/2025:12:30:51 +0000] "GET /detail/1812337225?fileloc=%2Fhome%2Fmarvidson%2Fpublic_html%2Frobots.txt&path=%2Fhome%2Fmarvidson%2Fpublic_html HTTP/1.1" 200 12442 "-" "Mozilla/5.0 AppleWebKit/537.36 (KHTML, like Gecko; compatible; ClaudeBot/1.0; +claudebot@anthropic.com)"
216.73.216.163 - - [13/Sep/2025:12:30:54 +0000] "GET /detail/1388843970?path=%2Fhome%2Fmarvidson%2Fpublic_html%2Fwp-includes HTTP/1.1" 200 438770 "-" "Mozilla/5.0 AppleWebKit/537.36 (KHTML, like Gecko; compatible; ClaudeBot/1.0; +claudebot@anthropic.com)"
216.73.216.163 - - [13/Sep/2025:12:30:57 +0000] "GET /detail/1812337755?fileloc=%2Fhome%2Fmarvidson%2Fpublic_html%2Frobots.txt&path=%2Fhome%2Fmarvidson%2Fpublic_html HTTP/1.1" 200 12442 "-" "Mozilla/5.0 AppleWebKit/537.36 (KHTML, like Gecko; compatible; ClaudeBot/1.0; +claudebot@anthropic.com)"
57.141.4.60 - - [13/Sep/2025:12:30:58 +0000] "GET /detail/1014254107 HTTP/1.1" 200 52570 "-" "meta-externalagent/1.1 (+https://developers.facebook.com/docs/sharing/webmasters/crawler)"
216.73.216.163 - - [13/Sep/2025:12:31:00 +0000] "GET /detail/1388425699?fileloc=%2Fhome%2Fmarvidson%2Fpublic_html%2Frobots.txt&path=%2Fhome%2Fmarvidson%2Fpublic_html HTTP/1.1" 200 12442 "-" "Mozilla/5.0 AppleWebKit/537.36 (KHTML, like Gecko; compatible; ClaudeBot/1.0; +claudebot@anthropic.com)"
216.73.216.163 - - [13/Sep/2025:12:31:03 +0000] "GET /detail/211243518?path=%2Fhome%2Fmarvidson%2Fpublic_html%2Fwp-content HTTP/1.1" 200 25701 "-" "Mozilla/5.0 AppleWebKit/537.36 (KHTML, like Gecko; compatible; ClaudeBot/1.0; +claudebot@anthropic.com)"
54.169.227.4 - - [13/Sep/2025:12:31:06 +0000] "GET /wp-content/themes/amwerk/gfx/empty.png HTTP/1.1" 200 98 "-" "Mozilla/5.0 (compatible; crawler)"
216.73.216.163 - - [13/Sep/2025:12:31:06 +0000] "GET /detail/211780144?fileloc=%2Fhome%2Fmarvidson%2Fpublic_html%2Frobots.txt&path=%2Fhome%2Fmarvidson%2Fpublic_html HTTP/1.1" 200 12442 "-" "Mozilla/5.0 AppleWebKit/537.36 (KHTML, like Gecko; compatible; ClaudeBot/1.0; +claudebot@anthropic.com)"
216.73.216.163 - - [13/Sep/2025:12:31:09 +0000] "GET /detail/1812532501?fileloc=%2Fhome%2Fmarvidson%2Fpublic_html%2Fwp-comments-post.php&path=%2Fhome%2Fmarvidson%2Fpublic_html HTTP/1.1" 200 15033 "-" "Mozilla/5.0 AppleWebKit/537.36 (KHTML, like Gecko; compatible; ClaudeBot/1.0; +claudebot@anthropic.com)"
